{"id":512,"date":"2017-10-23T15:49:47","date_gmt":"2017-10-23T13:49:47","guid":{"rendered":"https:\/\/www.pnl.ch\/college-coach\/?page_id=512"},"modified":"2024-03-27T16:28:20","modified_gmt":"2024-03-27T15:28:20","slug":"soirees-information-gratuites","status":"publish","type":"page","link":"https:\/\/www.pnl.ch\/college-coach\/soirees-information-gratuites\/","title":{"rendered":"Soir\u00e9es d&rsquo;information gratuites"},"content":{"rendered":"<div class=\"wpb-content-wrapper\"><p>[vc_row][vc_column width=\u00a0\u00bb2\/12&Prime;][vc_single_image image=\u00a0\u00bb572&Prime; img_size=\u00a0\u00bbfull\u00a0\u00bb css_animation=\u00a0\u00bbzoomIn\u00a0\u00bb][\/vc_column][vc_column width=\u00a0\u00bb7\/12&Prime; css=\u00a0\u00bb.vc_custom_1511797261188{padding-left: 50px !important;}\u00a0\u00bb][vc_column_text]<\/p>\n<h3 style=\"margin-top: 0; margin-bottom: 10px;\">Devenir coach professionnel<\/h3>\n<p style=\"margin-top: 0;\"><strong>Les rendez-vous pour toutes les personnes qui souhaitent en savoir plus sur comment devenir coach professionnel<\/strong><\/p>\n<p>Les soir\u00e9es d\u2019information gratuites \u00ab\u202fDevenir coach professionnel\u202f\u00bb sont des rendez-vous adress\u00e9s \u00e0 toutes les personnes qui souhaitent en savoir plus sur comment devenir coach professionnel.[\/vc_column_text][\/vc_column][vc_column width=\u00a0\u00bb3\/12&Prime; css=\u00a0\u00bb.vc_custom_1496694772613{padding-top: 45px !important;}\u00a0\u00bb][vc_btn title=\u00a0\u00bbEn savoir plus\u00a0\u00bb shape=\u00a0\u00bbround\u00a0\u00bb color=\u00a0\u00bbwarning\u00a0\u00bb align=\u00a0\u00bbright\u00a0\u00bb i_align=\u00a0\u00bbright\u00a0\u00bb i_icon_fontawesome=\u00a0\u00bb\u00a0\u00bb css_animation=\u00a0\u00bbzoomIn\u00a0\u00bb add_icon=\u00a0\u00bbtrue\u00a0\u00bb link=\u00a0\u00bburl:https%3A%2F%2Fwww.pnl.ch%2Fcollege-coach%2Fsoiree-de-presentation-devenir-coach-professionnel%2F|||\u00a0\u00bb][\/vc_column][\/vc_row]<\/p>\n<\/div>","protected":false},"excerpt":{"rendered":"<p>[vc_row][vc_column width=\u00a0\u00bb2\/12&Prime;][vc_single_image image=\u00a0\u00bb572&Prime; img_size=\u00a0\u00bbfull\u00a0\u00bb css_animation=\u00a0\u00bbzoomIn\u00a0\u00bb][\/vc_column][vc_column width=\u00a0\u00bb7\/12&Prime; css=\u00a0\u00bb.vc_custom_1511797261188{padding-left: 50px !important;}\u00a0\u00bb][vc_column_text] Devenir coach professionnel Les rendez-vous pour toutes les personnes qui souhaitent en savoir plus sur comment devenir coach professionnel Les soir\u00e9es d\u2019information gratuites \u00ab\u202fDevenir coach professionnel\u202f\u00bb sont des rendez-vous adress\u00e9s \u00e0 toutes les personnes qui souhaitent en savoir plus sur comment devenir coach professionnel.[\/vc_column_text][\/vc_column][vc_column width=\u00a0\u00bb3\/12&Prime; css=\u00a0\u00bb.vc_custom_1496694772613{padding-top:&hellip;<\/p>\n","protected":false},"author":1,"featured_media":0,"parent":0,"menu_order":3,"comment_status":"closed","ping_status":"closed","template":"","meta":{"_acf_changed":false,"footnotes":""},"class_list":["post-512","page","type-page","status-publish","hentry","description-off"],"acf":[],"yoast_head":"<!-- This site is optimized with the Yoast SEO Premium plugin v27.4 (Yoast SEO v27.4) - https:\/\/yoast.com\/product\/yoast-seo-premium-wordpress\/ -->\n<title>Soir\u00e9es d&#039;information sur le coaching \u00e0 Lausanne | Coll\u00e8ge Coach<\/title>\n<meta name=\"description\" content=\"Soir\u00e9es d\u2019information sur le coaching gratuites pour rencontrer l\u2019assesseur r\u00e9f\u00e9rant coach principal (ARCP) et de lui poser toutes vos questions\u2026\" \/>\n<meta name=\"robots\" content=\"index, follow, max-snippet:-1, max-image-preview:large, max-video-preview:-1\" \/>\n<link rel=\"canonical\" href=\"https:\/\/www.pnl.ch\/college-coach\/soirees-information-gratuites\/\" \/>\n<meta property=\"og:locale\" content=\"fr_FR\" \/>\n<meta property=\"og:type\" content=\"article\" \/>\n<meta property=\"og:title\" content=\"Soir\u00e9es d&#039;information gratuites\" \/>\n<meta property=\"og:description\" content=\"Soir\u00e9es d\u2019information sur le coaching gratuites pour rencontrer l\u2019assesseur r\u00e9f\u00e9rant coach principal (ARCP) et de lui poser toutes vos questions\u2026\" \/>\n<meta property=\"og:url\" content=\"https:\/\/www.pnl.ch\/college-coach\/soirees-information-gratuites\/\" \/>\n<meta property=\"og:site_name\" content=\"Coll\u00e8ge Coach\" \/>\n<meta property=\"article:publisher\" content=\"https:\/\/www.facebook.com\/college.romand\/\" \/>\n<meta property=\"article:modified_time\" content=\"2024-03-27T15:28:20+00:00\" \/>\n<meta property=\"og:image\" content=\"https:\/\/www.pnl.ch\/college-coach\/wp-content\/uploads\/sites\/3\/2024\/03\/coach-icf-jpg.webp\" \/>\n\t<meta property=\"og:image:width\" content=\"1200\" \/>\n\t<meta property=\"og:image:height\" content=\"675\" \/>\n\t<meta property=\"og:image:type\" content=\"image\/jpeg\" \/>\n<meta name=\"twitter:card\" content=\"summary_large_image\" \/>\n<meta name=\"twitter:description\" content=\"Soir\u00e9es d\u2019information sur le coaching gratuites pour rencontrer l\u2019assesseur r\u00e9f\u00e9rant coach principal (ARCP) et de lui poser toutes vos questions\u2026\" \/>\n<meta name=\"twitter:site\" content=\"@CollegeRomand\" \/>\n<meta name=\"twitter:label1\" content=\"Dur\u00e9e de lecture estim\u00e9e\" \/>\n\t<meta name=\"twitter:data1\" content=\"1 minute\" \/>\n<script type=\"application\/ld+json\" class=\"yoast-schema-graph\">{\"@context\":\"https:\\\/\\\/schema.org\",\"@graph\":[{\"@type\":\"WebPage\",\"@id\":\"https:\\\/\\\/www.pnl.ch\\\/college-coach\\\/soirees-information-gratuites\\\/\",\"url\":\"https:\\\/\\\/www.pnl.ch\\\/college-coach\\\/soirees-information-gratuites\\\/\",\"name\":\"Soir\u00e9es d'information sur le coaching \u00e0 Lausanne | Coll\u00e8ge Coach\",\"isPartOf\":{\"@id\":\"https:\\\/\\\/www.pnl.ch\\\/college-coach\\\/#website\"},\"datePublished\":\"2017-10-23T13:49:47+00:00\",\"dateModified\":\"2024-03-27T15:28:20+00:00\",\"description\":\"Soir\u00e9es d\u2019information sur le coaching gratuites pour rencontrer l\u2019assesseur r\u00e9f\u00e9rant coach principal (ARCP) et de lui poser toutes vos questions\u2026\",\"breadcrumb\":{\"@id\":\"https:\\\/\\\/www.pnl.ch\\\/college-coach\\\/soirees-information-gratuites\\\/#breadcrumb\"},\"inLanguage\":\"fr-FR\",\"potentialAction\":[{\"@type\":\"ReadAction\",\"target\":[\"https:\\\/\\\/www.pnl.ch\\\/college-coach\\\/soirees-information-gratuites\\\/\"]}]},{\"@type\":\"BreadcrumbList\",\"@id\":\"https:\\\/\\\/www.pnl.ch\\\/college-coach\\\/soirees-information-gratuites\\\/#breadcrumb\",\"itemListElement\":[{\"@type\":\"ListItem\",\"position\":1,\"name\":\"Accueil\",\"item\":\"https:\\\/\\\/www.pnl.ch\\\/college-coach\\\/\"},{\"@type\":\"ListItem\",\"position\":2,\"name\":\"Soir\u00e9es d&rsquo;information gratuites\"}]},{\"@type\":\"WebSite\",\"@id\":\"https:\\\/\\\/www.pnl.ch\\\/college-coach\\\/#website\",\"url\":\"https:\\\/\\\/www.pnl.ch\\\/college-coach\\\/\",\"name\":\"Coll\u00e8ge Coach\",\"description\":\"Formations certifiantes en Coaching ICF\",\"publisher\":{\"@id\":\"https:\\\/\\\/www.pnl.ch\\\/college-coach\\\/#organization\"},\"potentialAction\":[{\"@type\":\"SearchAction\",\"target\":{\"@type\":\"EntryPoint\",\"urlTemplate\":\"https:\\\/\\\/www.pnl.ch\\\/college-coach\\\/?s={search_term_string}\"},\"query-input\":{\"@type\":\"PropertyValueSpecification\",\"valueRequired\":true,\"valueName\":\"search_term_string\"}}],\"inLanguage\":\"fr-FR\"},{\"@type\":\"Organization\",\"@id\":\"https:\\\/\\\/www.pnl.ch\\\/college-coach\\\/#organization\",\"name\":\"Coll\u00e8ge Romand - Centre de formation d'adultes S\u00e0rl\",\"url\":\"https:\\\/\\\/www.pnl.ch\\\/college-coach\\\/\",\"logo\":{\"@type\":\"ImageObject\",\"inLanguage\":\"fr-FR\",\"@id\":\"https:\\\/\\\/www.pnl.ch\\\/college-coach\\\/#\\\/schema\\\/logo\\\/image\\\/\",\"url\":\"https:\\\/\\\/www.pnl.ch\\\/college-coach\\\/wp-content\\\/uploads\\\/sites\\\/3\\\/2017\\\/04\\\/college-coach-logo-nc.png\",\"contentUrl\":\"https:\\\/\\\/www.pnl.ch\\\/college-coach\\\/wp-content\\\/uploads\\\/sites\\\/3\\\/2017\\\/04\\\/college-coach-logo-nc.png\",\"width\":314,\"height\":200,\"caption\":\"Coll\u00e8ge Romand - Centre de formation d'adultes S\u00e0rl\"},\"image\":{\"@id\":\"https:\\\/\\\/www.pnl.ch\\\/college-coach\\\/#\\\/schema\\\/logo\\\/image\\\/\"},\"sameAs\":[\"https:\\\/\\\/www.facebook.com\\\/college.romand\\\/\",\"https:\\\/\\\/x.com\\\/CollegeRomand\",\"https:\\\/\\\/www.linkedin.com\\\/school\\\/college-romand\\\/\",\"https:\\\/\\\/www.instagram.com\\\/collegeromand\\\/\"]}]}<\/script>\n<!-- \/ Yoast SEO Premium plugin. -->","yoast_head_json":{"title":"Soir\u00e9es d'information sur le coaching \u00e0 Lausanne | Coll\u00e8ge Coach","description":"Soir\u00e9es d\u2019information sur le coaching gratuites pour rencontrer l\u2019assesseur r\u00e9f\u00e9rant coach principal (ARCP) et de lui poser toutes vos questions\u2026","robots":{"index":"index","follow":"follow","max-snippet":"max-snippet:-1","max-image-preview":"max-image-preview:large","max-video-preview":"max-video-preview:-1"},"canonical":"https:\/\/www.pnl.ch\/college-coach\/soirees-information-gratuites\/","og_locale":"fr_FR","og_type":"article","og_title":"Soir\u00e9es d'information gratuites","og_description":"Soir\u00e9es d\u2019information sur le coaching gratuites pour rencontrer l\u2019assesseur r\u00e9f\u00e9rant coach principal (ARCP) et de lui poser toutes vos questions\u2026","og_url":"https:\/\/www.pnl.ch\/college-coach\/soirees-information-gratuites\/","og_site_name":"Coll\u00e8ge Coach","article_publisher":"https:\/\/www.facebook.com\/college.romand\/","article_modified_time":"2024-03-27T15:28:20+00:00","og_image":[{"width":1200,"height":675,"url":"https:\/\/www.pnl.ch\/college-coach\/wp-content\/uploads\/sites\/3\/2024\/03\/coach-icf-jpg.webp","type":"image\/jpeg"}],"twitter_card":"summary_large_image","twitter_description":"Soir\u00e9es d\u2019information sur le coaching gratuites pour rencontrer l\u2019assesseur r\u00e9f\u00e9rant coach principal (ARCP) et de lui poser toutes vos questions\u2026","twitter_site":"@CollegeRomand","twitter_misc":{"Dur\u00e9e de lecture estim\u00e9e":"1 minute"},"schema":{"@context":"https:\/\/schema.org","@graph":[{"@type":"WebPage","@id":"https:\/\/www.pnl.ch\/college-coach\/soirees-information-gratuites\/","url":"https:\/\/www.pnl.ch\/college-coach\/soirees-information-gratuites\/","name":"Soir\u00e9es d'information sur le coaching \u00e0 Lausanne | Coll\u00e8ge Coach","isPartOf":{"@id":"https:\/\/www.pnl.ch\/college-coach\/#website"},"datePublished":"2017-10-23T13:49:47+00:00","dateModified":"2024-03-27T15:28:20+00:00","description":"Soir\u00e9es d\u2019information sur le coaching gratuites pour rencontrer l\u2019assesseur r\u00e9f\u00e9rant coach principal (ARCP) et de lui poser toutes vos questions\u2026","breadcrumb":{"@id":"https:\/\/www.pnl.ch\/college-coach\/soirees-information-gratuites\/#breadcrumb"},"inLanguage":"fr-FR","potentialAction":[{"@type":"ReadAction","target":["https:\/\/www.pnl.ch\/college-coach\/soirees-information-gratuites\/"]}]},{"@type":"BreadcrumbList","@id":"https:\/\/www.pnl.ch\/college-coach\/soirees-information-gratuites\/#breadcrumb","itemListElement":[{"@type":"ListItem","position":1,"name":"Accueil","item":"https:\/\/www.pnl.ch\/college-coach\/"},{"@type":"ListItem","position":2,"name":"Soir\u00e9es d&rsquo;information gratuites"}]},{"@type":"WebSite","@id":"https:\/\/www.pnl.ch\/college-coach\/#website","url":"https:\/\/www.pnl.ch\/college-coach\/","name":"Coll\u00e8ge Coach","description":"Formations certifiantes en Coaching ICF","publisher":{"@id":"https:\/\/www.pnl.ch\/college-coach\/#organization"},"potentialAction":[{"@type":"SearchAction","target":{"@type":"EntryPoint","urlTemplate":"https:\/\/www.pnl.ch\/college-coach\/?s={search_term_string}"},"query-input":{"@type":"PropertyValueSpecification","valueRequired":true,"valueName":"search_term_string"}}],"inLanguage":"fr-FR"},{"@type":"Organization","@id":"https:\/\/www.pnl.ch\/college-coach\/#organization","name":"Coll\u00e8ge Romand - Centre de formation d'adultes S\u00e0rl","url":"https:\/\/www.pnl.ch\/college-coach\/","logo":{"@type":"ImageObject","inLanguage":"fr-FR","@id":"https:\/\/www.pnl.ch\/college-coach\/#\/schema\/logo\/image\/","url":"https:\/\/www.pnl.ch\/college-coach\/wp-content\/uploads\/sites\/3\/2017\/04\/college-coach-logo-nc.png","contentUrl":"https:\/\/www.pnl.ch\/college-coach\/wp-content\/uploads\/sites\/3\/2017\/04\/college-coach-logo-nc.png","width":314,"height":200,"caption":"Coll\u00e8ge Romand - Centre de formation d'adultes S\u00e0rl"},"image":{"@id":"https:\/\/www.pnl.ch\/college-coach\/#\/schema\/logo\/image\/"},"sameAs":["https:\/\/www.facebook.com\/college.romand\/","https:\/\/x.com\/CollegeRomand","https:\/\/www.linkedin.com\/school\/college-romand\/","https:\/\/www.instagram.com\/collegeromand\/"]}]}},"_links":{"self":[{"href":"https:\/\/www.pnl.ch\/college-coach\/wp-json\/wp\/v2\/pages\/512","targetHints":{"allow":["GET"]}}],"collection":[{"href":"https:\/\/www.pnl.ch\/college-coach\/wp-json\/wp\/v2\/pages"}],"about":[{"href":"https:\/\/www.pnl.ch\/college-coach\/wp-json\/wp\/v2\/types\/page"}],"author":[{"embeddable":true,"href":"https:\/\/www.pnl.ch\/college-coach\/wp-json\/wp\/v2\/users\/1"}],"replies":[{"embeddable":true,"href":"https:\/\/www.pnl.ch\/college-coach\/wp-json\/wp\/v2\/comments?post=512"}],"version-history":[{"count":2,"href":"https:\/\/www.pnl.ch\/college-coach\/wp-json\/wp\/v2\/pages\/512\/revisions"}],"predecessor-version":[{"id":1647,"href":"https:\/\/www.pnl.ch\/college-coach\/wp-json\/wp\/v2\/pages\/512\/revisions\/1647"}],"wp:attachment":[{"href":"https:\/\/www.pnl.ch\/college-coach\/wp-json\/wp\/v2\/media?parent=512"}],"curies":[{"name":"wp","href":"https:\/\/api.w.org\/{rel}","templated":true}]}}