{"id":651,"date":"2017-11-27T15:36:02","date_gmt":"2017-11-27T14:36:02","guid":{"rendered":"https:\/\/www.pnl.ch\/college-coach\/?page_id=651"},"modified":"2024-03-25T20:31:27","modified_gmt":"2024-03-25T19:31:27","slug":"devenir-coach-professionnel","status":"publish","type":"page","link":"https:\/\/www.pnl.ch\/college-coach\/webinaires\/devenir-coach-professionnel\/","title":{"rendered":"Devenir coach professionnel\u202f: les erreurs typiques \u00e0 ne pas commettre lors du passage d\u2019employ\u00e9 \u00e0 ind\u00e9pendant"},"content":{"rendered":"<div class=\"wpb-content-wrapper\"><p>[vc_row][vc_column width=\u00a0\u00bb3\/4&Prime; css=\u00a0\u00bb.vc_custom_1540813421003{padding-right: 50px !important;}\u00a0\u00bb][vc_column_text]<\/p>\n<div class=\"video-container\">\n<p><iframe title=\"Devenir coach professionnel: les erreurs typiques \u00e0 \u00e9viter lors du passage d\u2019employ\u00e9 \u00e0 ind\u00e9pendant\" width=\"1200\" height=\"675\" src=\"https:\/\/www.youtube.com\/embed\/zB6dhkMT0rA?feature=oembed\" frameborder=\"0\" allow=\"accelerometer; autoplay; clipboard-write; encrypted-media; gyroscope; picture-in-picture; web-share\" allowfullscreen><\/iframe><\/p>\n<\/div>\n<p>&nbsp;<\/p>\n<p class=\"date-formation\">Webinaire diffus\u00e9 en direct le jeudi 7 d\u00e9cembre 2017 \u00e0 18h30 CET<\/p>\n<p>Planifier un changement de carri\u00e8re, lors d&rsquo;un passage d&#8217;employ\u00e9 \u00e0 ind\u00e9pendant, n\u00e9cessite plus qu\u2019un plan solide. Pour devenir votre propre entrepreneur et savoir transformer vos comp\u00e9tences en services et vos services en revenus, vous aurez besoin d&rsquo;un changement d&rsquo;\u00e9tat d&rsquo;esprit important.<\/p>\n<p>Pour devenir coach professionnel, vous devrez conna\u00eetre la logistique et savoir mettre des priorit\u00e9s. Cela vous permettra de b\u00e2tir un business solide et, surtout, de vous positionner dans un \u00e9tat d&rsquo;esprit tonique pour \u00e9viter de gaspiller vos ressources les plus importantes\u202f: votre temps, argent et \u00e9nergies.<\/p>\n<h3>Le plus grand d\u00e9fi auquel chaque ind\u00e9pendant doit se confronter est d&rsquo;acqu\u00e9rir la mentalit\u00e9 d\u2019entrepreneur.<\/h3>\n<p>C\u2019est pour cela que nous avons fait appel \u00e0 Max Meulemans, Coach ICF MCC et fondateur de Coaching Ways, institut de formation au coaching au niveau international dans le monde francophone. Rejoignez Max Meulemans pour le webinaire \u00abDevenir coach professionnel\u202f: les erreurs typiques \u00e0 ne pas commettre lors du passage d&#8217;employ\u00e9 \u00e0 ind\u00e9pendant\u00bb et d\u00e9couvrez les astuces qui vous permettront de les \u00e9viter.<\/p>\n<p>Dans ce webinaire, vous apprendrez \u00e0\u202f:<\/p>\n<ul>\n<li>Identifier les erreurs typiques des professionnels qui choisissent de se reconvertir dans la profession de coach professionnel ICF<\/li>\n<li>B\u00e2tir un plan qui tient la route et vous permet de d\u00e9velopper votre business plus rapidement<\/li>\n<li>Rester dans votre flow et utiliser les d\u00e9fis comme opportunit\u00e9s de d\u00e9veloppement professionnel<\/li>\n<\/ul>\n<h3>Intervenant<\/h3>\n<p>[\/vc_column_text][vc_row_inner][vc_column_inner width=\u00a0\u00bb1\/4&Prime;][vc_single_image image=\u00a0\u00bb948&Prime;][\/vc_column_inner][vc_column_inner width=\u00a0\u00bb3\/4&Prime;][vc_column_text]<strong><span style=\"color: #f60;\">Max Meulemans<\/span><\/strong><br \/>\nCoach ICF MCC<br \/>\nFondateur de Coaching Ways<\/p>\n<p>Max intervient comme formateur et accompagne des personnes en entreprises et en individuel depuis plus de 20 ans. Apr\u00e8s un d\u00e9but de carri\u00e8re dans le secteur de la chimie, son parcours de vie lui a fait d\u00e9couvrir son int\u00e9r\u00eat vis \u00e0 vis des ressources humaines, des techniques de communication et de la gestion du changement.[\/vc_column_text][\/vc_column_inner][\/vc_row_inner][vc_btn title=\u00a0\u00bbNous contacter ou vous inscrire\u00a0\u00bb shape=\u00a0\u00bbround\u00a0\u00bb color=\u00a0\u00bbwarning\u00a0\u00bb align=\u00a0\u00bbleft\u00a0\u00bb link=\u00a0\u00bburl:https%3A%2F%2Fwww.pnl.ch%2Fcollege-coach%2Fcontacter-college-coach%2F|||\u00a0\u00bb css=\u00a0\u00bb.vc_custom_1623944761918{padding-bottom: 30px !important;}\u00a0\u00bb][\/vc_column][vc_column width=\u00a0\u00bb1\/4&Prime;]<style type=\"text\/css\" data-type=\"the7_shortcodes-inline-css\">.shortcode-single-image-wrap.shortcode-single-image-fc15476471fd03ce9f0f8d375ebfbc3d.enable-bg-rollover .rollover i,\n.shortcode-single-image-wrap.shortcode-single-image-fc15476471fd03ce9f0f8d375ebfbc3d.enable-bg-rollover .rollover-video i {\n  background: -webkit-linear-gradient();\n  background: linear-gradient();\n}\n.shortcode-single-image-wrap.shortcode-single-image-fc15476471fd03ce9f0f8d375ebfbc3d .rollover-icon {\n  font-size: 32px;\n  color: #ffffff;\n  min-width: 44px;\n  min-height: 44px;\n  line-height: 44px;\n  border-radius: 100px;\n  border-style: solid;\n  border-width: 0px;\n}\n.dt-icon-bg-on.shortcode-single-image-wrap.shortcode-single-image-fc15476471fd03ce9f0f8d375ebfbc3d .rollover-icon {\n  background: rgba(255,255,255,0.3);\n  box-shadow: none;\n}<\/style><div class=\"shortcode-single-image-wrap shortcode-single-image-fc15476471fd03ce9f0f8d375ebfbc3d alignnone zoomIn animate-element caption-on  vc_custom_1598533538521 enable-bg-rollover dt-icon-bg-off\" ><div class=\"shortcode-single-image\"><div class=\"fancy-media-wrap  layzr-bg\" style=\"\"><img fetchpriority=\"high\" decoding=\"async\" class=\"preload-me lazy-load aspect\" src=\"data:image\/svg+xml,%3Csvg%20xmlns%3D&#39;http%3A%2F%2Fwww.w3.org%2F2000%2Fsvg&#39;%20viewBox%3D&#39;0%200%20250%20250&#39;%2F%3E\" data-src=\"https:\/\/www.pnl.ch\/college-coach\/wp-content\/uploads\/sites\/3\/2019\/10\/devenir-coach-250x250.jpg\" data-srcset=\"https:\/\/www.pnl.ch\/college-coach\/wp-content\/uploads\/sites\/3\/2019\/10\/devenir-coach-250x250.jpg 250w, https:\/\/www.pnl.ch\/college-coach\/wp-content\/uploads\/sites\/3\/2019\/10\/devenir-coach.jpg 300w\" loading=\"eager\" sizes=\"(max-width: 250px) 100vw, 250px\" width=\"250\" height=\"250\"  data-dt-location=\"https:\/\/www.pnl.ch\/college-coach\/devenir-coach-3\/\" style=\"--ratio: 250 \/ 250;\" alt=\"Devenir Coach professionnel ICF\" \/><\/div><\/div><div class=\"shortcode-single-caption\">Devenir coach avec une formation de Coach professionnel ICF au Coll\u00e8ge Romand<\/div><\/div>[\/vc_column][\/vc_row][vc_row type=\u00a0\u00bb3&Prime; animation=\u00a0\u00bbfadeInUp\u00a0\u00bb margin_bottom=\u00a0\u00bb-70px\u00a0\u00bb padding_top=\u00a0\u00bb30&Prime; padding_bottom=\u00a0\u00bb30&Prime; css=\u00a0\u00bb.vc_custom_1543847711457{margin-bottom: -50px !important;}\u00a0\u00bb][vc_column]<section class=\"testimonial-item testimonial-item-slider\"><div class=\"testimonials slider-content owl-carousel dt-owl-carousel-init\" data-autoslide=\"3000\">\n<article>\n\t<div class=\"testimonial-content\">\n\t\t<p><img decoding=\"async\" class=\"guimet-left\" src=\"https:\/\/www.pnl.ch\/college-coach\/wp-content\/uploads\/sites\/3\/2017\/07\/gimet-romand-left.png\" alt=\"guillemets\" \/>Merci pour le Webinaire de ce soir. Merci \u00e0 Max Meulemans pour la clart\u00e9, la pertinence et l&rsquo;authenticit\u00e9 de son intervention.<img decoding=\"async\" class=\"guimet-right\" src=\"https:\/\/www.pnl.ch\/college-coach\/wp-content\/uploads\/sites\/3\/2017\/07\/gimet-romand-right.png\" alt=\"guillemets\" \/><\/p>\n\t<\/div>\n\t<div class=\"testimonial-vcard\">\n\t\t<div class=\"testimonial-thumbnail\">\n\t\t\t<span class=\"alignleft no-avatar\"><svg version=\"1.1\" id=\"Layer_1\" xmlns=\"http:\/\/www.w3.org\/2000\/svg\" xmlns:xlink=\"http:\/\/www.w3.org\/1999\/xlink\" x=\"0px\" y=\"0px\"\n\t viewBox=\"0 0 16 16\" style=\"enable-background:new 0 0 16 16;\" xml:space=\"preserve\"><path d=\"M8,8c2.2,0,4-1.8,4-4s-1.8-4-4-4S4,1.8,4,4S5.8,8,8,8z M8,10c-2.7,0-8,1.3-8,4v1c0,0.5,0.4,1,1,1h14c0.5,0,1-0.5,1-1v-1\n\tC16,11.3,10.7,10,8,10z\"\/><\/svg><\/span>\t\t<\/div>\n\t\t<div class=\"testimonial-desc\">\n\t\t\t<span class=\"text-primary\">Philippe<\/span>\t\t<\/div>\n\t<\/div>\n<\/article>\n<article>\n\t<div class=\"testimonial-content\">\n\t\t<p><img decoding=\"async\" class=\"guimet-left\" src=\"https:\/\/www.pnl.ch\/college-coach\/wp-content\/uploads\/sites\/3\/2017\/07\/gimet-romand-left.png\" alt=\"guillemets\" \/>Je suis tr\u00e8s contente d&rsquo;entendre ce que j&rsquo;ai entendu, bravo !<img decoding=\"async\" class=\"guimet-right\" src=\"https:\/\/www.pnl.ch\/college-coach\/wp-content\/uploads\/sites\/3\/2017\/07\/gimet-romand-right.png\" alt=\"guillemets\" \/><\/p>\n\t<\/div>\n\t<div class=\"testimonial-vcard\">\n\t\t<div class=\"testimonial-thumbnail\">\n\t\t\t<span class=\"alignleft no-avatar\"><svg version=\"1.1\" id=\"Layer_1\" xmlns=\"http:\/\/www.w3.org\/2000\/svg\" xmlns:xlink=\"http:\/\/www.w3.org\/1999\/xlink\" x=\"0px\" y=\"0px\"\n\t viewBox=\"0 0 16 16\" style=\"enable-background:new 0 0 16 16;\" xml:space=\"preserve\"><path d=\"M8,8c2.2,0,4-1.8,4-4s-1.8-4-4-4S4,1.8,4,4S5.8,8,8,8z M8,10c-2.7,0-8,1.3-8,4v1c0,0.5,0.4,1,1,1h14c0.5,0,1-0.5,1-1v-1\n\tC16,11.3,10.7,10,8,10z\"\/><\/svg><\/span>\t\t<\/div>\n\t\t<div class=\"testimonial-desc\">\n\t\t\t<span class=\"text-primary\">Nina<\/span>\t\t<\/div>\n\t<\/div>\n<\/article>\n<article>\n\t<div class=\"testimonial-content\">\n\t\t<p><img decoding=\"async\" class=\"guimet-left\" src=\"https:\/\/www.pnl.ch\/college-coach\/wp-content\/uploads\/sites\/3\/2017\/07\/gimet-romand-left.png\" alt=\"guillemets\" \/>Merci Max pour ce webinaire ! Tr\u00e8s clair et authentique comme d&rsquo;habitude : ) J&rsquo;ai tout particuli\u00e8rement appr\u00e9ci\u00e9 les questions sp\u00e9cifiques \u00e0 se poser &#8230; cela va grandement m&rsquo;aider pour mon lancement.<img decoding=\"async\" class=\"guimet-right\" src=\"https:\/\/www.pnl.ch\/college-coach\/wp-content\/uploads\/sites\/3\/2017\/07\/gimet-romand-right.png\" alt=\"guillemets\" \/><\/p>\n\t<\/div>\n\t<div class=\"testimonial-vcard\">\n\t\t<div class=\"testimonial-thumbnail\">\n\t\t\t<span class=\"alignleft no-avatar\"><svg version=\"1.1\" id=\"Layer_1\" xmlns=\"http:\/\/www.w3.org\/2000\/svg\" xmlns:xlink=\"http:\/\/www.w3.org\/1999\/xlink\" x=\"0px\" y=\"0px\"\n\t viewBox=\"0 0 16 16\" style=\"enable-background:new 0 0 16 16;\" xml:space=\"preserve\"><path d=\"M8,8c2.2,0,4-1.8,4-4s-1.8-4-4-4S4,1.8,4,4S5.8,8,8,8z M8,10c-2.7,0-8,1.3-8,4v1c0,0.5,0.4,1,1,1h14c0.5,0,1-0.5,1-1v-1\n\tC16,11.3,10.7,10,8,10z\"\/><\/svg><\/span>\t\t<\/div>\n\t\t<div class=\"testimonial-desc\">\n\t\t\t<span class=\"text-primary\">Isabelle<\/span>\t\t<\/div>\n\t<\/div>\n<\/article>\n<\/div>\n<\/section>[\/vc_column][\/vc_row][vc_column][\/vc_column]<\/p>\n<\/div>","protected":false},"excerpt":{"rendered":"<p>[vc_row][vc_column width=\u00a0\u00bb3\/4&Prime; css=\u00a0\u00bb.vc_custom_1540813421003{padding-right: 50px !important;}\u00a0\u00bb][vc_column_text] &nbsp; Webinaire diffus\u00e9 en direct le jeudi 7 d\u00e9cembre 2017 \u00e0 18h30 CET Planifier un changement de carri\u00e8re, lors d&rsquo;un passage d&#8217;employ\u00e9 \u00e0 ind\u00e9pendant, n\u00e9cessite plus qu\u2019un plan solide. Pour devenir votre propre entrepreneur et savoir transformer vos comp\u00e9tences en services et vos services en revenus, vous aurez besoin d&rsquo;un&hellip;<\/p>\n","protected":false},"author":1,"featured_media":1469,"parent":648,"menu_order":0,"comment_status":"closed","ping_status":"closed","template":"","meta":{"_acf_changed":false,"footnotes":""},"class_list":["post-651","page","type-page","status-publish","has-post-thumbnail","hentry","description-off"],"acf":[],"yoast_head":"<!-- This site is optimized with the Yoast SEO Premium plugin v27.4 (Yoast SEO v27.4) - https:\/\/yoast.com\/product\/yoast-seo-premium-wordpress\/ -->\n<title>Devenir coach professionnel: passer d&#039;employ\u00e9 \u00e0 ind\u00e9pendant<\/title>\n<meta name=\"description\" content=\"Webinaire: identifier les erreurs typiques \u00e0 \u00e9viter lors du passage d&#039;employ\u00e9 \u00e0 ind\u00e9pendant pour devenir coach professionnel ICF\u2026\" \/>\n<meta name=\"robots\" content=\"index, follow, max-snippet:-1, max-image-preview:large, max-video-preview:-1\" \/>\n<link rel=\"canonical\" href=\"https:\/\/www.pnl.ch\/college-coach\/webinaires\/devenir-coach-professionnel\/\" \/>\n<meta property=\"og:locale\" content=\"fr_FR\" \/>\n<meta property=\"og:type\" content=\"article\" \/>\n<meta property=\"og:title\" content=\"Devenir coach professionnel: passer d&#039;employ\u00e9 \u00e0 ind\u00e9pendant\" \/>\n<meta property=\"og:description\" content=\"Webinaire: identifier les erreurs typiques \u00e0 \u00e9viter lors du passage d&#039;employ\u00e9 \u00e0 ind\u00e9pendant pour devenir coach professionnel ICF\u2026\" \/>\n<meta property=\"og:url\" content=\"https:\/\/www.pnl.ch\/college-coach\/webinaires\/devenir-coach-professionnel\/\" \/>\n<meta property=\"og:site_name\" content=\"Coll\u00e8ge Coach\" \/>\n<meta property=\"article:publisher\" content=\"https:\/\/www.facebook.com\/college.romand\/\" \/>\n<meta property=\"article:modified_time\" content=\"2024-03-25T19:31:27+00:00\" \/>\n<meta property=\"og:image\" content=\"https:\/\/www.pnl.ch\/college-coach\/wp-content\/uploads\/sites\/3\/2024\/03\/devenir-coach-jpg.webp\" \/>\n\t<meta property=\"og:image:width\" content=\"1200\" \/>\n\t<meta property=\"og:image:height\" content=\"675\" \/>\n\t<meta property=\"og:image:type\" content=\"image\/jpeg\" \/>\n<meta name=\"twitter:card\" content=\"summary_large_image\" \/>\n<meta name=\"twitter:title\" content=\"Devenir coach professionnel: passer d&#039;employ\u00e9 \u00e0 ind\u00e9pendant\" \/>\n<meta name=\"twitter:description\" content=\"Webinaire: identifier les erreurs typiques \u00e0 \u00e9viter lors du passage d&#039;employ\u00e9 \u00e0 ind\u00e9pendant pour devenir coach professionnel ICF\u2026\" \/>\n<meta name=\"twitter:site\" content=\"@CollegeRomand\" \/>\n<meta name=\"twitter:label1\" content=\"Dur\u00e9e de lecture estim\u00e9e\" \/>\n\t<meta name=\"twitter:data1\" content=\"2 minutes\" \/>\n<script type=\"application\/ld+json\" class=\"yoast-schema-graph\">{\"@context\":\"https:\\\/\\\/schema.org\",\"@graph\":[{\"@type\":\"WebPage\",\"@id\":\"https:\\\/\\\/www.pnl.ch\\\/college-coach\\\/webinaires\\\/devenir-coach-professionnel\\\/\",\"url\":\"https:\\\/\\\/www.pnl.ch\\\/college-coach\\\/webinaires\\\/devenir-coach-professionnel\\\/\",\"name\":\"Devenir coach professionnel: passer d'employ\u00e9 \u00e0 ind\u00e9pendant\",\"isPartOf\":{\"@id\":\"https:\\\/\\\/www.pnl.ch\\\/college-coach\\\/#website\"},\"primaryImageOfPage\":{\"@id\":\"https:\\\/\\\/www.pnl.ch\\\/college-coach\\\/webinaires\\\/devenir-coach-professionnel\\\/#primaryimage\"},\"image\":{\"@id\":\"https:\\\/\\\/www.pnl.ch\\\/college-coach\\\/webinaires\\\/devenir-coach-professionnel\\\/#primaryimage\"},\"thumbnailUrl\":\"https:\\\/\\\/www.pnl.ch\\\/college-coach\\\/wp-content\\\/uploads\\\/sites\\\/3\\\/2019\\\/10\\\/devenir-coach.jpg\",\"datePublished\":\"2017-11-27T14:36:02+00:00\",\"dateModified\":\"2024-03-25T19:31:27+00:00\",\"description\":\"Webinaire: identifier les erreurs typiques \u00e0 \u00e9viter lors du passage d'employ\u00e9 \u00e0 ind\u00e9pendant pour devenir coach professionnel ICF\u2026\",\"breadcrumb\":{\"@id\":\"https:\\\/\\\/www.pnl.ch\\\/college-coach\\\/webinaires\\\/devenir-coach-professionnel\\\/#breadcrumb\"},\"inLanguage\":\"fr-FR\",\"potentialAction\":[{\"@type\":\"ReadAction\",\"target\":[\"https:\\\/\\\/www.pnl.ch\\\/college-coach\\\/webinaires\\\/devenir-coach-professionnel\\\/\"]}]},{\"@type\":\"ImageObject\",\"inLanguage\":\"fr-FR\",\"@id\":\"https:\\\/\\\/www.pnl.ch\\\/college-coach\\\/webinaires\\\/devenir-coach-professionnel\\\/#primaryimage\",\"url\":\"https:\\\/\\\/www.pnl.ch\\\/college-coach\\\/wp-content\\\/uploads\\\/sites\\\/3\\\/2019\\\/10\\\/devenir-coach.jpg\",\"contentUrl\":\"https:\\\/\\\/www.pnl.ch\\\/college-coach\\\/wp-content\\\/uploads\\\/sites\\\/3\\\/2019\\\/10\\\/devenir-coach.jpg\",\"width\":300,\"height\":300,\"caption\":\"Devenir Coach professionnel ICF\"},{\"@type\":\"BreadcrumbList\",\"@id\":\"https:\\\/\\\/www.pnl.ch\\\/college-coach\\\/webinaires\\\/devenir-coach-professionnel\\\/#breadcrumb\",\"itemListElement\":[{\"@type\":\"ListItem\",\"position\":1,\"name\":\"Accueil\",\"item\":\"https:\\\/\\\/www.pnl.ch\\\/college-coach\\\/\"},{\"@type\":\"ListItem\",\"position\":2,\"name\":\"Webinaires\",\"item\":\"https:\\\/\\\/www.pnl.ch\\\/college-coach\\\/webinaires\\\/\"},{\"@type\":\"ListItem\",\"position\":3,\"name\":\"Devenir coach professionnel\u202f: les erreurs typiques \u00e0 ne pas commettre lors du passage d\u2019employ\u00e9 \u00e0 ind\u00e9pendant\"}]},{\"@type\":\"WebSite\",\"@id\":\"https:\\\/\\\/www.pnl.ch\\\/college-coach\\\/#website\",\"url\":\"https:\\\/\\\/www.pnl.ch\\\/college-coach\\\/\",\"name\":\"Coll\u00e8ge Coach\",\"description\":\"Formations certifiantes en Coaching ICF\",\"publisher\":{\"@id\":\"https:\\\/\\\/www.pnl.ch\\\/college-coach\\\/#organization\"},\"potentialAction\":[{\"@type\":\"SearchAction\",\"target\":{\"@type\":\"EntryPoint\",\"urlTemplate\":\"https:\\\/\\\/www.pnl.ch\\\/college-coach\\\/?s={search_term_string}\"},\"query-input\":{\"@type\":\"PropertyValueSpecification\",\"valueRequired\":true,\"valueName\":\"search_term_string\"}}],\"inLanguage\":\"fr-FR\"},{\"@type\":\"Organization\",\"@id\":\"https:\\\/\\\/www.pnl.ch\\\/college-coach\\\/#organization\",\"name\":\"Coll\u00e8ge Romand - Centre de formation d'adultes S\u00e0rl\",\"url\":\"https:\\\/\\\/www.pnl.ch\\\/college-coach\\\/\",\"logo\":{\"@type\":\"ImageObject\",\"inLanguage\":\"fr-FR\",\"@id\":\"https:\\\/\\\/www.pnl.ch\\\/college-coach\\\/#\\\/schema\\\/logo\\\/image\\\/\",\"url\":\"https:\\\/\\\/www.pnl.ch\\\/college-coach\\\/wp-content\\\/uploads\\\/sites\\\/3\\\/2017\\\/04\\\/college-coach-logo-nc.png\",\"contentUrl\":\"https:\\\/\\\/www.pnl.ch\\\/college-coach\\\/wp-content\\\/uploads\\\/sites\\\/3\\\/2017\\\/04\\\/college-coach-logo-nc.png\",\"width\":314,\"height\":200,\"caption\":\"Coll\u00e8ge Romand - Centre de formation d'adultes S\u00e0rl\"},\"image\":{\"@id\":\"https:\\\/\\\/www.pnl.ch\\\/college-coach\\\/#\\\/schema\\\/logo\\\/image\\\/\"},\"sameAs\":[\"https:\\\/\\\/www.facebook.com\\\/college.romand\\\/\",\"https:\\\/\\\/x.com\\\/CollegeRomand\",\"https:\\\/\\\/www.linkedin.com\\\/school\\\/college-romand\\\/\",\"https:\\\/\\\/www.instagram.com\\\/collegeromand\\\/\"]}]}<\/script>\n<!-- \/ Yoast SEO Premium plugin. -->","yoast_head_json":{"title":"Devenir coach professionnel: passer d'employ\u00e9 \u00e0 ind\u00e9pendant","description":"Webinaire: identifier les erreurs typiques \u00e0 \u00e9viter lors du passage d'employ\u00e9 \u00e0 ind\u00e9pendant pour devenir coach professionnel ICF\u2026","robots":{"index":"index","follow":"follow","max-snippet":"max-snippet:-1","max-image-preview":"max-image-preview:large","max-video-preview":"max-video-preview:-1"},"canonical":"https:\/\/www.pnl.ch\/college-coach\/webinaires\/devenir-coach-professionnel\/","og_locale":"fr_FR","og_type":"article","og_title":"Devenir coach professionnel: passer d'employ\u00e9 \u00e0 ind\u00e9pendant","og_description":"Webinaire: identifier les erreurs typiques \u00e0 \u00e9viter lors du passage d'employ\u00e9 \u00e0 ind\u00e9pendant pour devenir coach professionnel ICF\u2026","og_url":"https:\/\/www.pnl.ch\/college-coach\/webinaires\/devenir-coach-professionnel\/","og_site_name":"Coll\u00e8ge Coach","article_publisher":"https:\/\/www.facebook.com\/college.romand\/","article_modified_time":"2024-03-25T19:31:27+00:00","og_image":[{"width":1200,"height":675,"url":"https:\/\/www.pnl.ch\/college-coach\/wp-content\/uploads\/sites\/3\/2024\/03\/devenir-coach-jpg.webp","type":"image\/jpeg"}],"twitter_card":"summary_large_image","twitter_title":"Devenir coach professionnel: passer d'employ\u00e9 \u00e0 ind\u00e9pendant","twitter_description":"Webinaire: identifier les erreurs typiques \u00e0 \u00e9viter lors du passage d'employ\u00e9 \u00e0 ind\u00e9pendant pour devenir coach professionnel ICF\u2026","twitter_site":"@CollegeRomand","twitter_misc":{"Dur\u00e9e de lecture estim\u00e9e":"2 minutes"},"schema":{"@context":"https:\/\/schema.org","@graph":[{"@type":"WebPage","@id":"https:\/\/www.pnl.ch\/college-coach\/webinaires\/devenir-coach-professionnel\/","url":"https:\/\/www.pnl.ch\/college-coach\/webinaires\/devenir-coach-professionnel\/","name":"Devenir coach professionnel: passer d'employ\u00e9 \u00e0 ind\u00e9pendant","isPartOf":{"@id":"https:\/\/www.pnl.ch\/college-coach\/#website"},"primaryImageOfPage":{"@id":"https:\/\/www.pnl.ch\/college-coach\/webinaires\/devenir-coach-professionnel\/#primaryimage"},"image":{"@id":"https:\/\/www.pnl.ch\/college-coach\/webinaires\/devenir-coach-professionnel\/#primaryimage"},"thumbnailUrl":"https:\/\/www.pnl.ch\/college-coach\/wp-content\/uploads\/sites\/3\/2019\/10\/devenir-coach.jpg","datePublished":"2017-11-27T14:36:02+00:00","dateModified":"2024-03-25T19:31:27+00:00","description":"Webinaire: identifier les erreurs typiques \u00e0 \u00e9viter lors du passage d'employ\u00e9 \u00e0 ind\u00e9pendant pour devenir coach professionnel ICF\u2026","breadcrumb":{"@id":"https:\/\/www.pnl.ch\/college-coach\/webinaires\/devenir-coach-professionnel\/#breadcrumb"},"inLanguage":"fr-FR","potentialAction":[{"@type":"ReadAction","target":["https:\/\/www.pnl.ch\/college-coach\/webinaires\/devenir-coach-professionnel\/"]}]},{"@type":"ImageObject","inLanguage":"fr-FR","@id":"https:\/\/www.pnl.ch\/college-coach\/webinaires\/devenir-coach-professionnel\/#primaryimage","url":"https:\/\/www.pnl.ch\/college-coach\/wp-content\/uploads\/sites\/3\/2019\/10\/devenir-coach.jpg","contentUrl":"https:\/\/www.pnl.ch\/college-coach\/wp-content\/uploads\/sites\/3\/2019\/10\/devenir-coach.jpg","width":300,"height":300,"caption":"Devenir Coach professionnel ICF"},{"@type":"BreadcrumbList","@id":"https:\/\/www.pnl.ch\/college-coach\/webinaires\/devenir-coach-professionnel\/#breadcrumb","itemListElement":[{"@type":"ListItem","position":1,"name":"Accueil","item":"https:\/\/www.pnl.ch\/college-coach\/"},{"@type":"ListItem","position":2,"name":"Webinaires","item":"https:\/\/www.pnl.ch\/college-coach\/webinaires\/"},{"@type":"ListItem","position":3,"name":"Devenir coach professionnel\u202f: les erreurs typiques \u00e0 ne pas commettre lors du passage d\u2019employ\u00e9 \u00e0 ind\u00e9pendant"}]},{"@type":"WebSite","@id":"https:\/\/www.pnl.ch\/college-coach\/#website","url":"https:\/\/www.pnl.ch\/college-coach\/","name":"Coll\u00e8ge Coach","description":"Formations certifiantes en Coaching ICF","publisher":{"@id":"https:\/\/www.pnl.ch\/college-coach\/#organization"},"potentialAction":[{"@type":"SearchAction","target":{"@type":"EntryPoint","urlTemplate":"https:\/\/www.pnl.ch\/college-coach\/?s={search_term_string}"},"query-input":{"@type":"PropertyValueSpecification","valueRequired":true,"valueName":"search_term_string"}}],"inLanguage":"fr-FR"},{"@type":"Organization","@id":"https:\/\/www.pnl.ch\/college-coach\/#organization","name":"Coll\u00e8ge Romand - Centre de formation d'adultes S\u00e0rl","url":"https:\/\/www.pnl.ch\/college-coach\/","logo":{"@type":"ImageObject","inLanguage":"fr-FR","@id":"https:\/\/www.pnl.ch\/college-coach\/#\/schema\/logo\/image\/","url":"https:\/\/www.pnl.ch\/college-coach\/wp-content\/uploads\/sites\/3\/2017\/04\/college-coach-logo-nc.png","contentUrl":"https:\/\/www.pnl.ch\/college-coach\/wp-content\/uploads\/sites\/3\/2017\/04\/college-coach-logo-nc.png","width":314,"height":200,"caption":"Coll\u00e8ge Romand - Centre de formation d'adultes S\u00e0rl"},"image":{"@id":"https:\/\/www.pnl.ch\/college-coach\/#\/schema\/logo\/image\/"},"sameAs":["https:\/\/www.facebook.com\/college.romand\/","https:\/\/x.com\/CollegeRomand","https:\/\/www.linkedin.com\/school\/college-romand\/","https:\/\/www.instagram.com\/collegeromand\/"]}]}},"_links":{"self":[{"href":"https:\/\/www.pnl.ch\/college-coach\/wp-json\/wp\/v2\/pages\/651","targetHints":{"allow":["GET"]}}],"collection":[{"href":"https:\/\/www.pnl.ch\/college-coach\/wp-json\/wp\/v2\/pages"}],"about":[{"href":"https:\/\/www.pnl.ch\/college-coach\/wp-json\/wp\/v2\/types\/page"}],"author":[{"embeddable":true,"href":"https:\/\/www.pnl.ch\/college-coach\/wp-json\/wp\/v2\/users\/1"}],"replies":[{"embeddable":true,"href":"https:\/\/www.pnl.ch\/college-coach\/wp-json\/wp\/v2\/comments?post=651"}],"version-history":[{"count":4,"href":"https:\/\/www.pnl.ch\/college-coach\/wp-json\/wp\/v2\/pages\/651\/revisions"}],"predecessor-version":[{"id":1767,"href":"https:\/\/www.pnl.ch\/college-coach\/wp-json\/wp\/v2\/pages\/651\/revisions\/1767"}],"up":[{"embeddable":true,"href":"https:\/\/www.pnl.ch\/college-coach\/wp-json\/wp\/v2\/pages\/648"}],"wp:featuredmedia":[{"embeddable":true,"href":"https:\/\/www.pnl.ch\/college-coach\/wp-json\/wp\/v2\/media\/1469"}],"wp:attachment":[{"href":"https:\/\/www.pnl.ch\/college-coach\/wp-json\/wp\/v2\/media?parent=651"}],"curies":[{"name":"wp","href":"https:\/\/api.w.org\/{rel}","templated":true}]}}