{"id":25,"date":"2017-04-06T12:23:49","date_gmt":"2017-04-06T10:23:49","guid":{"rendered":"https:\/\/www.pnl.ch\/college-entreprise\/?page_id=25"},"modified":"2024-04-01T12:28:26","modified_gmt":"2024-04-01T10:28:26","slug":"faq","status":"publish","type":"page","link":"https:\/\/www.pnl.ch\/college-entreprise\/faq\/","title":{"rendered":"Foire aux questions sur la formation en entreprise"},"content":{"rendered":"<div class=\"wpb-content-wrapper\"><p>[vc_row][vc_column][vc_toggle title=\u00a0\u00bbQuelles sont les comp\u00e9tences cl\u00e9s pour \u00eatre entrepreneur?\u00a0\u00bb style=\u00a0\u00bbround\u00a0\u00bb size=\u00a0\u00bbsm\u00a0\u00bb]Un entrepreneur doit pouvoir\u2026<\/p>\n<ul>\n<li>Anticiper et reconna\u00eetre les opportunit\u00e9s, les d\u00e9fis et les probl\u00e8mes potentiels.<\/li>\n<li>R\u00e9soudre des probl\u00e8mes en utilisant du bon sens, un esprit critique et de la cr\u00e9ativit\u00e9.<\/li>\n<li>\u00catre confortable avec l&rsquo;ambigu\u00eft\u00e9, l&rsquo;incertitude et\u00a0la complexit\u00e9.<\/li>\n<li>Avoir une vision claire de sa strat\u00e9gie \u00e0 long terme.<\/li>\n<li>\u00catre \u00e0 l&rsquo;aise avec les nouvelles technologies.<\/li>\n<li>Communiquer clairement et de mani\u00e8re concise aussi bien par \u00e9crit qu&rsquo;oralement.<\/li>\n<li>Avoir une syst\u00e9matique et des processus \u00e9tablis pour les actions r\u00e9p\u00e9titives.<\/li>\n<li>Convaincre et motiver les autres.<\/li>\n<li>R\u00e9soudre des conflits avec diplomatie.<\/li>\n<li>Travailler dans un cadre de collaboration.<\/li>\n<\/ul>\n<p>[\/vc_toggle][\/vc_column][\/vc_row][vc_row margin_top=\u00a0\u00bb30&Prime;][vc_column][vc_toggle title=\u00a0\u00bbComment d\u00e9velopper sa carri\u00e8re?\u00a0\u00bb style=\u00a0\u00bbround\u00a0\u00bb size=\u00a0\u00bbsm\u00a0\u00bb]<\/p>\n<h5>Vous inspirer\u00a0des meilleurs<\/h5>\n<p>Beaucoup de personnes pensent que l&rsquo;on peut tout faire tout seul: lire, exp\u00e9rimenter, voir des films qui vous inspirent. Tout cela ne vous aidera pas \u00e0 tout faire. Vous inspirer des meilleurs ou, encore mieux, avoir un mentor ou un coach qui vous suit\u00a0vous aidera \u00e0 progresser.<\/p>\n<h5>Ne pas chercher \u00e0 gagner de l&rsquo;argent<\/h5>\n<p>Si vous faites ce que vous aimez et ce <a href=\"https:\/\/www.pnl.ch\/college-entreprise\/etes-vous-fait-pour-votre-travail\/\">pour quoi vous \u00eates fait<\/a>, vous vous \u00e9panouirez. Vous aurez plus d&rsquo;\u00e9nergie pour avancer dans votre travail et r\u00e9ussir \u00e0 long terme.<\/p>\n<h5>Croire en vous<\/h5>\n<p>Croire en vous est le s\u00fbr moyen d&rsquo;\u00eatre sourd aux doutes des autres et \u00e9viter qu&rsquo;ils d\u00e9teignent sur vous.<\/p>\n<p>Pour cela, ne jamais vous comparer aux autres. M\u00eame les plus grands, un jour, faisaient partie du commun des mortels. Ils avaient les m\u00eames doutes, les m\u00eames peurs et les m\u00eames acc\u00e8s limit\u00e9s \u00e0 certaines ressources que vous, mais ils ont pers\u00e9v\u00e9r\u00e9, ils ont cru en eux-m\u00eames.<\/p>\n<h5>\u00catre quelqu&rsquo;un en qui on peut avoir confiance<\/h5>\n<p>Plut\u00f4t que chercher \u00e0 obtenir des gains ou\u00a0un avancement\u00a0facilement et rapidement, misez sur le long terme! L&rsquo;investissement portera ses fruits. Si vous faites ce que vous dites\u00a0et\u00a0ne cherchez pas \u00e0 avancer au d\u00e9pend des autres, les gens s&rsquo;en souviendront et vous feront confiance.<\/p>\n<h5>\u00c9chouer souvent et \u00e9chouer vite<\/h5>\n<p>Peur de l&rsquo;\u00e9chec? Sans erreurs, vous n&rsquo;avancez pas. La route est tranquille et vous \u00eates en s\u00e9curit\u00e9, certes, mais c&rsquo;est la direction\u00a0s\u00fbre vers la stagnation et l&rsquo;ennui.<\/p>\n<p>R\u00e9ussir veut dire tomber, se relever, comprendre ce qui vous a fait tomber et utiliser cet apprentissage pour\u00a0avancer. Ceux qui ont r\u00e9ussi\u00a0l&rsquo;ont fait car ils\u00a0ont \u00e9chou\u00e9\u00a0davantage l\u00e0 o\u00f9 les autres ne se sont m\u00eame pas aventur\u00e9s. Plus vous tombez, plus vous irez loin.<\/p>\n<h5>Investissez dans\u00a0votre progr\u00e8s<\/h5>\n<p>Travailler sur soi est le meilleur travail qui soit. Apprendre quelque chose tous les jours est le meilleur moyen de progresser et d&rsquo;atteindre vos objectifs.[\/vc_toggle][\/vc_column][\/vc_row][vc_row margin_top=\u00a0\u00bb30&Prime;][vc_column][vc_toggle title=\u00a0\u00bbQuelles sont les qualit\u00e9s d&rsquo;un excellent manager?\u00a0\u00bb style=\u00a0\u00bbround\u00a0\u00bb size=\u00a0\u00bbsm\u00a0\u00bb el_id=\u00a0\u00bb1445872698131-3ca00256-95a2&Prime;]Un excellent manager n&rsquo;est pas quelqu&rsquo;un qui est dans une position d&rsquo;autorit\u00e9 et qu&rsquo;on vous oblige \u00e0 ob\u00e9ir, c&rsquo;est quelqu&rsquo;un qui nous inspire et pour qui on <strong>veut<\/strong> travailler. Il\/elle\u2026<\/p>\n<h5>A une vision<\/h5>\n<p>Motive\u00a0ses collaborateurs \u00e0 accomplir leurs\u00a0t\u00e2ches et\u00a0atteindre les objectifs de l&rsquo;entreprise.<\/p>\n<h5>Est orient\u00e9 r\u00e9sultats<\/h5>\n<p>Conna\u00eet les objectifs et les priorit\u00e9s de l&rsquo;entreprise. Il sait comment utiliser les membres de son \u00e9quipe et les rendre productifs.<\/p>\n<h5>Se mouille pour son \u00e9quipe<\/h5>\n<p>Soutient ses collaborateurs, prend la responsabilit\u00e9 de leurs \u00e9carts et leur attribue les m\u00e9rites.<\/p>\n<h5>Coache son \u00e9quipe<\/h5>\n<p>Donne du feedback, guide, and aide au d\u00e9veloppement. Conseille si n\u00e9cessaire.<\/p>\n<h5>Aide son \u00e9quipe \u00e0 progresser<\/h5>\n<p>Aide son \u00e9quipe \u00e0 faire un meilleur travail et met les ressources n\u00e9cessaires \u00e0 leur disposition.[\/vc_toggle][\/vc_column][\/vc_row]<\/p>\n<\/div>","protected":false},"excerpt":{"rendered":"<p>[vc_row][vc_column][vc_toggle title=\u00a0\u00bbQuelles sont les comp\u00e9tences cl\u00e9s pour \u00eatre entrepreneur?\u00a0\u00bb style=\u00a0\u00bbround\u00a0\u00bb size=\u00a0\u00bbsm\u00a0\u00bb]Un entrepreneur doit pouvoir\u2026 Anticiper et reconna\u00eetre les opportunit\u00e9s, les d\u00e9fis et les probl\u00e8mes potentiels. R\u00e9soudre des probl\u00e8mes en utilisant du bon sens, un esprit critique et de la cr\u00e9ativit\u00e9. \u00catre confortable avec l&rsquo;ambigu\u00eft\u00e9, l&rsquo;incertitude et\u00a0la complexit\u00e9. Avoir une vision claire de sa strat\u00e9gie \u00e0&hellip;<\/p>\n","protected":false},"author":1,"featured_media":1053,"parent":0,"menu_order":1,"comment_status":"closed","ping_status":"closed","template":"","meta":{"_acf_changed":false,"footnotes":""},"class_list":["post-25","page","type-page","status-publish","has-post-thumbnail","hentry","description-off"],"acf":[],"yoast_head":"<!-- This site is optimized with the Yoast SEO Premium plugin v26.9 (Yoast SEO v26.9) - https:\/\/yoast.com\/product\/yoast-seo-premium-wordpress\/ -->\n<title>FAQ sur la formation en entreprise | Coll\u00e8ge Entreprise<\/title>\n<meta name=\"description\" content=\"FAQ sur la formation en entreprise: management, carri\u00e8re, gestion du stress et des conflits, communication, changement\u2026\" \/>\n<meta name=\"robots\" content=\"index, follow, max-snippet:-1, max-image-preview:large, max-video-preview:-1\" \/>\n<link rel=\"canonical\" href=\"http:\/\/www.pnl.ch\/college-entreprise\/faq\/\" \/>\n<meta property=\"og:locale\" content=\"fr_FR\" \/>\n<meta property=\"og:type\" content=\"article\" \/>\n<meta property=\"og:title\" content=\"Foire aux questions sur la formation en entreprise\" \/>\n<meta property=\"og:description\" content=\"FAQ sur la formation en entreprise: management, carri\u00e8re, gestion du stress et des conflits, communication, changement\u2026\" \/>\n<meta property=\"og:url\" content=\"http:\/\/www.pnl.ch\/college-entreprise\/faq\/\" \/>\n<meta property=\"og:site_name\" content=\"Coll\u00e8ge Entreprise\" \/>\n<meta property=\"article:publisher\" content=\"https:\/\/www.facebook.com\/college.romand\/\" \/>\n<meta property=\"article:modified_time\" content=\"2024-04-01T10:28:26+00:00\" \/>\n<meta property=\"og:image\" content=\"http:\/\/www.pnl.ch\/college-entreprise\/wp-content\/uploads\/sites\/5\/2024\/04\/faq-question-reponse-entreprise-jpg.webp\" \/>\n\t<meta property=\"og:image:width\" content=\"1200\" \/>\n\t<meta property=\"og:image:height\" content=\"675\" \/>\n\t<meta property=\"og:image:type\" content=\"image\/jpeg\" \/>\n<meta name=\"twitter:card\" content=\"summary_large_image\" \/>\n<meta name=\"twitter:description\" content=\"FAQ sur la formation en entreprise: management, carri\u00e8re, gestion du stress et des conflits, communication, changement\u2026\" \/>\n<meta name=\"twitter:site\" content=\"@CollegeRomand\" \/>\n<meta name=\"twitter:label1\" content=\"Dur\u00e9e de lecture estim\u00e9e\" \/>\n\t<meta name=\"twitter:data1\" content=\"4 minutes\" \/>\n<script type=\"application\/ld+json\" class=\"yoast-schema-graph\">{\"@context\":\"https:\/\/schema.org\",\"@graph\":[{\"@type\":\"WebPage\",\"@id\":\"http:\/\/www.pnl.ch\/college-entreprise\/faq\/\",\"url\":\"http:\/\/www.pnl.ch\/college-entreprise\/faq\/\",\"name\":\"FAQ sur la formation en entreprise | Coll\u00e8ge Entreprise\",\"isPartOf\":{\"@id\":\"https:\/\/www.pnl.ch\/college-entreprise\/#website\"},\"primaryImageOfPage\":{\"@id\":\"http:\/\/www.pnl.ch\/college-entreprise\/faq\/#primaryimage\"},\"image\":{\"@id\":\"http:\/\/www.pnl.ch\/college-entreprise\/faq\/#primaryimage\"},\"thumbnailUrl\":\"https:\/\/www.pnl.ch\/college-entreprise\/wp-content\/uploads\/sites\/5\/2024\/04\/faq-question-reponse-entreprise-1-jpg.webp\",\"datePublished\":\"2017-04-06T10:23:49+00:00\",\"dateModified\":\"2024-04-01T10:28:26+00:00\",\"description\":\"FAQ sur la formation en entreprise: management, carri\u00e8re, gestion du stress et des conflits, communication, changement\u2026\",\"breadcrumb\":{\"@id\":\"http:\/\/www.pnl.ch\/college-entreprise\/faq\/#breadcrumb\"},\"inLanguage\":\"fr-FR\",\"potentialAction\":[{\"@type\":\"ReadAction\",\"target\":[\"http:\/\/www.pnl.ch\/college-entreprise\/faq\/\"]}]},{\"@type\":\"ImageObject\",\"inLanguage\":\"fr-FR\",\"@id\":\"http:\/\/www.pnl.ch\/college-entreprise\/faq\/#primaryimage\",\"url\":\"https:\/\/www.pnl.ch\/college-entreprise\/wp-content\/uploads\/sites\/5\/2024\/04\/faq-question-reponse-entreprise-1-jpg.webp\",\"contentUrl\":\"https:\/\/www.pnl.ch\/college-entreprise\/wp-content\/uploads\/sites\/5\/2024\/04\/faq-question-reponse-entreprise-1-jpg.webp\",\"width\":300,\"height\":300,\"caption\":\"Foire aux questions sur la formation en entreprise\"},{\"@type\":\"BreadcrumbList\",\"@id\":\"http:\/\/www.pnl.ch\/college-entreprise\/faq\/#breadcrumb\",\"itemListElement\":[{\"@type\":\"ListItem\",\"position\":1,\"name\":\"Accueil\",\"item\":\"https:\/\/www.pnl.ch\/college-entreprise\/\"},{\"@type\":\"ListItem\",\"position\":2,\"name\":\"Foire aux questions sur la formation en entreprise\"}]},{\"@type\":\"WebSite\",\"@id\":\"https:\/\/www.pnl.ch\/college-entreprise\/#website\",\"url\":\"https:\/\/www.pnl.ch\/college-entreprise\/\",\"name\":\"Coll\u00e8ge Entreprise\",\"description\":\"Formations certifiantes en d\u00e9veloppement de l\u2019Humain dans l\u2019Entreprise\",\"publisher\":{\"@id\":\"https:\/\/www.pnl.ch\/college-entreprise\/#organization\"},\"potentialAction\":[{\"@type\":\"SearchAction\",\"target\":{\"@type\":\"EntryPoint\",\"urlTemplate\":\"https:\/\/www.pnl.ch\/college-entreprise\/?s={search_term_string}\"},\"query-input\":{\"@type\":\"PropertyValueSpecification\",\"valueRequired\":true,\"valueName\":\"search_term_string\"}}],\"inLanguage\":\"fr-FR\"},{\"@type\":\"Organization\",\"@id\":\"https:\/\/www.pnl.ch\/college-entreprise\/#organization\",\"name\":\"Coll\u00e8ge Romand - Centre de formation d'adultes S\u00e0rl\",\"url\":\"https:\/\/www.pnl.ch\/college-entreprise\/\",\"logo\":{\"@type\":\"ImageObject\",\"inLanguage\":\"fr-FR\",\"@id\":\"https:\/\/www.pnl.ch\/college-entreprise\/#\/schema\/logo\/image\/\",\"url\":\"https:\/\/www.pnl.ch\/college-entreprise\/wp-content\/uploads\/sites\/5\/2017\/04\/college-entreprise-logo-nc.png\",\"contentUrl\":\"https:\/\/www.pnl.ch\/college-entreprise\/wp-content\/uploads\/sites\/5\/2017\/04\/college-entreprise-logo-nc.png\",\"width\":314,\"height\":200,\"caption\":\"Coll\u00e8ge Romand - Centre de formation d'adultes S\u00e0rl\"},\"image\":{\"@id\":\"https:\/\/www.pnl.ch\/college-entreprise\/#\/schema\/logo\/image\/\"},\"sameAs\":[\"https:\/\/www.facebook.com\/college.romand\/\",\"https:\/\/x.com\/CollegeRomand\",\"https:\/\/www.linkedin.com\/school\/college-romand\/\",\"https:\/\/www.instagram.com\/collegeromand\/\"]}]}<\/script>\n<!-- \/ Yoast SEO Premium plugin. -->","yoast_head_json":{"title":"FAQ sur la formation en entreprise | Coll\u00e8ge Entreprise","description":"FAQ sur la formation en entreprise: management, carri\u00e8re, gestion du stress et des conflits, communication, changement\u2026","robots":{"index":"index","follow":"follow","max-snippet":"max-snippet:-1","max-image-preview":"max-image-preview:large","max-video-preview":"max-video-preview:-1"},"canonical":"http:\/\/www.pnl.ch\/college-entreprise\/faq\/","og_locale":"fr_FR","og_type":"article","og_title":"Foire aux questions sur la formation en entreprise","og_description":"FAQ sur la formation en entreprise: management, carri\u00e8re, gestion du stress et des conflits, communication, changement\u2026","og_url":"http:\/\/www.pnl.ch\/college-entreprise\/faq\/","og_site_name":"Coll\u00e8ge Entreprise","article_publisher":"https:\/\/www.facebook.com\/college.romand\/","article_modified_time":"2024-04-01T10:28:26+00:00","og_image":[{"width":1200,"height":675,"url":"http:\/\/www.pnl.ch\/college-entreprise\/wp-content\/uploads\/sites\/5\/2024\/04\/faq-question-reponse-entreprise-jpg.webp","type":"image\/jpeg"}],"twitter_card":"summary_large_image","twitter_description":"FAQ sur la formation en entreprise: management, carri\u00e8re, gestion du stress et des conflits, communication, changement\u2026","twitter_site":"@CollegeRomand","twitter_misc":{"Dur\u00e9e de lecture estim\u00e9e":"4 minutes"},"schema":{"@context":"https:\/\/schema.org","@graph":[{"@type":"WebPage","@id":"http:\/\/www.pnl.ch\/college-entreprise\/faq\/","url":"http:\/\/www.pnl.ch\/college-entreprise\/faq\/","name":"FAQ sur la formation en entreprise | Coll\u00e8ge Entreprise","isPartOf":{"@id":"https:\/\/www.pnl.ch\/college-entreprise\/#website"},"primaryImageOfPage":{"@id":"http:\/\/www.pnl.ch\/college-entreprise\/faq\/#primaryimage"},"image":{"@id":"http:\/\/www.pnl.ch\/college-entreprise\/faq\/#primaryimage"},"thumbnailUrl":"https:\/\/www.pnl.ch\/college-entreprise\/wp-content\/uploads\/sites\/5\/2024\/04\/faq-question-reponse-entreprise-1-jpg.webp","datePublished":"2017-04-06T10:23:49+00:00","dateModified":"2024-04-01T10:28:26+00:00","description":"FAQ sur la formation en entreprise: management, carri\u00e8re, gestion du stress et des conflits, communication, changement\u2026","breadcrumb":{"@id":"http:\/\/www.pnl.ch\/college-entreprise\/faq\/#breadcrumb"},"inLanguage":"fr-FR","potentialAction":[{"@type":"ReadAction","target":["http:\/\/www.pnl.ch\/college-entreprise\/faq\/"]}]},{"@type":"ImageObject","inLanguage":"fr-FR","@id":"http:\/\/www.pnl.ch\/college-entreprise\/faq\/#primaryimage","url":"https:\/\/www.pnl.ch\/college-entreprise\/wp-content\/uploads\/sites\/5\/2024\/04\/faq-question-reponse-entreprise-1-jpg.webp","contentUrl":"https:\/\/www.pnl.ch\/college-entreprise\/wp-content\/uploads\/sites\/5\/2024\/04\/faq-question-reponse-entreprise-1-jpg.webp","width":300,"height":300,"caption":"Foire aux questions sur la formation en entreprise"},{"@type":"BreadcrumbList","@id":"http:\/\/www.pnl.ch\/college-entreprise\/faq\/#breadcrumb","itemListElement":[{"@type":"ListItem","position":1,"name":"Accueil","item":"https:\/\/www.pnl.ch\/college-entreprise\/"},{"@type":"ListItem","position":2,"name":"Foire aux questions sur la formation en entreprise"}]},{"@type":"WebSite","@id":"https:\/\/www.pnl.ch\/college-entreprise\/#website","url":"https:\/\/www.pnl.ch\/college-entreprise\/","name":"Coll\u00e8ge Entreprise","description":"Formations certifiantes en d\u00e9veloppement de l\u2019Humain dans l\u2019Entreprise","publisher":{"@id":"https:\/\/www.pnl.ch\/college-entreprise\/#organization"},"potentialAction":[{"@type":"SearchAction","target":{"@type":"EntryPoint","urlTemplate":"https:\/\/www.pnl.ch\/college-entreprise\/?s={search_term_string}"},"query-input":{"@type":"PropertyValueSpecification","valueRequired":true,"valueName":"search_term_string"}}],"inLanguage":"fr-FR"},{"@type":"Organization","@id":"https:\/\/www.pnl.ch\/college-entreprise\/#organization","name":"Coll\u00e8ge Romand - Centre de formation d'adultes S\u00e0rl","url":"https:\/\/www.pnl.ch\/college-entreprise\/","logo":{"@type":"ImageObject","inLanguage":"fr-FR","@id":"https:\/\/www.pnl.ch\/college-entreprise\/#\/schema\/logo\/image\/","url":"https:\/\/www.pnl.ch\/college-entreprise\/wp-content\/uploads\/sites\/5\/2017\/04\/college-entreprise-logo-nc.png","contentUrl":"https:\/\/www.pnl.ch\/college-entreprise\/wp-content\/uploads\/sites\/5\/2017\/04\/college-entreprise-logo-nc.png","width":314,"height":200,"caption":"Coll\u00e8ge Romand - Centre de formation d'adultes S\u00e0rl"},"image":{"@id":"https:\/\/www.pnl.ch\/college-entreprise\/#\/schema\/logo\/image\/"},"sameAs":["https:\/\/www.facebook.com\/college.romand\/","https:\/\/x.com\/CollegeRomand","https:\/\/www.linkedin.com\/school\/college-romand\/","https:\/\/www.instagram.com\/collegeromand\/"]}]}},"_links":{"self":[{"href":"https:\/\/www.pnl.ch\/college-entreprise\/wp-json\/wp\/v2\/pages\/25","targetHints":{"allow":["GET"]}}],"collection":[{"href":"https:\/\/www.pnl.ch\/college-entreprise\/wp-json\/wp\/v2\/pages"}],"about":[{"href":"https:\/\/www.pnl.ch\/college-entreprise\/wp-json\/wp\/v2\/types\/page"}],"author":[{"embeddable":true,"href":"https:\/\/www.pnl.ch\/college-entreprise\/wp-json\/wp\/v2\/users\/1"}],"replies":[{"embeddable":true,"href":"https:\/\/www.pnl.ch\/college-entreprise\/wp-json\/wp\/v2\/comments?post=25"}],"version-history":[{"count":4,"href":"https:\/\/www.pnl.ch\/college-entreprise\/wp-json\/wp\/v2\/pages\/25\/revisions"}],"predecessor-version":[{"id":1034,"href":"https:\/\/www.pnl.ch\/college-entreprise\/wp-json\/wp\/v2\/pages\/25\/revisions\/1034"}],"wp:featuredmedia":[{"embeddable":true,"href":"https:\/\/www.pnl.ch\/college-entreprise\/wp-json\/wp\/v2\/media\/1053"}],"wp:attachment":[{"href":"https:\/\/www.pnl.ch\/college-entreprise\/wp-json\/wp\/v2\/media?parent=25"}],"curies":[{"name":"wp","href":"https:\/\/api.w.org\/{rel}","templated":true}]}}