{"id":683,"date":"2020-05-19T11:05:55","date_gmt":"2020-05-19T09:05:55","guid":{"rendered":"https:\/\/www.pnl.ch\/college-entreprise\/?page_id=683"},"modified":"2024-11-11T19:05:43","modified_gmt":"2024-11-11T18:05:43","slug":"leadership-accompagner-vos-equipes","status":"publish","type":"page","link":"https:\/\/www.pnl.ch\/college-entreprise\/formations-intra-entreprise\/leadership-accompagner-vos-equipes\/","title":{"rendered":"Leadership: accompagner vos \u00e9quipes dans la conduite du changement"},"content":{"rendered":"<div class=\"wpb-content-wrapper\"><p>[vc_row margin_top=\u00a0\u00bb-20&Prime;][vc_column width=\u00a0\u00bb1\/4&Prime;]<style type=\"text\/css\" data-type=\"the7_shortcodes-inline-css\">.shortcode-single-image-wrap.shortcode-single-image-0dd35f8b9c70906b8a6f8708edee4201.enable-bg-rollover .rollover i,\n.shortcode-single-image-wrap.shortcode-single-image-0dd35f8b9c70906b8a6f8708edee4201.enable-bg-rollover .rollover-video i {\n  background: -webkit-linear-gradient();\n  background: linear-gradient();\n}\n.shortcode-single-image-wrap.shortcode-single-image-0dd35f8b9c70906b8a6f8708edee4201 .rollover-icon {\n  font-size: 32px;\n  color: #ffffff;\n  min-width: 44px;\n  min-height: 44px;\n  line-height: 44px;\n  border-radius: 100px;\n  border-style: solid;\n  border-width: 0px;\n}\n.dt-icon-bg-on.shortcode-single-image-wrap.shortcode-single-image-0dd35f8b9c70906b8a6f8708edee4201 .rollover-icon {\n  background: rgba(255,255,255,0.3);\n  box-shadow: none;\n}<\/style><div class=\"shortcode-single-image-wrap shortcode-single-image-0dd35f8b9c70906b8a6f8708edee4201 alignnone zoomIn animate-element caption-on  enable-bg-rollover dt-icon-bg-off\" style=\"margin-top:0px; margin-bottom:0px; margin-left:0px; margin-right:0px; width:250px;\"><div class=\"shortcode-single-image\"><div class=\"fancy-media-wrap  layzr-bg\" style=\"\"><img fetchpriority=\"high\" decoding=\"async\" class=\"preload-me lazy-load aspect\" src=\"data:image\/svg+xml,%3Csvg%20xmlns%3D&#39;http%3A%2F%2Fwww.w3.org%2F2000%2Fsvg&#39;%20viewBox%3D&#39;0%200%20250%20250&#39;%2F%3E\" data-src=\"https:\/\/www.pnl.ch\/college-entreprise\/wp-content\/uploads\/sites\/5\/2019\/10\/leadership-250x250.jpg\" data-srcset=\"https:\/\/www.pnl.ch\/college-entreprise\/wp-content\/uploads\/sites\/5\/2019\/10\/leadership-250x250.jpg 250w, https:\/\/www.pnl.ch\/college-entreprise\/wp-content\/uploads\/sites\/5\/2019\/10\/leadership.jpg 300w\" loading=\"eager\" sizes=\"(max-width: 250px) 100vw, 250px\" width=\"250\" height=\"250\"  data-dt-location=\"https:\/\/www.pnl.ch\/college-entreprise\/leadership\/\" style=\"--ratio: 250 \/ 250;\" alt=\"Leadership: accompagner vos \u00e9quipes dans la conduite du changement\" \/><\/div><\/div><div class=\"shortcode-single-caption\">S\u00e9minaire sur demande:  Leadership: accompagner vos \u00e9quipes dans la conduite du changement<\/div><\/div>[\/vc_column][vc_column width=\u00a0\u00bb3\/4&Prime;][vc_column_text css=\u00a0\u00bb\u00a0\u00bb]<\/p>\n<p class=\"date-formation\">Formation intra-entreprise sur demande<\/p>\n<ul class=\"puce-entreprise\">\n<li>Vous avez des difficult\u00e9s \u00e0 accompagner votre \u00e9quipe dans la conduite du changement?<\/li>\n<li>Vous souhaitez acqu\u00e9rir des outils pour cr\u00e9er une adh\u00e9sion face aux changements au sein de votre entreprise?<\/li>\n<li>La gestion de pressions contradictoires vous \u00e9puise?<\/li>\n<li>Vous souhaitez acqu\u00e9rir plus d\u2019assertivit\u00e9 pour initier et g\u00e9rer la motivation de vos \u00e9quipes et de vos collaborateurs?<\/li>\n<\/ul>\n<p>Mobiliser ses collaborateurs face aux changements impos\u00e9s par le management est une t\u00e2che complexe. Il faut savoir g\u00e9rer plusieurs pressions contradictoires et s\u2019adapter aux diff\u00e9rents profils de personnes pour conduire le changement avec fluidit\u00e9 et tonicit\u00e9.<\/p>\n<p>Pour cela, vous aurez besoin de garder le bon \u00e9tat d\u2019esprit, de comprendre la psychologie du changement et de faire face aux incoh\u00e9rences dans la conduite de ce dernier. Dans ce contexte, savoir cr\u00e9er une adh\u00e9sion est essentiel pour pers\u00e9v\u00e9rer sur le chemin d\u2019un changement impos\u00e9.<\/p>\n<p>Au travers de ce s\u00e9minaire, vous pourrez b\u00e9n\u00e9ficier d\u2019outils de gestion du changement dans ce monde VUCA (caract\u00e9ris\u00e9 par la Volatilit\u00e9, l\u2019Incertitude, la Complexit\u00e9 et l\u2019Ambigu\u00eft\u00e9) imm\u00e9diatement applicables d\u00e8s votre retour sur le lieu de travail. Vous apprendrez un processus d\u2019accompagnement d\u2019excellence en huit \u00e9tapes, mod\u00e9lis\u00e9 suite \u00e0 dix ans de pratique sur le terrain dans plusieurs pays. Vous pourrez vous appuyer sur diff\u00e9rentes grilles d\u2019analyses et permettre des prises de conscience favorisant l&rsquo;\u00e9mergence des \u00e9quipes, pour les f\u00e9d\u00e9rer et les autonomiser \u00e0 devenir acteurs du changement.[\/vc_column_text][vc_btn title=\u00a0\u00bbProposer cette formation \u00e0 vos \u00e9quipes\u00a0\u00bb color=\u00a0\u00bbdanger\u00a0\u00bb align=\u00a0\u00bbleft\u00a0\u00bb css=\u00a0\u00bb\u00a0\u00bb link=\u00a0\u00bburl:https%3A%2F%2Fwww.pnl.ch%2Fcollege-entreprise%2Finscription%2F|title:Proposer%20cette%20formation%20%C3%A0%20vos%20%C3%A9quipes\u00a0\u00bb][\/vc_column][\/vc_row][vc_row margin_top=\u00a0\u00bb40&Prime; margin_bottom=\u00a0\u00bb40&Prime;][vc_column][vc_tta_tabs style=\u00a0\u00bbmodern\u00a0\u00bb spacing=\u00a0\u00bb4&Prime; gap=\u00a0\u00bb4&Prime; active_section=\u00a0\u00bb1&Prime;][vc_tta_section title=\u00a0\u00bbObjectifs\u00a0\u00bb tab_id=\u00a0\u00bb1499949651115-968014be-752f\u00a0\u00bb][vc_column_text]<\/p>\n<ul class=\"puce-entreprise\">\n<li style=\"font-weight: 400;\"><span style=\"font-weight: 400;\">Se positionner comme acteur des \u00e9volutions en \u00e9tant porteur du sens des actions.<\/span><\/li>\n<li style=\"font-weight: 400;\"><span style=\"font-weight: 400;\">Embarquer une \u00e9quipe dans une dynamique constructive.<\/span><\/li>\n<li style=\"font-weight: 400;\"><span style=\"font-weight: 400;\">Cr\u00e9er les conditions favorisant les initiatives et l&rsquo;engagement.<\/span><\/li>\n<li style=\"font-weight: 400;\"><span style=\"font-weight: 400;\">Lever les freins \u00e9ventuels aux \u00e9volutions.<\/span><\/li>\n<li><span style=\"font-weight: 400;\">Adopter une posture appr\u00e9ciative dans un monde o\u00f9 le changement est permanent.<\/span><\/li>\n<\/ul>\n<p>[\/vc_column_text][\/vc_tta_section][vc_tta_section title=\u00a0\u00bbTh\u00e8mes possibles\u00a0\u00bb tab_id=\u00a0\u00bb1499949651299-38565a1d-e13b\u00a0\u00bb][vc_column_text]<\/p>\n<ul>\n<li style=\"font-weight: 400;\"><span style=\"font-weight: 400;\">L&rsquo;\u00e9tat d\u2019esprit constructif et les trois piliers de la confiance.<\/span><\/li>\n<li style=\"font-weight: 400;\"><span style=\"font-weight: 400;\">Le mod\u00e8le du leadership gagnant dans la conduite des \u00e9volutions.<\/span><\/li>\n<li style=\"font-weight: 400;\"><span style=\"font-weight: 400;\">S\u2019impliquer et impliquer les \u00e9quipes dans les changements \/ l&rsquo;\u00e9volution.<\/span><\/li>\n<li style=\"font-weight: 400;\"><span style=\"font-weight: 400;\">Acquisition d\u2019un processus en 8 \u00e9tapes qui favorise tout changement.<\/span><\/li>\n<li style=\"font-weight: 400;\"><span style=\"font-weight: 400;\">Les strat\u00e9gies de communication en fonction des typologies dans un contexte hostile au changement.<\/span><\/li>\n<li style=\"font-weight: 400;\"><span style=\"font-weight: 400;\">Le mod\u00e8le du FLOW au travail favorisant le bien-\u00eatre et le plaisir au travail.\u00a0<\/span><\/li>\n<li style=\"font-weight: 400;\"><span style=\"font-weight: 400;\">Le monde VUCA -ses contraintes et ses opportunit\u00e9s.<\/span><\/li>\n<\/ul>\n<p>[\/vc_column_text][\/vc_tta_section][vc_tta_section title=\u00a0\u00bbM\u00e9thode\u00a0\u00bb tab_id=\u00a0\u00bb1499949687566-f7a7de3f-75ef\u00a0\u00bb][vc_column_text]<\/p>\n<h5 style=\"margin-top: 5px;\">Personnes concern\u00e9es<\/h5>\n<p>Managers, responsables RH, n\u00e9gociateurs, formateurs, consultants, coachs, th\u00e9rapeutes, etc.<\/p>\n<h5>P\u00e9dagogie<\/h5>\n<p>Notre approche\u00a0s&rsquo;inspire des techniques d\u2019apprentissage acc\u00e9l\u00e9r\u00e9. Elle favorise\u00a0l\u2019int\u00e9gration rapide des connaissances et des savoir-faire. Nous favorisons la mise en application imm\u00e9diate\u00a0des acquis gr\u00e2ce \u00e0 un\u00a0<a href=\"https:\/\/www.pnl.ch\/e-learning\/\">espace virtuel d\u2019apprentissage<\/a>.[\/vc_column_text][\/vc_tta_section][vc_tta_section title=\u00a0\u00bbInfos et tarifs\u00a0\u00bb tab_id=\u00a0\u00bb1499949703604-6ba23e01-f490&Prime;][vc_column_text]<\/p>\n<h5 style=\"margin-top: 5px;\">ANIMATION<\/h5>\n<p><a href=\"https:\/\/www.pnl.ch\/formateurs\/roger-blumenthal\/\">Roger Blumenthal.<\/a> Enseignant en PNL, Coach ICF PCC, formateur et conf\u00e9rencier international, MAS en Human System Engineering.<\/p>\n<h5>LANGUE<\/h5>\n<p>Francais<\/p>\n<h5>PR\u00c9REQUIS<\/h5>\n<p>Aucun. Entretien t\u00e9l\u00e9phonique conseill\u00e9.<\/p>\n<h5>PRIX<\/h5>\n<p>Sur demande<\/p>\n<h5>LIEU<\/h5>\n<p>Centre de formation\u00a0<a title=\"Coll\u00e8ge Romand, Denges\" href=\"https:\/\/www.pnl.ch\/lieux\/centre-de-formation-college-romand\/\">Coll\u00e8ge Romand<\/a>, Denges[\/vc_column_text][\/vc_tta_section][vc_tta_section title=\u00a0\u00bbEt apr\u00e8s?\u00a0\u00bb tab_id=\u00a0\u00bb1499949723953-225590d7-63b1&Prime;][vc_column_text]<\/p>\n<h5 style=\"margin-top: 5px;\">Praticien en PNL<\/h5>\n<ul class=\"puce-entreprise\">\n<li>Le stress, les conflits, le manque de confiance p\u00e8sent sur votre vie?<\/li>\n<li>Vous aimeriez vous reconnecter avec le meilleur de vous-m\u00eame et acc\u00e9der \u00e0 la richesse de votre personnalit\u00e9?<\/li>\n<li>Vous d\u00e9sirez prendre les r\u00eanes de vos \u00e9motions et de vos comportements?<\/li>\n<\/ul>\n<h3>De nombreux outils vous apporteront une autonomie par rapport \u00e0 votre propre d\u00e9veloppement.<\/h3>\n<p>Gr\u00e2ce \u00e0 cette puissante m\u00e9thode d&rsquo;\u00e9volution, vous sortirez de cette spirale o\u00f9 vous subissez les \u00e9v\u00e9nements de votre vie. Vous obtiendrez des outils pour prendre les r\u00eanes de votre d\u00e9veloppement personnel et professionnel! <strong><a title=\"Praticien en PNL\" href=\"https:\/\/www.pnl.ch\/college-entreprise\/formations\/praticien-en-pnl\/\">D\u00e9couvrez les plus de cette formation\u2026<\/a><\/strong>[\/vc_column_text][\/vc_tta_section][\/vc_tta_tabs][\/vc_column][\/vc_row][vc_row margin_top=\u00a0\u00bb50&Prime;][vc_column][vc_column_text]Nous vous conseillons volontiers sur cette formation, contactez directement le Coll\u00e8ge Entreprise au <a href=\"tel:+41227369862\">+41 22 736 98 62<\/a> les lundi, mardis, jeudis et vendredis.[\/vc_column_text][vc_btn title=\u00a0\u00bbProposer cette formation \u00e0 vos \u00e9quipes\u00a0\u00bb color=\u00a0\u00bbdanger\u00a0\u00bb align=\u00a0\u00bbleft\u00a0\u00bb css=\u00a0\u00bb\u00a0\u00bb link=\u00a0\u00bburl:https%3A%2F%2Fwww.pnl.ch%2Fcollege-entreprise%2Finscription%2F|title:Proposer%20cette%20formation%20%C3%A0%20vos%20%C3%A9quipes\u00a0\u00bb][\/vc_column][\/vc_row][vc_column][\/vc_column]<\/p>\n<\/div>","protected":false},"excerpt":{"rendered":"<p>[vc_row margin_top=\u00a0\u00bb-20&Prime;][vc_column width=\u00a0\u00bb1\/4&Prime;][\/vc_column][vc_column width=\u00a0\u00bb3\/4&Prime;][vc_column_text css=\u00a0\u00bb\u00a0\u00bb] Formation intra-entreprise sur demande Vous avez des difficult\u00e9s \u00e0 accompagner votre \u00e9quipe dans la conduite du changement? Vous souhaitez acqu\u00e9rir des outils pour cr\u00e9er une adh\u00e9sion face aux changements au sein de votre entreprise? La gestion de pressions contradictoires vous \u00e9puise? Vous souhaitez acqu\u00e9rir plus d\u2019assertivit\u00e9 pour initier et g\u00e9rer&hellip;<\/p>\n","protected":false},"author":1,"featured_media":713,"parent":46,"menu_order":0,"comment_status":"closed","ping_status":"closed","template":"","meta":{"_acf_changed":false,"footnotes":""},"class_list":["post-683","page","type-page","status-publish","has-post-thumbnail","hentry","description-off"],"acf":[],"yoast_head":"<!-- This site is optimized with the Yoast SEO Premium plugin v27.4 (Yoast SEO v27.4) - https:\/\/yoast.com\/product\/yoast-seo-premium-wordpress\/ -->\n<title>Leadership: accompagner vos \u00e9quipes dans le changement<\/title>\n<meta name=\"description\" content=\"Savoir g\u00e9rer plusieurs pressions contradictoires et s\u2019adapter aux diff\u00e9rents profils de personnes permet un leadership dans la fluidit\u00e9.\" \/>\n<meta name=\"robots\" content=\"index, follow, max-snippet:-1, max-image-preview:large, max-video-preview:-1\" \/>\n<link rel=\"canonical\" href=\"http:\/\/www.pnl.ch\/college-entreprise\/formations-intra-entreprise\/leadership-accompagner-vos-equipes\/\" \/>\n<meta property=\"og:locale\" content=\"fr_FR\" \/>\n<meta property=\"og:type\" content=\"article\" \/>\n<meta property=\"og:title\" content=\"Leadership: accompagner vos \u00e9quipes dans la conduite du changement\" \/>\n<meta property=\"og:description\" content=\"Mobiliser ses collaborateurs face aux changements impos\u00e9s par le management est une t\u00e2che complexe. Savoir g\u00e9rer plusieurs pressions contradictoires et s\u2019adapter aux diff\u00e9rents profils de personnes permet un leadership dans la fluidit\u00e9.\" \/>\n<meta property=\"og:url\" content=\"http:\/\/www.pnl.ch\/college-entreprise\/formations-intra-entreprise\/leadership-accompagner-vos-equipes\/\" \/>\n<meta property=\"og:site_name\" content=\"Coll\u00e8ge Entreprise\" \/>\n<meta property=\"article:publisher\" content=\"https:\/\/www.facebook.com\/college.romand\/\" \/>\n<meta property=\"article:modified_time\" content=\"2024-11-11T18:05:43+00:00\" \/>\n<meta property=\"og:image\" content=\"http:\/\/www.pnl.ch\/college-entreprise\/wp-content\/uploads\/sites\/5\/2019\/10\/leadership.jpg\" \/>\n\t<meta property=\"og:image:width\" content=\"300\" \/>\n\t<meta property=\"og:image:height\" content=\"300\" \/>\n\t<meta property=\"og:image:type\" content=\"image\/jpeg\" \/>\n<meta name=\"twitter:card\" content=\"summary_large_image\" \/>\n<meta name=\"twitter:description\" content=\"Savoir g\u00e9rer plusieurs pressions contradictoires et s\u2019adapter aux diff\u00e9rents profils de personnes permet un leadership dans la fluidit\u00e9.\" \/>\n<meta name=\"twitter:site\" content=\"@CollegeRomand\" \/>\n<meta name=\"twitter:label1\" content=\"Dur\u00e9e de lecture estim\u00e9e\" \/>\n\t<meta name=\"twitter:data1\" content=\"4 minutes\" \/>\n<script type=\"application\/ld+json\" class=\"yoast-schema-graph\">{\"@context\":\"https:\\\/\\\/schema.org\",\"@graph\":[{\"@type\":\"WebPage\",\"@id\":\"http:\\\/\\\/www.pnl.ch\\\/college-entreprise\\\/formations-intra-entreprise\\\/leadership-accompagner-vos-equipes\\\/\",\"url\":\"http:\\\/\\\/www.pnl.ch\\\/college-entreprise\\\/formations-intra-entreprise\\\/leadership-accompagner-vos-equipes\\\/\",\"name\":\"Leadership: accompagner vos \u00e9quipes dans le changement\",\"isPartOf\":{\"@id\":\"https:\\\/\\\/www.pnl.ch\\\/college-entreprise\\\/#website\"},\"primaryImageOfPage\":{\"@id\":\"http:\\\/\\\/www.pnl.ch\\\/college-entreprise\\\/formations-intra-entreprise\\\/leadership-accompagner-vos-equipes\\\/#primaryimage\"},\"image\":{\"@id\":\"http:\\\/\\\/www.pnl.ch\\\/college-entreprise\\\/formations-intra-entreprise\\\/leadership-accompagner-vos-equipes\\\/#primaryimage\"},\"thumbnailUrl\":\"https:\\\/\\\/www.pnl.ch\\\/college-entreprise\\\/wp-content\\\/uploads\\\/sites\\\/5\\\/2019\\\/10\\\/leadership.jpg\",\"datePublished\":\"2020-05-19T09:05:55+00:00\",\"dateModified\":\"2024-11-11T18:05:43+00:00\",\"description\":\"Savoir g\u00e9rer plusieurs pressions contradictoires et s\u2019adapter aux diff\u00e9rents profils de personnes permet un leadership dans la fluidit\u00e9.\",\"breadcrumb\":{\"@id\":\"http:\\\/\\\/www.pnl.ch\\\/college-entreprise\\\/formations-intra-entreprise\\\/leadership-accompagner-vos-equipes\\\/#breadcrumb\"},\"inLanguage\":\"fr-FR\",\"potentialAction\":[{\"@type\":\"ReadAction\",\"target\":[\"http:\\\/\\\/www.pnl.ch\\\/college-entreprise\\\/formations-intra-entreprise\\\/leadership-accompagner-vos-equipes\\\/\"]}]},{\"@type\":\"ImageObject\",\"inLanguage\":\"fr-FR\",\"@id\":\"http:\\\/\\\/www.pnl.ch\\\/college-entreprise\\\/formations-intra-entreprise\\\/leadership-accompagner-vos-equipes\\\/#primaryimage\",\"url\":\"https:\\\/\\\/www.pnl.ch\\\/college-entreprise\\\/wp-content\\\/uploads\\\/sites\\\/5\\\/2019\\\/10\\\/leadership.jpg\",\"contentUrl\":\"https:\\\/\\\/www.pnl.ch\\\/college-entreprise\\\/wp-content\\\/uploads\\\/sites\\\/5\\\/2019\\\/10\\\/leadership.jpg\",\"width\":300,\"height\":300,\"caption\":\"Leadership: accompagner vos \u00e9quipes dans la conduite du changement\"},{\"@type\":\"BreadcrumbList\",\"@id\":\"http:\\\/\\\/www.pnl.ch\\\/college-entreprise\\\/formations-intra-entreprise\\\/leadership-accompagner-vos-equipes\\\/#breadcrumb\",\"itemListElement\":[{\"@type\":\"ListItem\",\"position\":1,\"name\":\"Accueil\",\"item\":\"https:\\\/\\\/www.pnl.ch\\\/college-entreprise\\\/\"},{\"@type\":\"ListItem\",\"position\":2,\"name\":\"Formations intra-entreprise\",\"item\":\"http:\\\/\\\/www.pnl.ch\\\/college-entreprise\\\/formations-intra-entreprise\\\/\"},{\"@type\":\"ListItem\",\"position\":3,\"name\":\"Leadership: accompagner vos \u00e9quipes dans la conduite du changement\"}]},{\"@type\":\"WebSite\",\"@id\":\"https:\\\/\\\/www.pnl.ch\\\/college-entreprise\\\/#website\",\"url\":\"https:\\\/\\\/www.pnl.ch\\\/college-entreprise\\\/\",\"name\":\"Coll\u00e8ge Entreprise\",\"description\":\"Formations certifiantes en d\u00e9veloppement de l\u2019Humain dans l\u2019Entreprise\",\"publisher\":{\"@id\":\"https:\\\/\\\/www.pnl.ch\\\/college-entreprise\\\/#organization\"},\"potentialAction\":[{\"@type\":\"SearchAction\",\"target\":{\"@type\":\"EntryPoint\",\"urlTemplate\":\"https:\\\/\\\/www.pnl.ch\\\/college-entreprise\\\/?s={search_term_string}\"},\"query-input\":{\"@type\":\"PropertyValueSpecification\",\"valueRequired\":true,\"valueName\":\"search_term_string\"}}],\"inLanguage\":\"fr-FR\"},{\"@type\":\"Organization\",\"@id\":\"https:\\\/\\\/www.pnl.ch\\\/college-entreprise\\\/#organization\",\"name\":\"Coll\u00e8ge Romand - Centre de formation d'adultes S\u00e0rl\",\"url\":\"https:\\\/\\\/www.pnl.ch\\\/college-entreprise\\\/\",\"logo\":{\"@type\":\"ImageObject\",\"inLanguage\":\"fr-FR\",\"@id\":\"https:\\\/\\\/www.pnl.ch\\\/college-entreprise\\\/#\\\/schema\\\/logo\\\/image\\\/\",\"url\":\"https:\\\/\\\/www.pnl.ch\\\/college-entreprise\\\/wp-content\\\/uploads\\\/sites\\\/5\\\/2017\\\/04\\\/college-entreprise-logo-nc.png\",\"contentUrl\":\"https:\\\/\\\/www.pnl.ch\\\/college-entreprise\\\/wp-content\\\/uploads\\\/sites\\\/5\\\/2017\\\/04\\\/college-entreprise-logo-nc.png\",\"width\":314,\"height\":200,\"caption\":\"Coll\u00e8ge Romand - Centre de formation d'adultes S\u00e0rl\"},\"image\":{\"@id\":\"https:\\\/\\\/www.pnl.ch\\\/college-entreprise\\\/#\\\/schema\\\/logo\\\/image\\\/\"},\"sameAs\":[\"https:\\\/\\\/www.facebook.com\\\/college.romand\\\/\",\"https:\\\/\\\/x.com\\\/CollegeRomand\",\"https:\\\/\\\/www.linkedin.com\\\/school\\\/college-romand\\\/\",\"https:\\\/\\\/www.instagram.com\\\/collegeromand\\\/\"]}]}<\/script>\n<!-- \/ Yoast SEO Premium plugin. -->","yoast_head_json":{"title":"Leadership: accompagner vos \u00e9quipes dans le changement","description":"Savoir g\u00e9rer plusieurs pressions contradictoires et s\u2019adapter aux diff\u00e9rents profils de personnes permet un leadership dans la fluidit\u00e9.","robots":{"index":"index","follow":"follow","max-snippet":"max-snippet:-1","max-image-preview":"max-image-preview:large","max-video-preview":"max-video-preview:-1"},"canonical":"http:\/\/www.pnl.ch\/college-entreprise\/formations-intra-entreprise\/leadership-accompagner-vos-equipes\/","og_locale":"fr_FR","og_type":"article","og_title":"Leadership: accompagner vos \u00e9quipes dans la conduite du changement","og_description":"Mobiliser ses collaborateurs face aux changements impos\u00e9s par le management est une t\u00e2che complexe. Savoir g\u00e9rer plusieurs pressions contradictoires et s\u2019adapter aux diff\u00e9rents profils de personnes permet un leadership dans la fluidit\u00e9.","og_url":"http:\/\/www.pnl.ch\/college-entreprise\/formations-intra-entreprise\/leadership-accompagner-vos-equipes\/","og_site_name":"Coll\u00e8ge Entreprise","article_publisher":"https:\/\/www.facebook.com\/college.romand\/","article_modified_time":"2024-11-11T18:05:43+00:00","og_image":[{"width":300,"height":300,"url":"http:\/\/www.pnl.ch\/college-entreprise\/wp-content\/uploads\/sites\/5\/2019\/10\/leadership.jpg","type":"image\/jpeg"}],"twitter_card":"summary_large_image","twitter_description":"Savoir g\u00e9rer plusieurs pressions contradictoires et s\u2019adapter aux diff\u00e9rents profils de personnes permet un leadership dans la fluidit\u00e9.","twitter_site":"@CollegeRomand","twitter_misc":{"Dur\u00e9e de lecture estim\u00e9e":"4 minutes"},"schema":{"@context":"https:\/\/schema.org","@graph":[{"@type":"WebPage","@id":"http:\/\/www.pnl.ch\/college-entreprise\/formations-intra-entreprise\/leadership-accompagner-vos-equipes\/","url":"http:\/\/www.pnl.ch\/college-entreprise\/formations-intra-entreprise\/leadership-accompagner-vos-equipes\/","name":"Leadership: accompagner vos \u00e9quipes dans le changement","isPartOf":{"@id":"https:\/\/www.pnl.ch\/college-entreprise\/#website"},"primaryImageOfPage":{"@id":"http:\/\/www.pnl.ch\/college-entreprise\/formations-intra-entreprise\/leadership-accompagner-vos-equipes\/#primaryimage"},"image":{"@id":"http:\/\/www.pnl.ch\/college-entreprise\/formations-intra-entreprise\/leadership-accompagner-vos-equipes\/#primaryimage"},"thumbnailUrl":"https:\/\/www.pnl.ch\/college-entreprise\/wp-content\/uploads\/sites\/5\/2019\/10\/leadership.jpg","datePublished":"2020-05-19T09:05:55+00:00","dateModified":"2024-11-11T18:05:43+00:00","description":"Savoir g\u00e9rer plusieurs pressions contradictoires et s\u2019adapter aux diff\u00e9rents profils de personnes permet un leadership dans la fluidit\u00e9.","breadcrumb":{"@id":"http:\/\/www.pnl.ch\/college-entreprise\/formations-intra-entreprise\/leadership-accompagner-vos-equipes\/#breadcrumb"},"inLanguage":"fr-FR","potentialAction":[{"@type":"ReadAction","target":["http:\/\/www.pnl.ch\/college-entreprise\/formations-intra-entreprise\/leadership-accompagner-vos-equipes\/"]}]},{"@type":"ImageObject","inLanguage":"fr-FR","@id":"http:\/\/www.pnl.ch\/college-entreprise\/formations-intra-entreprise\/leadership-accompagner-vos-equipes\/#primaryimage","url":"https:\/\/www.pnl.ch\/college-entreprise\/wp-content\/uploads\/sites\/5\/2019\/10\/leadership.jpg","contentUrl":"https:\/\/www.pnl.ch\/college-entreprise\/wp-content\/uploads\/sites\/5\/2019\/10\/leadership.jpg","width":300,"height":300,"caption":"Leadership: accompagner vos \u00e9quipes dans la conduite du changement"},{"@type":"BreadcrumbList","@id":"http:\/\/www.pnl.ch\/college-entreprise\/formations-intra-entreprise\/leadership-accompagner-vos-equipes\/#breadcrumb","itemListElement":[{"@type":"ListItem","position":1,"name":"Accueil","item":"https:\/\/www.pnl.ch\/college-entreprise\/"},{"@type":"ListItem","position":2,"name":"Formations intra-entreprise","item":"http:\/\/www.pnl.ch\/college-entreprise\/formations-intra-entreprise\/"},{"@type":"ListItem","position":3,"name":"Leadership: accompagner vos \u00e9quipes dans la conduite du changement"}]},{"@type":"WebSite","@id":"https:\/\/www.pnl.ch\/college-entreprise\/#website","url":"https:\/\/www.pnl.ch\/college-entreprise\/","name":"Coll\u00e8ge Entreprise","description":"Formations certifiantes en d\u00e9veloppement de l\u2019Humain dans l\u2019Entreprise","publisher":{"@id":"https:\/\/www.pnl.ch\/college-entreprise\/#organization"},"potentialAction":[{"@type":"SearchAction","target":{"@type":"EntryPoint","urlTemplate":"https:\/\/www.pnl.ch\/college-entreprise\/?s={search_term_string}"},"query-input":{"@type":"PropertyValueSpecification","valueRequired":true,"valueName":"search_term_string"}}],"inLanguage":"fr-FR"},{"@type":"Organization","@id":"https:\/\/www.pnl.ch\/college-entreprise\/#organization","name":"Coll\u00e8ge Romand - Centre de formation d'adultes S\u00e0rl","url":"https:\/\/www.pnl.ch\/college-entreprise\/","logo":{"@type":"ImageObject","inLanguage":"fr-FR","@id":"https:\/\/www.pnl.ch\/college-entreprise\/#\/schema\/logo\/image\/","url":"https:\/\/www.pnl.ch\/college-entreprise\/wp-content\/uploads\/sites\/5\/2017\/04\/college-entreprise-logo-nc.png","contentUrl":"https:\/\/www.pnl.ch\/college-entreprise\/wp-content\/uploads\/sites\/5\/2017\/04\/college-entreprise-logo-nc.png","width":314,"height":200,"caption":"Coll\u00e8ge Romand - Centre de formation d'adultes S\u00e0rl"},"image":{"@id":"https:\/\/www.pnl.ch\/college-entreprise\/#\/schema\/logo\/image\/"},"sameAs":["https:\/\/www.facebook.com\/college.romand\/","https:\/\/x.com\/CollegeRomand","https:\/\/www.linkedin.com\/school\/college-romand\/","https:\/\/www.instagram.com\/collegeromand\/"]}]}},"_links":{"self":[{"href":"https:\/\/www.pnl.ch\/college-entreprise\/wp-json\/wp\/v2\/pages\/683","targetHints":{"allow":["GET"]}}],"collection":[{"href":"https:\/\/www.pnl.ch\/college-entreprise\/wp-json\/wp\/v2\/pages"}],"about":[{"href":"https:\/\/www.pnl.ch\/college-entreprise\/wp-json\/wp\/v2\/types\/page"}],"author":[{"embeddable":true,"href":"https:\/\/www.pnl.ch\/college-entreprise\/wp-json\/wp\/v2\/users\/1"}],"replies":[{"embeddable":true,"href":"https:\/\/www.pnl.ch\/college-entreprise\/wp-json\/wp\/v2\/comments?post=683"}],"version-history":[{"count":18,"href":"https:\/\/www.pnl.ch\/college-entreprise\/wp-json\/wp\/v2\/pages\/683\/revisions"}],"predecessor-version":[{"id":1142,"href":"https:\/\/www.pnl.ch\/college-entreprise\/wp-json\/wp\/v2\/pages\/683\/revisions\/1142"}],"up":[{"embeddable":true,"href":"https:\/\/www.pnl.ch\/college-entreprise\/wp-json\/wp\/v2\/pages\/46"}],"wp:featuredmedia":[{"embeddable":true,"href":"https:\/\/www.pnl.ch\/college-entreprise\/wp-json\/wp\/v2\/media\/713"}],"wp:attachment":[{"href":"https:\/\/www.pnl.ch\/college-entreprise\/wp-json\/wp\/v2\/media?parent=683"}],"curies":[{"name":"wp","href":"https:\/\/api.w.org\/{rel}","templated":true}]}}