{"id":2548,"date":"2025-09-02T11:46:47","date_gmt":"2025-09-02T09:46:47","guid":{"rendered":"https:\/\/www.pnl.ch\/college-hypnose\/?page_id=2548"},"modified":"2026-02-17T10:19:12","modified_gmt":"2026-02-17T09:19:12","slug":"webinaire-praticien-hypnose-ericksonienne","status":"publish","type":"page","link":"https:\/\/www.pnl.ch\/college-hypnose\/webinaires\/webinaire-praticien-hypnose-ericksonienne\/","title":{"rendered":"Dans les coulisses de la formation en Hypnose ericksonienne"},"content":{"rendered":"<div class=\"wpb-content-wrapper\"><p>[vc_row][vc_column][vc_column_text css=\u00a0\u00bb\u00a0\u00bb]<b>Vivez une immersion unique au c\u0153ur du cursus\u00a0<strong>en Hypnose Ericksonienne<\/strong>\u00a0et d\u00e9couvrez pourquoi cette approche est consid\u00e9r\u00e9e comme l\u2019une des plus puissantes et humanistes en accompagnement.<\/b>[\/vc_column_text][\/vc_column][\/vc_row][vc_row margin_top=\u00a0\u00bb0&Prime;][vc_column][vc_column_text css=\u00a0\u00bb\u00a0\u00bb]<\/p>\n<h3><strong>Pourquoi participer ?<\/strong><\/h3>\n<ul>\n<li><span style=\"color: #000000;\"><strong>Plongez dans les fondements<\/strong>\u00a0et la puissance de l\u2019hypnose ericksonienne<\/span><\/li>\n<li><span style=\"color: #000000;\">D\u00e9couvrez\u00a0<strong>notre p\u00e9dagogie concr\u00e8te et immersive<\/strong><\/span><\/li>\n<li><span style=\"color: #000000;\"><strong>\u00c9coutez les t\u00e9moignages d\u2019anciens participants<\/strong>, qui partageront leur exp\u00e9rience et les transformations v\u00e9cues<\/span><\/li>\n<li><span style=\"color: #000000;\"><strong>Posez vos questions en direct<\/strong>\u00a0et obtenez des r\u00e9ponses claires et authentiques<\/span><\/li>\n<\/ul>\n<p>[\/vc_column_text][\/vc_column][\/vc_row][vc_row margin_top=\u00a0\u00bb-40px\u00a0\u00bb][vc_column width=\u00a0\u00bb2\/3&Prime; css=\u00a0\u00bb.vc_custom_1540813516604{padding-right: 50px !important;}\u00a0\u00bb][vc_column_text css=\u00a0\u00bb\u00a0\u00bb]<\/p>\n<h3><b>Un rendez-vous unique<\/b><\/h3>\n<p>Ce webinaire est con\u00e7u autant pour les personnes qui souhaitent d\u00e9couvrir\u00a0<strong>un nouveau m\u00e9tier ou une reconversion<\/strong>, que pour les\u00a0<strong>professionnels de l\u2019accompagnement<\/strong>\u00a0en qu\u00eate d\u2019outils puissants, ainsi que pour les\u00a0<strong>acteurs de la sant\u00e9 et des soins<\/strong>\u00a0qui d\u00e9sirent enrichir leur pratique.<\/p>\n<p>Une rencontre interactive qui vous permettra de vivre les coulisses de la formation, d\u2019entendre des r\u00e9cits inspirants et de sentir si cette aventure est faite pour vous.<\/p>\n<p>Une seule date, des <strong>places limit\u00e9es<\/strong>\u00a0pour favoriser les \u00e9changes : ne manquez pas cette opportunit\u00e9 de d\u00e9couvrir, de l\u2019int\u00e9rieur, une formation qui peut transformer votre fa\u00e7on d\u2019accompagner.[\/vc_column_text][\/vc_column][vc_column width=\u00a0\u00bb1\/3&Prime; css=\u00a0\u00bb.vc_custom_1511548436975{background-color: #333333 !important;}\u00a0\u00bb][vc_column_text css=\u00a0\u00bb.vc_custom_1758196885800{padding-left: 10px !important;}\u00a0\u00bb]<\/p>\n<h3 style=\"margin-top: 0; color: #a473e7;\"><strong>Vous inscrire \u00e0 ce webinaire<\/strong><\/h3>\n<p><span style=\"margin-top: 5px; color: #fff;\"><br \/>\n<span class=\"soustitre\">\u00c9v\u00e9nement\u202f: <\/span>Webinaire<br \/>\n<span class=\"soustitre\">Date\u202f: <\/span> 25 septembre 2025<br \/>\n<span class=\"soustitre\">Horaire\u202f: <\/span>De 12h00 \u00e0 13h00<br \/>\n<span class=\"soustitre\">Format\u202f: <\/span>Distanciel<br \/>\n<span class=\"soustitre\">Prix\u202f: <\/span>Gratuit<\/span>[\/vc_column_text][vc_raw_html css=\u00a0\u00bb\u00a0\u00bb]JTNDZm9ybSUyMGFjdGlvbiUzRCUyMmh0dHBzJTNBJTJGJTJGY3JwbmwuY2glMkZpbmRleC5waHAlMjIlMjBtZXRob2QlM0QlMjJwb3N0JTIyJTNFJTBBJTNDdGFibGUlMjBjbGFzcyUzRCUyMmFjeW1haWxpbmdfZm9ybSUyMiUyMHN0eWxlJTNEJTIyd2lkdGglM0ElMjAxMDAlMjUlM0IlMjBtYXglMjB3aWR0aCUzQSUyMDI2NXB4JTNCJTIwYmFja2dyb3VuZC1jb2xvciUzQSUyMCUyMzU1NTU1NSUzQiUyMiUzRSUwQSUzQ3Rib2R5JTNFJTBBJTNDdHIlM0UlMEElM0N0ZCUzRSUzQ2lucHV0JTIwaWQlM0QlMjJ1c2VyX25hbWUlMjIlMjBuYW1lJTNEJTIydXNlciU1Qm5hbWUlNUQlMjIlMjB0eXBlJTNEJTIydGV4dCUyMiUyMHZhbHVlJTNEJTIyJTIyJTIwcGxhY2Vob2xkZXIlM0QlMjJQciVDMyVBOW5vbSUyMiUyMCUyRiUzRSUzQyUyRnRkJTNFJTBBJTNDJTJGdHIlM0UlMEElM0N0ciUzRSUwQSUzQ3RkJTNFJTNDaW5wdXQlMjBpZCUzRCUyMnVzZXJfZW1haWwlMjIlMjBuYW1lJTNEJTIydXNlciU1QmVtYWlsJTVEJTIyJTIwdHlwZSUzRCUyMnRleHQlMjIlMjB2YWx1ZSUzRCUyMiUyMiUyMHBsYWNlaG9sZGVyJTNEJTIyQWRyZXNzZSUyMGUtbWFpbCUyMiUyMCUyRiUzRSUzQyUyRnRkJTNFJTBBJTNDJTJGdHIlM0UlMEElM0N0ciUzRSUwQSUzQ3RkJTNFJTNDaW5wdXQlMjBpZCUzRCUyMnVzZXJfdGVsZXBob25lX251bWJlciUyMiUyMG5hbWUlM0QlMjJ1c2VyJTVCdGVsZXBob25lX251bWJlciU1RCUyMiUyMHR5cGUlM0QlMjJ0ZXh0JTIyJTIwdmFsdWUlM0QlMjIlMjIlMjBwbGFjZWhvbGRlciUzRCUyMk51bSVDMyVBOXJvJTIwZGUlMjB0JUMzJUE5bCVDMyVBOXBob25lJTIyJTIwJTJGJTNFJTNDJTJGdGQlM0UlMEElM0MlMkZ0ciUzRSUwQSUzQ3RyJTNFJTBBJTNDdGQlM0UlM0NpbnB1dCUyMGNsYXNzJTNEJTIyZHQtYnRuJTIyJTIwbmFtZSUzRCUyMlN1Ym1pdCUyMiUyMHR5cGUlM0QlMjJzdWJtaXQlMjIlMjB2YWx1ZSUzRCUyMkplJTIwbSUyN2luc2NyaXMlMjIlMjAlMkYlM0UlM0MlMkZ0ZCUzRSUwQSUzQyUyRnRyJTNFJTBBJTNDdHIlM0UlMEElM0N0ZCUyMHN0eWxlJTNEJTIyZm9udC1zaXplJTNBJTIwMTFweCUzQiUyMHRleHQtYWxpZ24lM0ElMjBjZW50ZXIlM0IlMjB0ZXh0LWRlY29yYXRpb24lM0ElMjB1bmRlcmxpbmUlM0IlMjBwYWRkaW5nLXRvcCUzQSUyMDVweCUzQiUyMiUyMGNvbHNwYW4lM0QlMjIyJTIyJTNFJTNDYSUyMHN0eWxlJTNEJTIyY29sb3IlM0ElMjAlMjNmNjAlM0IlMjIlMjBocmVmJTNEJTIyaHR0cHMlM0ElMkYlMkZ3d3cucG5sLmNoJTJGY29uZmlkZW50aWFsaXRlLXBvbGl0aXF1ZS1wcm90ZWN0aW9uLWRvbm5lZXMlMkYlMjIlMjB0YXJnZXQlM0QlMjJfYmxhbmslMjIlMjByZWwlM0QlMjJub29wZW5lciUyMG5vcmVmZXJyZXIlMjIlM0VOb3VzJTIwbmUlMjBwYXJ0YWdlcm9ucyUyMGphbWFpcyUyMHZvdHJlJTIwYWRyZXNzZSUzQyUyRmElM0UlM0MlMkZ0ZCUzRSUwQSUzQyUyRnRyJTNFJTBBJTNDJTJGdGJvZHklM0UlMEElM0MlMkZ0YWJsZSUzRSUwQSUwQSUzQyUyMS0tJTIwSG9uZXlwb3QlMjBhbnRpLWJvdCUyMC0tJTNFJTBBJTNDZGl2JTIwc3R5bGUlM0QlMjJwb3NpdGlvbiUzQWFic29sdXRlJTNCJTIwbGVmdCUzQS05OTk5cHglM0IlMjB0b3AlM0FhdXRvJTNCJTIwd2lkdGglM0ExcHglM0IlMjBoZWlnaHQlM0ExcHglM0IlMjBvdmVyZmxvdyUzQWhpZGRlbiUzQiUyMiUzRSUwQSUyMCUyMCUzQ2xhYmVsJTNFTmUlMjBwYXMlMjByZW1wbGlyJTIwY2UlMjBjaGFtcCUzQyUyRmxhYmVsJTNFJTBBJTIwJTIwJTNDaW5wdXQlMjB0eXBlJTNEJTIydGV4dCUyMiUyMG5hbWUlM0QlMjJ3ZWJzaXRlJTIyJTIwdmFsdWUlM0QlMjIlMjIlMjBhdXRvY29tcGxldGUlM0QlMjJvZmYlMjIlMjB0YWJpbmRleCUzRCUyMi0xJTIyJTNFJTBBJTNDJTJGZGl2JTNFJTBBJTNDaW5wdXQlMjB0eXBlJTNEJTIyaGlkZGVuJTIyJTIwbmFtZSUzRCUyMmZvcm1fdHMlMjIlMjB2YWx1ZSUzRCUyMjAlMjIlMjBpZCUzRCUyMmZvcm1fdHMlMjIlM0UlMEElM0NzY3JpcHQlM0UlMEElMjAlMjAlMkYlMkYlMjBUaW1lc3RhbXAlMjBlbiUyMHNlY29uZGVzJTIwYXUlMjBjaGFyZ2VtZW50JTIwZGUlMjBsYSUyMHBhZ2UlMEElMjAlMjBkb2N1bWVudC5nZXRFbGVtZW50QnlJZCUyOCUyN2Zvcm1fdHMlMjclMjkudmFsdWUlMjAlM0QlMjBNYXRoLmZsb29yJTI4RGF0ZS5ub3clMjglMjklMjAlMkYlMjAxMDAwJTI5JTNCJTBBJTNDJTJGc2NyaXB0JTNFJTBBJTBBJTNDc3BhbiUyMHN0eWxlJTNEJTIyZGlzcGxheSUzQSUyMG5vbmUlM0IlMjIlM0UlMEElM0NpbnB1dCUyMG5hbWUlM0QlMjJjdHJsJTIyJTIwdHlwZSUzRCUyMmhpZGRlbiUyMiUyMHZhbHVlJTNEJTIyZnJvbnR1c2VycyUyMiUyMCUyRiUzRSUwQSUzQ2lucHV0JTIwbmFtZSUzRCUyMnRhc2slMjIlMjB0eXBlJTNEJTIyaGlkZGVuJTIyJTIwdmFsdWUlM0QlMjJzdWJzY3JpYmUlMjIlMjAlMkYlM0UlMEElM0NpbnB1dCUyMG5hbWUlM0QlMjJyZWRpcmVjdCUyMiUyMHR5cGUlM0QlMjJoaWRkZW4lMjIlMjB2YWx1ZSUzRCUyMmh0dHBzJTNBJTJGJTJGd3d3LnBubC5jaCUyRm1lcmNpLWRlLWNvbmZpcm1lciUyRiUyMiUyMCUyRiUzRSUwQSUzQ2lucHV0JTIwbmFtZSUzRCUyMmhpZGRlbmxpc3RzJTIyJTIwdHlwZSUzRCUyMmhpZGRlbiUyMiUyMHZhbHVlJTNEJTIyMzklMjIlMjAlMkYlM0UlMEElM0NpbnB1dCUyMG5hbWUlM0QlMjJvcHRpb24lMjIlMjB0eXBlJTNEJTIyaGlkZGVuJTIyJTIwdmFsdWUlM0QlMjJjb21fYWN5bSUyMiUyMCUyRiUzRSUwQSUzQ2lucHV0JTIwbmFtZSUzRCUyMnNlY2tleSUyMiUyMHR5cGUlM0QlMjJoaWRkZW4lMjIlMjB2YWx1ZSUzRCUyMnNDWFk2ek80THFXZ2VMYjl6bDlKc0QwUnJaU2UybSUyMiUyMCUyRiUzRSUwQSUzQyUyRnNwYW4lM0UlMEElMEElM0MlMkZmb3JtJTNF[\/vc_raw_html][\/vc_column][\/vc_row]<\/p>\n<\/div>","protected":false},"excerpt":{"rendered":"<p>[vc_row][vc_column][vc_column_text css=\u00a0\u00bb\u00a0\u00bb]Vivez une immersion unique au c\u0153ur du cursus\u00a0en Hypnose Ericksonienne\u00a0et d\u00e9couvrez pourquoi cette approche est consid\u00e9r\u00e9e comme l\u2019une des plus puissantes et humanistes en accompagnement.[\/vc_column_text][\/vc_column][\/vc_row][vc_row margin_top=\u00a0\u00bb0&Prime;][vc_column][vc_column_text css=\u00a0\u00bb\u00a0\u00bb] Pourquoi participer ? Plongez dans les fondements\u00a0et la puissance de l\u2019hypnose ericksonienne D\u00e9couvrez\u00a0notre p\u00e9dagogie concr\u00e8te et immersive \u00c9coutez les t\u00e9moignages d\u2019anciens participants, qui partageront leur exp\u00e9rience et&hellip;<\/p>\n","protected":false},"author":32,"featured_media":0,"parent":681,"menu_order":0,"comment_status":"closed","ping_status":"closed","template":"","meta":{"_acf_changed":false,"footnotes":""},"class_list":["post-2548","page","type-page","status-publish","hentry","description-off"],"acf":[],"yoast_head":"<!-- This site is optimized with the Yoast SEO Premium plugin v27.4 (Yoast SEO v27.4) - https:\/\/yoast.com\/product\/yoast-seo-premium-wordpress\/ -->\n<title>Dans les coulisses de la formation en Hypnose ericksonienne | Coll\u00e8ge Hypnose<\/title>\n<meta name=\"description\" content=\"Inscrivez-vous \u00e0 notre webinaire en ligne, gratuit et d\u00e9couvrez les coulisses de notre formation de Praticien en hypnose ericksonienne.\" \/>\n<meta name=\"robots\" content=\"index, follow, max-snippet:-1, max-image-preview:large, max-video-preview:-1\" \/>\n<link rel=\"canonical\" href=\"https:\/\/www.pnl.ch\/college-hypnose\/webinaires\/webinaire-praticien-hypnose-ericksonienne\/\" \/>\n<meta property=\"og:locale\" content=\"fr_FR\" \/>\n<meta property=\"og:type\" content=\"article\" \/>\n<meta property=\"og:title\" content=\"Dans les coulisses de la formation en Hypnose ericksonienne | Coll\u00e8ge Romand\" \/>\n<meta property=\"og:description\" content=\"Inscrivez-vous \u00e0 notre webinaire en ligne, gratuit et d\u00e9couvrez les coulisses de notre formation de Praticien en hypnose ericksonienne.\" \/>\n<meta property=\"og:url\" content=\"https:\/\/www.pnl.ch\/college-hypnose\/webinaires\/webinaire-praticien-hypnose-ericksonienne\/\" \/>\n<meta property=\"og:site_name\" content=\"Coll\u00e8ge Hypnose\" \/>\n<meta property=\"article:publisher\" content=\"https:\/\/www.facebook.com\/college.romand\/\" \/>\n<meta property=\"article:modified_time\" content=\"2026-02-17T09:19:12+00:00\" \/>\n<meta property=\"og:image\" content=\"https:\/\/www.pnl.ch\/college-hypnose\/wp-content\/uploads\/sites\/4\/2024\/03\/college-hypnose-1-jpg.webp\" \/>\n\t<meta property=\"og:image:width\" content=\"1200\" \/>\n\t<meta property=\"og:image:height\" content=\"675\" \/>\n\t<meta property=\"og:image:type\" content=\"image\/jpeg\" \/>\n<meta name=\"twitter:card\" content=\"summary_large_image\" \/>\n<meta name=\"twitter:title\" content=\"Dans les coulisses de la formation en Hypnose ericksonienne\" \/>\n<meta name=\"twitter:description\" content=\"R\u00e9duction du stress: comment utiliser l&#039;hypnose pour r\u00e9duire les sympt\u00f4mes du stress, tels que l&#039;anxi\u00e9t\u00e9, la tension musculaire, etc.\" \/>\n<meta name=\"twitter:site\" content=\"@CollegeRomand\" \/>\n<meta name=\"twitter:label1\" content=\"Dur\u00e9e de lecture estim\u00e9e\" \/>\n\t<meta name=\"twitter:data1\" content=\"2 minutes\" \/>\n<script type=\"application\/ld+json\" class=\"yoast-schema-graph\">{\"@context\":\"https:\\\/\\\/schema.org\",\"@graph\":[{\"@type\":\"WebPage\",\"@id\":\"https:\\\/\\\/www.pnl.ch\\\/college-hypnose\\\/webinaires\\\/webinaire-praticien-hypnose-ericksonienne\\\/\",\"url\":\"https:\\\/\\\/www.pnl.ch\\\/college-hypnose\\\/webinaires\\\/webinaire-praticien-hypnose-ericksonienne\\\/\",\"name\":\"Dans les coulisses de la formation en Hypnose ericksonienne | Coll\u00e8ge Hypnose\",\"isPartOf\":{\"@id\":\"https:\\\/\\\/www.pnl.ch\\\/college-hypnose\\\/#website\"},\"datePublished\":\"2025-09-02T09:46:47+00:00\",\"dateModified\":\"2026-02-17T09:19:12+00:00\",\"description\":\"Inscrivez-vous \u00e0 notre webinaire en ligne, gratuit et d\u00e9couvrez les coulisses de notre formation de Praticien en hypnose ericksonienne.\",\"breadcrumb\":{\"@id\":\"https:\\\/\\\/www.pnl.ch\\\/college-hypnose\\\/webinaires\\\/webinaire-praticien-hypnose-ericksonienne\\\/#breadcrumb\"},\"inLanguage\":\"fr-FR\",\"potentialAction\":[{\"@type\":\"ReadAction\",\"target\":[\"https:\\\/\\\/www.pnl.ch\\\/college-hypnose\\\/webinaires\\\/webinaire-praticien-hypnose-ericksonienne\\\/\"]}]},{\"@type\":\"BreadcrumbList\",\"@id\":\"https:\\\/\\\/www.pnl.ch\\\/college-hypnose\\\/webinaires\\\/webinaire-praticien-hypnose-ericksonienne\\\/#breadcrumb\",\"itemListElement\":[{\"@type\":\"ListItem\",\"position\":1,\"name\":\"Accueil\",\"item\":\"https:\\\/\\\/www.pnl.ch\\\/college-hypnose\\\/\"},{\"@type\":\"ListItem\",\"position\":2,\"name\":\"Webinaires\",\"item\":\"https:\\\/\\\/www.pnl.ch\\\/college-hypnose\\\/webinaires\\\/\"},{\"@type\":\"ListItem\",\"position\":3,\"name\":\"Dans les coulisses de la formation en Hypnose ericksonienne\"}]},{\"@type\":\"WebSite\",\"@id\":\"https:\\\/\\\/www.pnl.ch\\\/college-hypnose\\\/#website\",\"url\":\"https:\\\/\\\/www.pnl.ch\\\/college-hypnose\\\/\",\"name\":\"Coll\u00e8ge Hypnose\",\"description\":\"Formations certifiantes en Hypnose Ericksonienne\",\"publisher\":{\"@id\":\"https:\\\/\\\/www.pnl.ch\\\/college-hypnose\\\/#organization\"},\"potentialAction\":[{\"@type\":\"SearchAction\",\"target\":{\"@type\":\"EntryPoint\",\"urlTemplate\":\"https:\\\/\\\/www.pnl.ch\\\/college-hypnose\\\/?s={search_term_string}\"},\"query-input\":{\"@type\":\"PropertyValueSpecification\",\"valueRequired\":true,\"valueName\":\"search_term_string\"}}],\"inLanguage\":\"fr-FR\"},{\"@type\":\"Organization\",\"@id\":\"https:\\\/\\\/www.pnl.ch\\\/college-hypnose\\\/#organization\",\"name\":\"Coll\u00e8ge Romand - Centre de formation d'adultes S\u00e0rl\",\"url\":\"https:\\\/\\\/www.pnl.ch\\\/college-hypnose\\\/\",\"logo\":{\"@type\":\"ImageObject\",\"inLanguage\":\"fr-FR\",\"@id\":\"https:\\\/\\\/www.pnl.ch\\\/college-hypnose\\\/#\\\/schema\\\/logo\\\/image\\\/\",\"url\":\"https:\\\/\\\/www.pnl.ch\\\/college-hypnose\\\/wp-content\\\/uploads\\\/sites\\\/4\\\/2017\\\/04\\\/college-hypnose-logo-nc.png\",\"contentUrl\":\"https:\\\/\\\/www.pnl.ch\\\/college-hypnose\\\/wp-content\\\/uploads\\\/sites\\\/4\\\/2017\\\/04\\\/college-hypnose-logo-nc.png\",\"width\":314,\"height\":200,\"caption\":\"Coll\u00e8ge Romand - Centre de formation d'adultes S\u00e0rl\"},\"image\":{\"@id\":\"https:\\\/\\\/www.pnl.ch\\\/college-hypnose\\\/#\\\/schema\\\/logo\\\/image\\\/\"},\"sameAs\":[\"https:\\\/\\\/www.facebook.com\\\/college.romand\\\/\",\"https:\\\/\\\/x.com\\\/CollegeRomand\",\"https:\\\/\\\/www.linkedin.com\\\/school\\\/college-romand\\\/\",\"https:\\\/\\\/www.instagram.com\\\/collegeromand\\\/\"]}]}<\/script>\n<!-- \/ Yoast SEO Premium plugin. -->","yoast_head_json":{"title":"Dans les coulisses de la formation en Hypnose ericksonienne | Coll\u00e8ge Hypnose","description":"Inscrivez-vous \u00e0 notre webinaire en ligne, gratuit et d\u00e9couvrez les coulisses de notre formation de Praticien en hypnose ericksonienne.","robots":{"index":"index","follow":"follow","max-snippet":"max-snippet:-1","max-image-preview":"max-image-preview:large","max-video-preview":"max-video-preview:-1"},"canonical":"https:\/\/www.pnl.ch\/college-hypnose\/webinaires\/webinaire-praticien-hypnose-ericksonienne\/","og_locale":"fr_FR","og_type":"article","og_title":"Dans les coulisses de la formation en Hypnose ericksonienne | Coll\u00e8ge Romand","og_description":"Inscrivez-vous \u00e0 notre webinaire en ligne, gratuit et d\u00e9couvrez les coulisses de notre formation de Praticien en hypnose ericksonienne.","og_url":"https:\/\/www.pnl.ch\/college-hypnose\/webinaires\/webinaire-praticien-hypnose-ericksonienne\/","og_site_name":"Coll\u00e8ge Hypnose","article_publisher":"https:\/\/www.facebook.com\/college.romand\/","article_modified_time":"2026-02-17T09:19:12+00:00","og_image":[{"width":1200,"height":675,"url":"https:\/\/www.pnl.ch\/college-hypnose\/wp-content\/uploads\/sites\/4\/2024\/03\/college-hypnose-1-jpg.webp","type":"image\/jpeg"}],"twitter_card":"summary_large_image","twitter_title":"Dans les coulisses de la formation en Hypnose ericksonienne","twitter_description":"R\u00e9duction du stress: comment utiliser l'hypnose pour r\u00e9duire les sympt\u00f4mes du stress, tels que l'anxi\u00e9t\u00e9, la tension musculaire, etc.","twitter_site":"@CollegeRomand","twitter_misc":{"Dur\u00e9e de lecture estim\u00e9e":"2 minutes"},"schema":{"@context":"https:\/\/schema.org","@graph":[{"@type":"WebPage","@id":"https:\/\/www.pnl.ch\/college-hypnose\/webinaires\/webinaire-praticien-hypnose-ericksonienne\/","url":"https:\/\/www.pnl.ch\/college-hypnose\/webinaires\/webinaire-praticien-hypnose-ericksonienne\/","name":"Dans les coulisses de la formation en Hypnose ericksonienne | Coll\u00e8ge Hypnose","isPartOf":{"@id":"https:\/\/www.pnl.ch\/college-hypnose\/#website"},"datePublished":"2025-09-02T09:46:47+00:00","dateModified":"2026-02-17T09:19:12+00:00","description":"Inscrivez-vous \u00e0 notre webinaire en ligne, gratuit et d\u00e9couvrez les coulisses de notre formation de Praticien en hypnose ericksonienne.","breadcrumb":{"@id":"https:\/\/www.pnl.ch\/college-hypnose\/webinaires\/webinaire-praticien-hypnose-ericksonienne\/#breadcrumb"},"inLanguage":"fr-FR","potentialAction":[{"@type":"ReadAction","target":["https:\/\/www.pnl.ch\/college-hypnose\/webinaires\/webinaire-praticien-hypnose-ericksonienne\/"]}]},{"@type":"BreadcrumbList","@id":"https:\/\/www.pnl.ch\/college-hypnose\/webinaires\/webinaire-praticien-hypnose-ericksonienne\/#breadcrumb","itemListElement":[{"@type":"ListItem","position":1,"name":"Accueil","item":"https:\/\/www.pnl.ch\/college-hypnose\/"},{"@type":"ListItem","position":2,"name":"Webinaires","item":"https:\/\/www.pnl.ch\/college-hypnose\/webinaires\/"},{"@type":"ListItem","position":3,"name":"Dans les coulisses de la formation en Hypnose ericksonienne"}]},{"@type":"WebSite","@id":"https:\/\/www.pnl.ch\/college-hypnose\/#website","url":"https:\/\/www.pnl.ch\/college-hypnose\/","name":"Coll\u00e8ge Hypnose","description":"Formations certifiantes en Hypnose Ericksonienne","publisher":{"@id":"https:\/\/www.pnl.ch\/college-hypnose\/#organization"},"potentialAction":[{"@type":"SearchAction","target":{"@type":"EntryPoint","urlTemplate":"https:\/\/www.pnl.ch\/college-hypnose\/?s={search_term_string}"},"query-input":{"@type":"PropertyValueSpecification","valueRequired":true,"valueName":"search_term_string"}}],"inLanguage":"fr-FR"},{"@type":"Organization","@id":"https:\/\/www.pnl.ch\/college-hypnose\/#organization","name":"Coll\u00e8ge Romand - Centre de formation d'adultes S\u00e0rl","url":"https:\/\/www.pnl.ch\/college-hypnose\/","logo":{"@type":"ImageObject","inLanguage":"fr-FR","@id":"https:\/\/www.pnl.ch\/college-hypnose\/#\/schema\/logo\/image\/","url":"https:\/\/www.pnl.ch\/college-hypnose\/wp-content\/uploads\/sites\/4\/2017\/04\/college-hypnose-logo-nc.png","contentUrl":"https:\/\/www.pnl.ch\/college-hypnose\/wp-content\/uploads\/sites\/4\/2017\/04\/college-hypnose-logo-nc.png","width":314,"height":200,"caption":"Coll\u00e8ge Romand - Centre de formation d'adultes S\u00e0rl"},"image":{"@id":"https:\/\/www.pnl.ch\/college-hypnose\/#\/schema\/logo\/image\/"},"sameAs":["https:\/\/www.facebook.com\/college.romand\/","https:\/\/x.com\/CollegeRomand","https:\/\/www.linkedin.com\/school\/college-romand\/","https:\/\/www.instagram.com\/collegeromand\/"]}]}},"_links":{"self":[{"href":"https:\/\/www.pnl.ch\/college-hypnose\/wp-json\/wp\/v2\/pages\/2548","targetHints":{"allow":["GET"]}}],"collection":[{"href":"https:\/\/www.pnl.ch\/college-hypnose\/wp-json\/wp\/v2\/pages"}],"about":[{"href":"https:\/\/www.pnl.ch\/college-hypnose\/wp-json\/wp\/v2\/types\/page"}],"author":[{"embeddable":true,"href":"https:\/\/www.pnl.ch\/college-hypnose\/wp-json\/wp\/v2\/users\/32"}],"replies":[{"embeddable":true,"href":"https:\/\/www.pnl.ch\/college-hypnose\/wp-json\/wp\/v2\/comments?post=2548"}],"version-history":[{"count":31,"href":"https:\/\/www.pnl.ch\/college-hypnose\/wp-json\/wp\/v2\/pages\/2548\/revisions"}],"predecessor-version":[{"id":2615,"href":"https:\/\/www.pnl.ch\/college-hypnose\/wp-json\/wp\/v2\/pages\/2548\/revisions\/2615"}],"up":[{"embeddable":true,"href":"https:\/\/www.pnl.ch\/college-hypnose\/wp-json\/wp\/v2\/pages\/681"}],"wp:attachment":[{"href":"https:\/\/www.pnl.ch\/college-hypnose\/wp-json\/wp\/v2\/media?parent=2548"}],"curies":[{"name":"wp","href":"https:\/\/api.w.org\/{rel}","templated":true}]}}