{"id":440,"date":"2017-08-31T16:05:39","date_gmt":"2017-08-31T14:05:39","guid":{"rendered":"https:\/\/www.pnl.ch\/college-hypnose\/?page_id=440"},"modified":"2024-03-27T18:08:20","modified_gmt":"2024-03-27T17:08:20","slug":"ateliers","status":"publish","type":"page","link":"https:\/\/www.pnl.ch\/college-hypnose\/ateliers\/","title":{"rendered":"Ateliers"},"content":{"rendered":"<div class=\"wpb-content-wrapper\"><p>[vc_row margin_top=\u00a0\u00bb40px\u00a0\u00bb][vc_column width=\u00a0\u00bb2\/12&Prime;][vc_single_image image=\u00a0\u00bb863&Prime; img_size=\u00a0\u00bbfull\u00a0\u00bb css_animation=\u00a0\u00bbzoomIn\u00a0\u00bb][\/vc_column][vc_column width=\u00a0\u00bb7\/12&Prime; css=\u00a0\u00bb.vc_custom_1511797588232{padding-left: 50px !important;}\u00a0\u00bb][vc_column_text]<\/p>\n<h3 style=\"margin-top: 0; margin-bottom: 10px;\">Faire face \u00e0 ses phobies et d\u00e9passer ses angoisses<\/h3>\n<p style=\"margin-top: 0;\"><strong>\u00cates-vous en train de vivre une situation qui d\u00e9clenche en vous des phobies ou des angoisses\u202f?<\/strong><\/p>\n<p>La peur est une \u00e9motion que tout \u00eatre humain ou animal ressent. Elle a pour but de nous pr\u00e9venir d\u2019un danger \u00e9ventuel et de nous amener \u00e0 d\u00e9clencher les bons r\u00e9flexes. C\u2019est un m\u00e9canisme sain. Les difficult\u00e9s commencent lorsque ce m\u00e9canisme devient limitant et nous emp\u00eache de vivre bien.[\/vc_column_text][\/vc_column][vc_column width=\u00a0\u00bb3\/12&Prime; css=\u00a0\u00bb.vc_custom_1496694772613{padding-top: 45px !important;}\u00a0\u00bb][vc_btn title=\u00a0\u00bbEn savoir plus\u00a0\u00bb color=\u00a0\u00bbviolet\u00a0\u00bb align=\u00a0\u00bbright\u00a0\u00bb i_align=\u00a0\u00bbright\u00a0\u00bb i_icon_fontawesome=\u00a0\u00bbfa fa-caret-right\u00a0\u00bb css_animation=\u00a0\u00bbzoomIn\u00a0\u00bb add_icon=\u00a0\u00bbtrue\u00a0\u00bb link=\u00a0\u00bburl:https%3A%2F%2Fwww.pnl.ch%2Fcollege-hypnose%2Fateliers%2Ffaire-face-phobies-angoisses%2F|||\u00a0\u00bb][\/vc_column][\/vc_row][vc_row margin_top=\u00a0\u00bb40px\u00a0\u00bb][vc_column width=\u00a0\u00bb2\/12&Prime;][vc_single_image image=\u00a0\u00bb606&Prime; img_size=\u00a0\u00bbfull\u00a0\u00bb css_animation=\u00a0\u00bbzoomIn\u00a0\u00bb][\/vc_column][vc_column width=\u00a0\u00bb7\/12&Prime; css=\u00a0\u00bb.vc_custom_1511797588232{padding-left: 50px !important;}\u00a0\u00bb][vc_column_text]<\/p>\n<h3 style=\"margin-top: 0; margin-bottom: 10px;\">Se cr\u00e9er un g\u00e9n\u00e9rateur d\u2019\u00e9nergie pour se recharger instantan\u00e9ment<\/h3>\n<p style=\"margin-top: 0;\"><strong>Votre agenda est toujours bien rempli et votre liste de choses \u00e0 faire semble interminable ? Vous vous sentez souvent fatigu\u00e9, voir \u00e9puis\u00e9 ?<\/strong><\/p>\n<p>Tant que nous essayons de g\u00e9rer les demandes quotidiennes de la vie de tous les jours en donnant toujours plus, notre \u00e9nergie s\u2019\u00e9puise et nous devenons moins efficaces. Il devient alors n\u00e9cessaire de se construire un g\u00e9n\u00e9rateur int\u00e9rieur d\u2019\u00e9nergie qui nous permet d\u2019avoir de l\u2019\u00e9nergie quand nous en avons besoin.[\/vc_column_text][\/vc_column][vc_column width=\u00a0\u00bb3\/12&Prime; css=\u00a0\u00bb.vc_custom_1496694772613{padding-top: 45px !important;}\u00a0\u00bb][vc_btn title=\u00a0\u00bbEn savoir plus\u00a0\u00bb color=\u00a0\u00bbviolet\u00a0\u00bb align=\u00a0\u00bbright\u00a0\u00bb i_align=\u00a0\u00bbright\u00a0\u00bb i_icon_fontawesome=\u00a0\u00bbfa fa-caret-right\u00a0\u00bb css_animation=\u00a0\u00bbzoomIn\u00a0\u00bb add_icon=\u00a0\u00bbtrue\u00a0\u00bb link=\u00a0\u00bburl:https%3A%2F%2Fwww.pnl.ch%2Fcollege-hypnose%2Fateliers%2Fgenerateur-energie-se-recharger%2F|||\u00a0\u00bb][\/vc_column][\/vc_row][vc_row margin_top=\u00a0\u00bb40px\u00a0\u00bb][vc_column width=\u00a0\u00bb2\/12&Prime;][vc_single_image image=\u00a0\u00bb607&Prime; img_size=\u00a0\u00bbfull\u00a0\u00bb css_animation=\u00a0\u00bbzoomIn\u00a0\u00bb][\/vc_column][vc_column width=\u00a0\u00bb7\/12&Prime; css=\u00a0\u00bb.vc_custom_1511797588232{padding-left: 50px !important;}\u00a0\u00bb][vc_column_text]<\/p>\n<h3 style=\"margin-top: 0; margin-bottom: 10px;\">Votre futur: comment l\u2019imaginer et le cr\u00e9er gr\u00e2ce \u00e0 l\u2019hypnose ericksonienne<\/h3>\n<p style=\"margin-top: 0;\"><strong>Vous vous sentez frustr\u00e9 par rapport \u00e0 votre present ? Vous souhaitez un futur diff\u00e9rent, mais vous ne savez pas si et comment vous pourriez le cr\u00e9er\u202f?<\/strong><\/p>\n<p>Tant que nous essayons de cr\u00e9er le changement sans agir sur les limites personnelles inconscientes qui nous emp\u00eachent d\u2019\u00e9voluer, nous n\u2019obtenons pas un r\u00e9sultat diff\u00e9rent. Tant que des solutions uniquement conscientes seront pens\u00e9es pour tenter de r\u00e9soudre une probl\u00e9matique inconsciente, cela ne pourra pas fonctionner.[\/vc_column_text][\/vc_column][vc_column width=\u00a0\u00bb3\/12&Prime; css=\u00a0\u00bb.vc_custom_1496694772613{padding-top: 45px !important;}\u00a0\u00bb][vc_btn title=\u00a0\u00bbEn savoir plus\u00a0\u00bb color=\u00a0\u00bbviolet\u00a0\u00bb align=\u00a0\u00bbright\u00a0\u00bb i_align=\u00a0\u00bbright\u00a0\u00bb i_icon_fontawesome=\u00a0\u00bbfa fa-caret-right\u00a0\u00bb css_animation=\u00a0\u00bbzoomIn\u00a0\u00bb add_icon=\u00a0\u00bbtrue\u00a0\u00bb link=\u00a0\u00bburl:https%3A%2F%2Fwww.pnl.ch%2Fcollege-hypnose%2Fateliers%2Fcreer-votre-futur%2F|||\u00a0\u00bb][\/vc_column][\/vc_row][vc_row margin_top=\u00a0\u00bb40px\u00a0\u00bb][vc_column width=\u00a0\u00bb2\/12&Prime;][vc_single_image image=\u00a0\u00bb564&Prime; img_size=\u00a0\u00bbfull\u00a0\u00bb css_animation=\u00a0\u00bbzoomIn\u00a0\u00bb][\/vc_column][vc_column width=\u00a0\u00bb7\/12&Prime; css=\u00a0\u00bb.vc_custom_1511797588232{padding-left: 50px !important;}\u00a0\u00bb][vc_column_text]<\/p>\n<h3 style=\"margin-top: 0; margin-bottom: 10px;\">Comment garder la bonne distance \u00e9motionnelle dans son corps<\/h3>\n<p style=\"margin-top: 0;\"><strong>Vous voulez garder la bonne distance \u00e9motionnelle sans vous faire submerger par les \u00e9motions\u202f?<\/strong><\/p>\n<p>Au travers de cet atelier, nous explorons des pistes afin de pouvoir trouver en soi une distance \u00e9motionnelle qui soit juste, claire et acceptable face \u00e0 une situation v\u00e9cue ou en train d\u2019\u00eatre v\u00e9cue comme d\u00e9sagr\u00e9able ou difficile, ainsi qu\u2019\u00eatre en capacit\u00e9 de transformer le v\u00e9cu int\u00e9rieur.[\/vc_column_text][\/vc_column][vc_column width=\u00a0\u00bb3\/12&Prime; css=\u00a0\u00bb.vc_custom_1496694772613{padding-top: 45px !important;}\u00a0\u00bb][vc_btn title=\u00a0\u00bbEn savoir plus\u00a0\u00bb color=\u00a0\u00bbviolet\u00a0\u00bb align=\u00a0\u00bbright\u00a0\u00bb i_align=\u00a0\u00bbright\u00a0\u00bb i_icon_fontawesome=\u00a0\u00bbfa fa-caret-right\u00a0\u00bb css_animation=\u00a0\u00bbzoomIn\u00a0\u00bb add_icon=\u00a0\u00bbtrue\u00a0\u00bb link=\u00a0\u00bburl:https%3A%2F%2Fwww.pnl.ch%2Fcollege-hypnose%2Fateliers%2Fgarder-bonne-distance-emotionnelle%2F|||\u00a0\u00bb][\/vc_column][\/vc_row][vc_row margin_top=\u00a0\u00bb40px\u00a0\u00bb][vc_column width=\u00a0\u00bb2\/12&Prime;][vc_single_image image=\u00a0\u00bb528&Prime; img_size=\u00a0\u00bbfull\u00a0\u00bb css_animation=\u00a0\u00bbzoomIn\u00a0\u00bb][\/vc_column][vc_column width=\u00a0\u00bb7\/12&Prime; css=\u00a0\u00bb.vc_custom_1511797588232{padding-left: 50px !important;}\u00a0\u00bb][vc_column_text]<\/p>\n<h3 style=\"margin-top: 0; margin-bottom: 10px;\">Orienter son inconscient pour passer \u00e0 l\u2019action<\/h3>\n<p style=\"margin-top: 0;\"><strong>Avez-vous d\u00e9j\u00e0 voulu passer de la th\u00e9orie \u00e0 l\u2019action sans toutefois avoir pu le faire car quelque chose vous en emp\u00eachait\u202f?<\/strong><\/p>\n<p>Tant que des solutions uniquement conscientes seront pens\u00e9es pour tenter de r\u00e9soudre une probl\u00e9matique inconsciente, cela ne pourra pas fonctionner. Au travers de cet atelier nous explorons des pistes afin de mieux comprendre ce qui se joue derri\u00e8re ces limites.[\/vc_column_text][\/vc_column][vc_column width=\u00a0\u00bb3\/12&Prime; css=\u00a0\u00bb.vc_custom_1496694772613{padding-top: 45px !important;}\u00a0\u00bb][vc_btn title=\u00a0\u00bbEn savoir plus\u00a0\u00bb color=\u00a0\u00bbviolet\u00a0\u00bb align=\u00a0\u00bbright\u00a0\u00bb i_align=\u00a0\u00bbright\u00a0\u00bb i_icon_fontawesome=\u00a0\u00bbfa fa-caret-right\u00a0\u00bb css_animation=\u00a0\u00bbzoomIn\u00a0\u00bb add_icon=\u00a0\u00bbtrue\u00a0\u00bb link=\u00a0\u00bburl:https%3A%2F%2Fwww.pnl.ch%2Fcollege-hypnose%2Fateliers%2Forienter-son-inconscient%2F|||\u00a0\u00bb][\/vc_column][\/vc_row][vc_row margin_top=\u00a0\u00bb40px\u00a0\u00bb][vc_column width=\u00a0\u00bb2\/12&Prime;][vc_single_image image=\u00a0\u00bb605&Prime; img_size=\u00a0\u00bbfull\u00a0\u00bb css_animation=\u00a0\u00bbzoomIn\u00a0\u00bb][\/vc_column][vc_column width=\u00a0\u00bb7\/12&Prime; css=\u00a0\u00bb.vc_custom_1511797588232{padding-left: 50px !important;}\u00a0\u00bb][vc_column_text]<\/p>\n<h3 style=\"margin-top: 0; margin-bottom: 10px;\">Excellence: comment am\u00e9liorer ses performances professionnelles et sportives<\/h3>\n<p style=\"margin-top: 0;\"><strong>Vous souhaitez augmenter vos performances de fa\u00e7on durable et atteindre l\u2019excellence dans votre domaine professionnel ou pratique sportive ?<\/strong><\/p>\n<p>Tant que notre strat\u00e9gie est de travailler toujours plus, d\u2019essayer de tout contr\u00f4ler, nous consommons nos \u00e9nergies sans atteindre les r\u00e9sultats souhait\u00e9s. Atteindre l\u2019excellence signifie changer de strat\u00e9gie et \u00e9liminer les limites personnelles inconscientes qui nous \u00e9chappent et que nous ne parvenons pas \u00e0 changer.[\/vc_column_text][\/vc_column][vc_column width=\u00a0\u00bb3\/12&Prime; css=\u00a0\u00bb.vc_custom_1496694772613{padding-top: 45px !important;}\u00a0\u00bb][vc_btn title=\u00a0\u00bbEn savoir plus\u00a0\u00bb color=\u00a0\u00bbviolet\u00a0\u00bb align=\u00a0\u00bbright\u00a0\u00bb i_align=\u00a0\u00bbright\u00a0\u00bb i_icon_fontawesome=\u00a0\u00bbfa fa-caret-right\u00a0\u00bb css_animation=\u00a0\u00bbzoomIn\u00a0\u00bb add_icon=\u00a0\u00bbtrue\u00a0\u00bb link=\u00a0\u00bburl:https%3A%2F%2Fwww.pnl.ch%2Fcollege-hypnose%2Fateliers%2Fexcellence-ameliorer-ses-performances%2F|||\u00a0\u00bb][\/vc_column][\/vc_row][vc_row margin_top=\u00a0\u00bb40px\u00a0\u00bb][vc_column width=\u00a0\u00bb2\/12&Prime;][vc_single_image image=\u00a0\u00bb864&Prime; img_size=\u00a0\u00bbfull\u00a0\u00bb css_animation=\u00a0\u00bbzoomIn\u00a0\u00bb][\/vc_column][vc_column width=\u00a0\u00bb7\/12&Prime; css=\u00a0\u00bb.vc_custom_1511797588232{padding-left: 50px !important;}\u00a0\u00bb][vc_column_text]<\/p>\n<h3 style=\"margin-top: 0; margin-bottom: 10px;\">R\u00e9silience: comment se lib\u00e9rer du poids du pass\u00e9<\/h3>\n<p style=\"margin-top: 0;\"><strong>Vous souhaitez vous vous lib\u00e9rer du poids de votre pass\u00e9 et aller de l&rsquo;avant avec plus de l\u00e9g\u00e8ret\u00e9\u202f? Vous \u00eates \u00e0 la recherche d&rsquo;un outil pour augmenter votre r\u00e9silience et force int\u00e9rieure\u202f?<\/strong><\/p>\n<p>\u00catre heureux ne signifie pas vivre une vie sans probl\u00e8me. Avec ce genre d&rsquo;attentes, nous sommes vou\u00e9s \u00e0 \u00eatre d\u00e9\u00e7us et frustr\u00e9s dans notre vie. Comment font alors les personnes qui affrontent la difficult\u00e9 et dig\u00e8rent les diff\u00e9rentes \u00e9preuves avec plus de facilit\u00e9\u202f?[\/vc_column_text][\/vc_column][vc_column width=\u00a0\u00bb3\/12&Prime; css=\u00a0\u00bb.vc_custom_1496694772613{padding-top: 45px !important;}\u00a0\u00bb][vc_btn title=\u00a0\u00bbEn savoir plus\u00a0\u00bb color=\u00a0\u00bbviolet\u00a0\u00bb align=\u00a0\u00bbright\u00a0\u00bb i_align=\u00a0\u00bbright\u00a0\u00bb i_icon_fontawesome=\u00a0\u00bbfa fa-caret-right\u00a0\u00bb css_animation=\u00a0\u00bbzoomIn\u00a0\u00bb add_icon=\u00a0\u00bbtrue\u00a0\u00bb link=\u00a0\u00bburl:https%3A%2F%2Fwww.pnl.ch%2Fcollege-hypnose%2Fateliers%2Fresilience-poids-du-passe%2F|||\u00a0\u00bb][\/vc_column][\/vc_row]<\/p>\n<\/div>","protected":false},"excerpt":{"rendered":"<p>[vc_row margin_top=\u00a0\u00bb40px\u00a0\u00bb][vc_column width=\u00a0\u00bb2\/12&Prime;][vc_single_image image=\u00a0\u00bb863&Prime; img_size=\u00a0\u00bbfull\u00a0\u00bb css_animation=\u00a0\u00bbzoomIn\u00a0\u00bb][\/vc_column][vc_column width=\u00a0\u00bb7\/12&Prime; css=\u00a0\u00bb.vc_custom_1511797588232{padding-left: 50px !important;}\u00a0\u00bb][vc_column_text] Faire face \u00e0 ses phobies et d\u00e9passer ses angoisses \u00cates-vous en train de vivre une situation qui d\u00e9clenche en vous des phobies ou des angoisses\u202f? La peur est une \u00e9motion que tout \u00eatre humain ou animal ressent. Elle a pour but de nous pr\u00e9venir d\u2019un&hellip;<\/p>\n","protected":false},"author":1,"featured_media":0,"parent":0,"menu_order":4,"comment_status":"closed","ping_status":"closed","template":"","meta":{"_acf_changed":false,"footnotes":""},"class_list":["post-440","page","type-page","status-publish","hentry","description-off"],"acf":[],"yoast_head":"<!-- This site is optimized with the Yoast SEO Premium plugin v27.4 (Yoast SEO v27.4) - https:\/\/yoast.com\/product\/yoast-seo-premium-wordpress\/ -->\n<title>Ateliers en hypnose ericksonienne | Coll\u00e8ge Hypnose<\/title>\n<meta name=\"description\" content=\"Ateliers en hypnose ericksonienne \u00e0 Lausanne. Kevin Ramchurn, formateur en hypnose ericksonienne et hypnologuevous fait d\u00e9couvrir l&#039;hypnose.\" \/>\n<meta name=\"robots\" content=\"index, follow, max-snippet:-1, max-image-preview:large, max-video-preview:-1\" \/>\n<link rel=\"canonical\" href=\"https:\/\/www.pnl.ch\/college-hypnose\/ateliers\/\" \/>\n<meta property=\"og:locale\" content=\"fr_FR\" \/>\n<meta property=\"og:type\" content=\"article\" \/>\n<meta property=\"og:title\" content=\"Ateliers\" \/>\n<meta property=\"og:description\" content=\"Ateliers en hypnose ericksonienne \u00e0 Lausanne. Kevin Ramchurn, formateur en hypnose ericksonienne et hypnologuevous fait d\u00e9couvrir l&#039;hypnose.\" \/>\n<meta property=\"og:url\" content=\"https:\/\/www.pnl.ch\/college-hypnose\/ateliers\/\" \/>\n<meta property=\"og:site_name\" content=\"Coll\u00e8ge Hypnose\" \/>\n<meta property=\"article:publisher\" content=\"https:\/\/www.facebook.com\/college.romand\/\" \/>\n<meta property=\"article:modified_time\" content=\"2024-03-27T17:08:20+00:00\" \/>\n<meta property=\"og:image\" content=\"https:\/\/www.pnl.ch\/college-hypnose\/wp-content\/uploads\/sites\/4\/2024\/03\/college-hypnose-1-jpg.webp\" \/>\n\t<meta property=\"og:image:width\" content=\"1200\" \/>\n\t<meta property=\"og:image:height\" content=\"675\" \/>\n\t<meta property=\"og:image:type\" content=\"image\/jpeg\" \/>\n<meta name=\"twitter:card\" content=\"summary_large_image\" \/>\n<meta name=\"twitter:description\" content=\"Ateliers en hypnose ericksonienne \u00e0 Lausanne. Kevin Ramchurn, formateur en hypnose ericksonienne et hypnologuevous fait d\u00e9couvrir l&#039;hypnose.\" \/>\n<meta name=\"twitter:site\" content=\"@CollegeRomand\" \/>\n<meta name=\"twitter:label1\" content=\"Dur\u00e9e de lecture estim\u00e9e\" \/>\n\t<meta name=\"twitter:data1\" content=\"4 minutes\" \/>\n<script type=\"application\/ld+json\" class=\"yoast-schema-graph\">{\"@context\":\"https:\\\/\\\/schema.org\",\"@graph\":[{\"@type\":\"WebPage\",\"@id\":\"https:\\\/\\\/www.pnl.ch\\\/college-hypnose\\\/ateliers\\\/\",\"url\":\"https:\\\/\\\/www.pnl.ch\\\/college-hypnose\\\/ateliers\\\/\",\"name\":\"Ateliers en hypnose ericksonienne | Coll\u00e8ge Hypnose\",\"isPartOf\":{\"@id\":\"https:\\\/\\\/www.pnl.ch\\\/college-hypnose\\\/#website\"},\"datePublished\":\"2017-08-31T14:05:39+00:00\",\"dateModified\":\"2024-03-27T17:08:20+00:00\",\"description\":\"Ateliers en hypnose ericksonienne \u00e0 Lausanne. Kevin Ramchurn, formateur en hypnose ericksonienne et hypnologuevous fait d\u00e9couvrir l'hypnose.\",\"breadcrumb\":{\"@id\":\"https:\\\/\\\/www.pnl.ch\\\/college-hypnose\\\/ateliers\\\/#breadcrumb\"},\"inLanguage\":\"fr-FR\",\"potentialAction\":[{\"@type\":\"ReadAction\",\"target\":[\"https:\\\/\\\/www.pnl.ch\\\/college-hypnose\\\/ateliers\\\/\"]}]},{\"@type\":\"BreadcrumbList\",\"@id\":\"https:\\\/\\\/www.pnl.ch\\\/college-hypnose\\\/ateliers\\\/#breadcrumb\",\"itemListElement\":[{\"@type\":\"ListItem\",\"position\":1,\"name\":\"Accueil\",\"item\":\"https:\\\/\\\/www.pnl.ch\\\/college-hypnose\\\/\"},{\"@type\":\"ListItem\",\"position\":2,\"name\":\"Ateliers\"}]},{\"@type\":\"WebSite\",\"@id\":\"https:\\\/\\\/www.pnl.ch\\\/college-hypnose\\\/#website\",\"url\":\"https:\\\/\\\/www.pnl.ch\\\/college-hypnose\\\/\",\"name\":\"Coll\u00e8ge Hypnose\",\"description\":\"Formations certifiantes en Hypnose Ericksonienne\",\"publisher\":{\"@id\":\"https:\\\/\\\/www.pnl.ch\\\/college-hypnose\\\/#organization\"},\"potentialAction\":[{\"@type\":\"SearchAction\",\"target\":{\"@type\":\"EntryPoint\",\"urlTemplate\":\"https:\\\/\\\/www.pnl.ch\\\/college-hypnose\\\/?s={search_term_string}\"},\"query-input\":{\"@type\":\"PropertyValueSpecification\",\"valueRequired\":true,\"valueName\":\"search_term_string\"}}],\"inLanguage\":\"fr-FR\"},{\"@type\":\"Organization\",\"@id\":\"https:\\\/\\\/www.pnl.ch\\\/college-hypnose\\\/#organization\",\"name\":\"Coll\u00e8ge Romand - Centre de formation d'adultes S\u00e0rl\",\"url\":\"https:\\\/\\\/www.pnl.ch\\\/college-hypnose\\\/\",\"logo\":{\"@type\":\"ImageObject\",\"inLanguage\":\"fr-FR\",\"@id\":\"https:\\\/\\\/www.pnl.ch\\\/college-hypnose\\\/#\\\/schema\\\/logo\\\/image\\\/\",\"url\":\"https:\\\/\\\/www.pnl.ch\\\/college-hypnose\\\/wp-content\\\/uploads\\\/sites\\\/4\\\/2017\\\/04\\\/college-hypnose-logo-nc.png\",\"contentUrl\":\"https:\\\/\\\/www.pnl.ch\\\/college-hypnose\\\/wp-content\\\/uploads\\\/sites\\\/4\\\/2017\\\/04\\\/college-hypnose-logo-nc.png\",\"width\":314,\"height\":200,\"caption\":\"Coll\u00e8ge Romand - Centre de formation d'adultes S\u00e0rl\"},\"image\":{\"@id\":\"https:\\\/\\\/www.pnl.ch\\\/college-hypnose\\\/#\\\/schema\\\/logo\\\/image\\\/\"},\"sameAs\":[\"https:\\\/\\\/www.facebook.com\\\/college.romand\\\/\",\"https:\\\/\\\/x.com\\\/CollegeRomand\",\"https:\\\/\\\/www.linkedin.com\\\/school\\\/college-romand\\\/\",\"https:\\\/\\\/www.instagram.com\\\/collegeromand\\\/\"]}]}<\/script>\n<!-- \/ Yoast SEO Premium plugin. -->","yoast_head_json":{"title":"Ateliers en hypnose ericksonienne | Coll\u00e8ge Hypnose","description":"Ateliers en hypnose ericksonienne \u00e0 Lausanne. Kevin Ramchurn, formateur en hypnose ericksonienne et hypnologuevous fait d\u00e9couvrir l'hypnose.","robots":{"index":"index","follow":"follow","max-snippet":"max-snippet:-1","max-image-preview":"max-image-preview:large","max-video-preview":"max-video-preview:-1"},"canonical":"https:\/\/www.pnl.ch\/college-hypnose\/ateliers\/","og_locale":"fr_FR","og_type":"article","og_title":"Ateliers","og_description":"Ateliers en hypnose ericksonienne \u00e0 Lausanne. Kevin Ramchurn, formateur en hypnose ericksonienne et hypnologuevous fait d\u00e9couvrir l'hypnose.","og_url":"https:\/\/www.pnl.ch\/college-hypnose\/ateliers\/","og_site_name":"Coll\u00e8ge Hypnose","article_publisher":"https:\/\/www.facebook.com\/college.romand\/","article_modified_time":"2024-03-27T17:08:20+00:00","og_image":[{"width":1200,"height":675,"url":"https:\/\/www.pnl.ch\/college-hypnose\/wp-content\/uploads\/sites\/4\/2024\/03\/college-hypnose-1-jpg.webp","type":"image\/jpeg"}],"twitter_card":"summary_large_image","twitter_description":"Ateliers en hypnose ericksonienne \u00e0 Lausanne. Kevin Ramchurn, formateur en hypnose ericksonienne et hypnologuevous fait d\u00e9couvrir l'hypnose.","twitter_site":"@CollegeRomand","twitter_misc":{"Dur\u00e9e de lecture estim\u00e9e":"4 minutes"},"schema":{"@context":"https:\/\/schema.org","@graph":[{"@type":"WebPage","@id":"https:\/\/www.pnl.ch\/college-hypnose\/ateliers\/","url":"https:\/\/www.pnl.ch\/college-hypnose\/ateliers\/","name":"Ateliers en hypnose ericksonienne | Coll\u00e8ge Hypnose","isPartOf":{"@id":"https:\/\/www.pnl.ch\/college-hypnose\/#website"},"datePublished":"2017-08-31T14:05:39+00:00","dateModified":"2024-03-27T17:08:20+00:00","description":"Ateliers en hypnose ericksonienne \u00e0 Lausanne. Kevin Ramchurn, formateur en hypnose ericksonienne et hypnologuevous fait d\u00e9couvrir l'hypnose.","breadcrumb":{"@id":"https:\/\/www.pnl.ch\/college-hypnose\/ateliers\/#breadcrumb"},"inLanguage":"fr-FR","potentialAction":[{"@type":"ReadAction","target":["https:\/\/www.pnl.ch\/college-hypnose\/ateliers\/"]}]},{"@type":"BreadcrumbList","@id":"https:\/\/www.pnl.ch\/college-hypnose\/ateliers\/#breadcrumb","itemListElement":[{"@type":"ListItem","position":1,"name":"Accueil","item":"https:\/\/www.pnl.ch\/college-hypnose\/"},{"@type":"ListItem","position":2,"name":"Ateliers"}]},{"@type":"WebSite","@id":"https:\/\/www.pnl.ch\/college-hypnose\/#website","url":"https:\/\/www.pnl.ch\/college-hypnose\/","name":"Coll\u00e8ge Hypnose","description":"Formations certifiantes en Hypnose Ericksonienne","publisher":{"@id":"https:\/\/www.pnl.ch\/college-hypnose\/#organization"},"potentialAction":[{"@type":"SearchAction","target":{"@type":"EntryPoint","urlTemplate":"https:\/\/www.pnl.ch\/college-hypnose\/?s={search_term_string}"},"query-input":{"@type":"PropertyValueSpecification","valueRequired":true,"valueName":"search_term_string"}}],"inLanguage":"fr-FR"},{"@type":"Organization","@id":"https:\/\/www.pnl.ch\/college-hypnose\/#organization","name":"Coll\u00e8ge Romand - Centre de formation d'adultes S\u00e0rl","url":"https:\/\/www.pnl.ch\/college-hypnose\/","logo":{"@type":"ImageObject","inLanguage":"fr-FR","@id":"https:\/\/www.pnl.ch\/college-hypnose\/#\/schema\/logo\/image\/","url":"https:\/\/www.pnl.ch\/college-hypnose\/wp-content\/uploads\/sites\/4\/2017\/04\/college-hypnose-logo-nc.png","contentUrl":"https:\/\/www.pnl.ch\/college-hypnose\/wp-content\/uploads\/sites\/4\/2017\/04\/college-hypnose-logo-nc.png","width":314,"height":200,"caption":"Coll\u00e8ge Romand - Centre de formation d'adultes S\u00e0rl"},"image":{"@id":"https:\/\/www.pnl.ch\/college-hypnose\/#\/schema\/logo\/image\/"},"sameAs":["https:\/\/www.facebook.com\/college.romand\/","https:\/\/x.com\/CollegeRomand","https:\/\/www.linkedin.com\/school\/college-romand\/","https:\/\/www.instagram.com\/collegeromand\/"]}]}},"_links":{"self":[{"href":"https:\/\/www.pnl.ch\/college-hypnose\/wp-json\/wp\/v2\/pages\/440","targetHints":{"allow":["GET"]}}],"collection":[{"href":"https:\/\/www.pnl.ch\/college-hypnose\/wp-json\/wp\/v2\/pages"}],"about":[{"href":"https:\/\/www.pnl.ch\/college-hypnose\/wp-json\/wp\/v2\/types\/page"}],"author":[{"embeddable":true,"href":"https:\/\/www.pnl.ch\/college-hypnose\/wp-json\/wp\/v2\/users\/1"}],"replies":[{"embeddable":true,"href":"https:\/\/www.pnl.ch\/college-hypnose\/wp-json\/wp\/v2\/comments?post=440"}],"version-history":[{"count":12,"href":"https:\/\/www.pnl.ch\/college-hypnose\/wp-json\/wp\/v2\/pages\/440\/revisions"}],"predecessor-version":[{"id":1516,"href":"https:\/\/www.pnl.ch\/college-hypnose\/wp-json\/wp\/v2\/pages\/440\/revisions\/1516"}],"wp:attachment":[{"href":"https:\/\/www.pnl.ch\/college-hypnose\/wp-json\/wp\/v2\/media?parent=440"}],"curies":[{"name":"wp","href":"https:\/\/api.w.org\/{rel}","templated":true}]}}