{"id":661,"date":"2018-02-19T11:45:55","date_gmt":"2018-02-19T10:45:55","guid":{"rendered":"https:\/\/www.pnl.ch\/college-hypnose\/?page_id=661"},"modified":"2026-02-17T10:19:52","modified_gmt":"2026-02-17T09:19:52","slug":"devenir-hypnotherapeute","status":"publish","type":"page","link":"https:\/\/www.pnl.ch\/college-hypnose\/webinaires\/devenir-hypnotherapeute\/","title":{"rendered":"Devenir hypnoth\u00e9rapeute: r\u00f4le, posture et futur professionnel"},"content":{"rendered":"<div class=\"wpb-content-wrapper\"><p>[vc_row margin_top=\u00a0\u00bb-40px\u00a0\u00bb][vc_column width=\u00a0\u00bb2\/3&Prime; css=\u00a0\u00bb.vc_custom_1540813516604{padding-right: 50px !important;}\u00a0\u00bb][vc_column_text]<img fetchpriority=\"high\" decoding=\"async\" class=\"alignleft wp-image-708\" style=\"margin-right: 20px;\" src=\"https:\/\/www.pnl.ch\/college-hypnose\/wp-content\/uploads\/sites\/4\/2018\/03\/hypnose-webinaire-2.jpg\" alt=\"Webinaire hypnose ericksonienne\" width=\"250\" height=\"250\" srcset=\"https:\/\/www.pnl.ch\/college-hypnose\/wp-content\/uploads\/sites\/4\/2018\/03\/hypnose-webinaire-2.jpg 300w, https:\/\/www.pnl.ch\/college-hypnose\/wp-content\/uploads\/sites\/4\/2018\/03\/hypnose-webinaire-2-150x150.jpg 150w\" sizes=\"(max-width: 250px) 100vw, 250px\" \/><strong>Planifier une reconversion professionnelle dans le domaine de l\u2019accompagnement th\u00e9rapeutique n\u00e9cessite un plan solide.<\/strong> Pour devenir hypnoth\u00e9rapeute et savoir assurer un accompagnement de qualit\u00e9 dans les diff\u00e9rents domaines de la relation d\u2019aide, et ainsi <strong>b\u00e2tir votre cr\u00e9dibilit\u00e9 et r\u00e9putation dans ce m\u00e9tier<\/strong>, vous aurez besoin des bons outils et d\u2019un changement d\u2019\u00e9tat d\u2019esprit important.<\/p>\n<p>Pour bien planifier votre projet de reconversion, vous devrez <strong>conna\u00eetre le r\u00f4le, le parcours et les d\u00e9bouch\u00e9s professionnels<\/strong> d\u2019une formation certifiante en hypnose ericksonienne. Cela vous permettra d&rsquo;arr\u00eater de vous poser des questions sur la faisabilit\u00e9 de votre plan et de passer \u00e0 l\u2019action. Car si vous voulez r\u00e9ussir, l\u2019essentiel est d\u2019\u00eatre dans l\u2019action et cela commence l\u00e0 o\u00f9 vous \u00eates. <strong>Le pr\u00e9sent est toujours le bon moment pour d\u00e9marrer<\/strong>. Cela vous permettra de vous positionner dans un \u00e9tat d\u2019esprit tonique pour \u00e9viter de gaspiller vos ressources les plus importantes\u202f: votre temps, argent et \u00e9nergie.<\/p>\n<h3>Un des plus grands d\u00e9fis auquel chaque professionnel avec un plan de reconversion doit se confronter est d\u2019acqu\u00e9rir les outils n\u00e9cessaires, de bien planifier et de s\u2019entourer de bonnes ressources pour rester motiv\u00e9 et r\u00e9ussir.<\/h3>\n<p>C\u2019est pour cela que nous avons fait appel \u00e0 Kevin Ramchurn, hypnologue, formateur en hypnose ericksonienne et fondateur de l\u2019<em>Acad\u00e9mie d\u2019hypnose et de communication ericksonienne<\/em>. Rejoignez Kevin pour le webinaire \u00abDevenir hypnoth\u00e9rapeute: r\u00f4le, posture et futur professionnel\u00bb et d\u00e9couvrez les \u00e9tapes de votre reconversion en tant qu&rsquo;hypnologue certifi\u00e9.<\/p>\n<p>Dans ce webinaire, vous apprendrez \u00e0\u202f:<\/p>\n<ul>\n<li>Conna\u00eetre le m\u00e9tier d\u2019hypnologue et le diff\u00e9rencier des autres m\u00e9tiers de l\u2019accompagnement.<\/li>\n<li>Identifier les \u00e9tapes typiques d\u2019un parcours de formation et de d\u00e9marrage de l\u2019activit\u00e9 d\u2019hypnologue.<\/li>\n<li>Mieux envisager votre futur, par rapport aux diff\u00e9rents d\u00e9bouch\u00e9s professionnels auxquels la formation vous permet d\u2019avoir acc\u00e8s.<\/li>\n<\/ul>\n<h3>Intervenant<\/h3>\n<p>[\/vc_column_text][vc_row_inner][vc_column_inner width=\u00a0\u00bb1\/4&Prime;][vc_single_image image=\u00a0\u00bb1857&Prime; img_size=\u00a0\u00bbfull\u00a0\u00bb add_caption=\u00a0\u00bbyes\u00a0\u00bb alignment=\u00a0\u00bbcenter\u00a0\u00bb css=\u00a0\u00bb.vc_custom_1711564908153{margin-right: 30px !important;}\u00a0\u00bb][\/vc_column_inner][vc_column_inner width=\u00a0\u00bb3\/4&Prime;][vc_column_text]<strong><span style=\"color: #6600cc;\">Kevin Ramchurn<\/span><\/strong><br \/>\nHypnologue certifi\u00e9<br \/>\nFondateur de l&rsquo;<em>Acad\u00e9mie d\u2019hypnose et de communication ericksonienne<\/em><\/p>\n<p><span style=\"font-size: 16px;\">Kevin intervient comme formateur et accompagne des personnes en milieu hospitalier et en individuel depuis plus de 10 ans. Apr\u00e8s un d\u00e9but de carri\u00e8re dans le marketing, son parcours de vie lui a fait d\u00e9couvrir son int\u00e9r\u00eat vis-\u00e0-vis des \u00eatres humains, des techniques de communication et de la gestion du changement. Certifi\u00e9 en coaching mental, en PNL et en hypnose ericksonienne, il ne cesse de rechercher les meilleures fa\u00e7ons de pouvoir g\u00e9n\u00e9rer du changement chez les personnes qu\u2019il rencontre \u00e0 travers sa pratique.<\/span>[\/vc_column_text][\/vc_column_inner][\/vc_row_inner][\/vc_column][vc_column width=\u00a0\u00bb1\/3&Prime; css=\u00a0\u00bb.vc_custom_1511548436975{background-color: #333333 !important;}\u00a0\u00bb][vc_column_text css=\u00a0\u00bb.vc_custom_1696497115371{padding-left: 10px !important;}\u00a0\u00bb]<\/p>\n<h3 style=\"margin-top: 0; color: #a473e7;\"><strong>Vous inscrire \u00e0 ce webinaire<\/strong><\/h3>\n<p><span style=\"color: #fff;\"><span class=\"soustitre\">\u00c9v\u00e9nement: <\/span>Webinaire<br \/>\n<span class=\"soustitre\">Date: <\/span>lundi 16 octobre 2023<br \/>\n<span class=\"soustitre\">Heure: <\/span>19h00<br \/>\n<span class=\"soustitre\">Dur\u00e9e: <\/span>1 heure<\/span>[\/vc_column_text][vc_column_text css=\u00a0\u00bb.vc_custom_1771319989820{background-color: #333333 !important;}\u00a0\u00bb]<\/p>\n<form action=\"https:\/\/crpnl.ch\/index.php\" method=\"post\">\n<table class=\"acymailing_form\" style=\"width: 100%; max width: 265px; background-color: #555555;\">\n<tbody>\n<tr>\n<td><input id=\"user_name\" name=\"user[name]\" type=\"text\" value=\"\" placeholder=\"Pr\u00e9nom\" \/><\/td>\n<\/tr>\n<tr>\n<td><input id=\"user_email\" name=\"user[email]\" type=\"text\" value=\"\" placeholder=\"Adresse e-mail\" \/><\/td>\n<\/tr>\n<tr>\n<td><input class=\"dt-btn\" name=\"Submit\" type=\"submit\" value=\"Je m'inscris\" \/><\/td>\n<\/tr>\n<tr>\n<td style=\"font-size: 11px; text-align: center; text-decoration: underline; padding-top: 5px;\" colspan=\"2\"><a style=\"color: #a473e7;\" href=\"https:\/\/www.pnl.ch\/confidentialite-politique-protection-donnees\/\" target=\"_blank\" rel=\"noopener noreferrer\">Nous ne partagerons jamais votre adresse<\/a><\/td>\n<\/tr>\n<\/tbody>\n<\/table>\n<p><!-- Honeypot anti-bot --><\/p>\n<div style=\"position: absolute; left: -9999px; top: auto; width: 1px; height: 1px; overflow: hidden;\"><label>Ne pas remplir ce champ<\/label><br \/>\n<input tabindex=\"-1\" autocomplete=\"off\" name=\"website\" type=\"text\" value=\"\" \/><\/div>\n<p>&nbsp;<\/p>\n<p><input id=\"form_ts\" name=\"form_ts\" type=\"hidden\" value=\"0\" \/><br \/>\n<script>\n  \/\/ Timestamp en secondes au chargement de la page\n  document.getElementById('form_ts').value = Math.floor(Date.now() \/ 1000);\n<\/script><\/p>\n<p><input name=\"ctrl\" type=\"hidden\" value=\"frontusers\" \/><br \/>\n<input name=\"task\" type=\"hidden\" value=\"subscribe\" \/><br \/>\n<input name=\"redirect\" type=\"hidden\" value=\"https:\/\/www.pnl.ch\/merci-de-confirmer\/\" \/><br \/>\n<input name=\"hiddenlists\" type=\"hidden\" value=\"39\" \/><br \/>\n<input name=\"option\" type=\"hidden\" value=\"com_acym\" \/><br \/>\n<input name=\"seckey\" type=\"hidden\" value=\"sCXY6zO4LqWgeLb9zl9JsD0RrZSe2m\" \/><\/p>\n<\/form>\n<p>[\/vc_column_text][\/vc_column][\/vc_row]<\/p>\n<\/div>","protected":false},"excerpt":{"rendered":"<p>[vc_row margin_top=\u00a0\u00bb-40px\u00a0\u00bb][vc_column width=\u00a0\u00bb2\/3&Prime; css=\u00a0\u00bb.vc_custom_1540813516604{padding-right: 50px !important;}\u00a0\u00bb][vc_column_text]Planifier une reconversion professionnelle dans le domaine de l\u2019accompagnement th\u00e9rapeutique n\u00e9cessite un plan solide. Pour devenir hypnoth\u00e9rapeute et savoir assurer un accompagnement de qualit\u00e9 dans les diff\u00e9rents domaines de la relation d\u2019aide, et ainsi b\u00e2tir votre cr\u00e9dibilit\u00e9 et r\u00e9putation dans ce m\u00e9tier, vous aurez besoin des bons outils et d\u2019un&hellip;<\/p>\n","protected":false},"author":1,"featured_media":708,"parent":681,"menu_order":0,"comment_status":"closed","ping_status":"closed","template":"","meta":{"_acf_changed":false,"footnotes":""},"class_list":["post-661","page","type-page","status-publish","has-post-thumbnail","hentry","description-off"],"acf":[],"yoast_head":"<!-- This site is optimized with the Yoast SEO Premium plugin v27.4 (Yoast SEO v27.4) - https:\/\/yoast.com\/product\/yoast-seo-premium-wordpress\/ -->\n<title>Webinaire \u00abDevenir hypnoth\u00e9rapeute: r\u00f4le, posture\u2026<\/title>\n<meta name=\"description\" content=\"Pour devenir hypnoth\u00e9rapeute, un des plus grands d\u00e9fis auquel chaque professionnel doit se confronter et bien planifier son projet.\" \/>\n<meta name=\"robots\" content=\"index, follow, max-snippet:-1, max-image-preview:large, max-video-preview:-1\" \/>\n<link rel=\"canonical\" href=\"https:\/\/www.pnl.ch\/college-hypnose\/webinaires\/devenir-hypnotherapeute\/\" \/>\n<meta property=\"og:locale\" content=\"fr_FR\" \/>\n<meta property=\"og:type\" content=\"article\" \/>\n<meta property=\"og:title\" content=\"Devenir hypnoth\u00e9rapeute: r\u00f4le, posture et futur professionnel\" \/>\n<meta property=\"og:description\" content=\"Pour devenir hypnoth\u00e9rapeute, un des plus grands d\u00e9fis auquel chaque professionnel doit se confronter et bien planifier son projet.\" \/>\n<meta property=\"og:url\" content=\"https:\/\/www.pnl.ch\/college-hypnose\/webinaires\/devenir-hypnotherapeute\/\" \/>\n<meta property=\"og:site_name\" content=\"Coll\u00e8ge Hypnose\" \/>\n<meta property=\"article:publisher\" content=\"https:\/\/www.facebook.com\/college.romand\/\" \/>\n<meta property=\"article:modified_time\" content=\"2026-02-17T09:19:52+00:00\" \/>\n<meta property=\"og:image\" content=\"http:\/\/www.pnl.ch\/college-hypnose\/wp-content\/uploads\/sites\/4\/2024\/03\/hypnose-gerer-son-stress-jpg.webp\" \/>\n\t<meta property=\"og:image:width\" content=\"1200\" \/>\n\t<meta property=\"og:image:height\" content=\"675\" \/>\n\t<meta property=\"og:image:type\" content=\"image\/jpeg\" \/>\n<meta name=\"twitter:card\" content=\"summary_large_image\" \/>\n<meta name=\"twitter:description\" content=\"Pour devenir hypnoth\u00e9rapeute, un des plus grands d\u00e9fis auquel chaque professionnel doit se confronter et bien planifier son projet.\" \/>\n<meta name=\"twitter:site\" content=\"@CollegeRomand\" \/>\n<meta name=\"twitter:label1\" content=\"Dur\u00e9e de lecture estim\u00e9e\" \/>\n\t<meta name=\"twitter:data1\" content=\"3 minutes\" \/>\n<script type=\"application\/ld+json\" class=\"yoast-schema-graph\">{\"@context\":\"https:\\\/\\\/schema.org\",\"@graph\":[{\"@type\":\"WebPage\",\"@id\":\"https:\\\/\\\/www.pnl.ch\\\/college-hypnose\\\/webinaires\\\/devenir-hypnotherapeute\\\/\",\"url\":\"https:\\\/\\\/www.pnl.ch\\\/college-hypnose\\\/webinaires\\\/devenir-hypnotherapeute\\\/\",\"name\":\"Webinaire \u00abDevenir hypnoth\u00e9rapeute: r\u00f4le, posture\u2026\",\"isPartOf\":{\"@id\":\"https:\\\/\\\/www.pnl.ch\\\/college-hypnose\\\/#website\"},\"primaryImageOfPage\":{\"@id\":\"https:\\\/\\\/www.pnl.ch\\\/college-hypnose\\\/webinaires\\\/devenir-hypnotherapeute\\\/#primaryimage\"},\"image\":{\"@id\":\"https:\\\/\\\/www.pnl.ch\\\/college-hypnose\\\/webinaires\\\/devenir-hypnotherapeute\\\/#primaryimage\"},\"thumbnailUrl\":\"https:\\\/\\\/www.pnl.ch\\\/college-hypnose\\\/wp-content\\\/uploads\\\/sites\\\/4\\\/2018\\\/03\\\/hypnose-webinaire-2.jpg\",\"datePublished\":\"2018-02-19T10:45:55+00:00\",\"dateModified\":\"2026-02-17T09:19:52+00:00\",\"description\":\"Pour devenir hypnoth\u00e9rapeute, un des plus grands d\u00e9fis auquel chaque professionnel doit se confronter et bien planifier son projet.\",\"breadcrumb\":{\"@id\":\"https:\\\/\\\/www.pnl.ch\\\/college-hypnose\\\/webinaires\\\/devenir-hypnotherapeute\\\/#breadcrumb\"},\"inLanguage\":\"fr-FR\",\"potentialAction\":[{\"@type\":\"ReadAction\",\"target\":[\"https:\\\/\\\/www.pnl.ch\\\/college-hypnose\\\/webinaires\\\/devenir-hypnotherapeute\\\/\"]}]},{\"@type\":\"ImageObject\",\"inLanguage\":\"fr-FR\",\"@id\":\"https:\\\/\\\/www.pnl.ch\\\/college-hypnose\\\/webinaires\\\/devenir-hypnotherapeute\\\/#primaryimage\",\"url\":\"https:\\\/\\\/www.pnl.ch\\\/college-hypnose\\\/wp-content\\\/uploads\\\/sites\\\/4\\\/2018\\\/03\\\/hypnose-webinaire-2.jpg\",\"contentUrl\":\"https:\\\/\\\/www.pnl.ch\\\/college-hypnose\\\/wp-content\\\/uploads\\\/sites\\\/4\\\/2018\\\/03\\\/hypnose-webinaire-2.jpg\",\"width\":300,\"height\":300,\"caption\":\"Webinaire hypnose ericksonienne\"},{\"@type\":\"BreadcrumbList\",\"@id\":\"https:\\\/\\\/www.pnl.ch\\\/college-hypnose\\\/webinaires\\\/devenir-hypnotherapeute\\\/#breadcrumb\",\"itemListElement\":[{\"@type\":\"ListItem\",\"position\":1,\"name\":\"Accueil\",\"item\":\"https:\\\/\\\/www.pnl.ch\\\/college-hypnose\\\/\"},{\"@type\":\"ListItem\",\"position\":2,\"name\":\"Webinaires\",\"item\":\"https:\\\/\\\/www.pnl.ch\\\/college-hypnose\\\/webinaires\\\/\"},{\"@type\":\"ListItem\",\"position\":3,\"name\":\"Devenir hypnoth\u00e9rapeute: r\u00f4le, posture et futur professionnel\"}]},{\"@type\":\"WebSite\",\"@id\":\"https:\\\/\\\/www.pnl.ch\\\/college-hypnose\\\/#website\",\"url\":\"https:\\\/\\\/www.pnl.ch\\\/college-hypnose\\\/\",\"name\":\"Coll\u00e8ge Hypnose\",\"description\":\"Formations certifiantes en Hypnose Ericksonienne\",\"publisher\":{\"@id\":\"https:\\\/\\\/www.pnl.ch\\\/college-hypnose\\\/#organization\"},\"potentialAction\":[{\"@type\":\"SearchAction\",\"target\":{\"@type\":\"EntryPoint\",\"urlTemplate\":\"https:\\\/\\\/www.pnl.ch\\\/college-hypnose\\\/?s={search_term_string}\"},\"query-input\":{\"@type\":\"PropertyValueSpecification\",\"valueRequired\":true,\"valueName\":\"search_term_string\"}}],\"inLanguage\":\"fr-FR\"},{\"@type\":\"Organization\",\"@id\":\"https:\\\/\\\/www.pnl.ch\\\/college-hypnose\\\/#organization\",\"name\":\"Coll\u00e8ge Romand - Centre de formation d'adultes S\u00e0rl\",\"url\":\"https:\\\/\\\/www.pnl.ch\\\/college-hypnose\\\/\",\"logo\":{\"@type\":\"ImageObject\",\"inLanguage\":\"fr-FR\",\"@id\":\"https:\\\/\\\/www.pnl.ch\\\/college-hypnose\\\/#\\\/schema\\\/logo\\\/image\\\/\",\"url\":\"https:\\\/\\\/www.pnl.ch\\\/college-hypnose\\\/wp-content\\\/uploads\\\/sites\\\/4\\\/2017\\\/04\\\/college-hypnose-logo-nc.png\",\"contentUrl\":\"https:\\\/\\\/www.pnl.ch\\\/college-hypnose\\\/wp-content\\\/uploads\\\/sites\\\/4\\\/2017\\\/04\\\/college-hypnose-logo-nc.png\",\"width\":314,\"height\":200,\"caption\":\"Coll\u00e8ge Romand - Centre de formation d'adultes S\u00e0rl\"},\"image\":{\"@id\":\"https:\\\/\\\/www.pnl.ch\\\/college-hypnose\\\/#\\\/schema\\\/logo\\\/image\\\/\"},\"sameAs\":[\"https:\\\/\\\/www.facebook.com\\\/college.romand\\\/\",\"https:\\\/\\\/x.com\\\/CollegeRomand\",\"https:\\\/\\\/www.linkedin.com\\\/school\\\/college-romand\\\/\",\"https:\\\/\\\/www.instagram.com\\\/collegeromand\\\/\"]}]}<\/script>\n<!-- \/ Yoast SEO Premium plugin. -->","yoast_head_json":{"title":"Webinaire \u00abDevenir hypnoth\u00e9rapeute: r\u00f4le, posture\u2026","description":"Pour devenir hypnoth\u00e9rapeute, un des plus grands d\u00e9fis auquel chaque professionnel doit se confronter et bien planifier son projet.","robots":{"index":"index","follow":"follow","max-snippet":"max-snippet:-1","max-image-preview":"max-image-preview:large","max-video-preview":"max-video-preview:-1"},"canonical":"https:\/\/www.pnl.ch\/college-hypnose\/webinaires\/devenir-hypnotherapeute\/","og_locale":"fr_FR","og_type":"article","og_title":"Devenir hypnoth\u00e9rapeute: r\u00f4le, posture et futur professionnel","og_description":"Pour devenir hypnoth\u00e9rapeute, un des plus grands d\u00e9fis auquel chaque professionnel doit se confronter et bien planifier son projet.","og_url":"https:\/\/www.pnl.ch\/college-hypnose\/webinaires\/devenir-hypnotherapeute\/","og_site_name":"Coll\u00e8ge Hypnose","article_publisher":"https:\/\/www.facebook.com\/college.romand\/","article_modified_time":"2026-02-17T09:19:52+00:00","og_image":[{"width":1200,"height":675,"url":"http:\/\/www.pnl.ch\/college-hypnose\/wp-content\/uploads\/sites\/4\/2024\/03\/hypnose-gerer-son-stress-jpg.webp","type":"image\/jpeg"}],"twitter_card":"summary_large_image","twitter_description":"Pour devenir hypnoth\u00e9rapeute, un des plus grands d\u00e9fis auquel chaque professionnel doit se confronter et bien planifier son projet.","twitter_site":"@CollegeRomand","twitter_misc":{"Dur\u00e9e de lecture estim\u00e9e":"3 minutes"},"schema":{"@context":"https:\/\/schema.org","@graph":[{"@type":"WebPage","@id":"https:\/\/www.pnl.ch\/college-hypnose\/webinaires\/devenir-hypnotherapeute\/","url":"https:\/\/www.pnl.ch\/college-hypnose\/webinaires\/devenir-hypnotherapeute\/","name":"Webinaire \u00abDevenir hypnoth\u00e9rapeute: r\u00f4le, posture\u2026","isPartOf":{"@id":"https:\/\/www.pnl.ch\/college-hypnose\/#website"},"primaryImageOfPage":{"@id":"https:\/\/www.pnl.ch\/college-hypnose\/webinaires\/devenir-hypnotherapeute\/#primaryimage"},"image":{"@id":"https:\/\/www.pnl.ch\/college-hypnose\/webinaires\/devenir-hypnotherapeute\/#primaryimage"},"thumbnailUrl":"https:\/\/www.pnl.ch\/college-hypnose\/wp-content\/uploads\/sites\/4\/2018\/03\/hypnose-webinaire-2.jpg","datePublished":"2018-02-19T10:45:55+00:00","dateModified":"2026-02-17T09:19:52+00:00","description":"Pour devenir hypnoth\u00e9rapeute, un des plus grands d\u00e9fis auquel chaque professionnel doit se confronter et bien planifier son projet.","breadcrumb":{"@id":"https:\/\/www.pnl.ch\/college-hypnose\/webinaires\/devenir-hypnotherapeute\/#breadcrumb"},"inLanguage":"fr-FR","potentialAction":[{"@type":"ReadAction","target":["https:\/\/www.pnl.ch\/college-hypnose\/webinaires\/devenir-hypnotherapeute\/"]}]},{"@type":"ImageObject","inLanguage":"fr-FR","@id":"https:\/\/www.pnl.ch\/college-hypnose\/webinaires\/devenir-hypnotherapeute\/#primaryimage","url":"https:\/\/www.pnl.ch\/college-hypnose\/wp-content\/uploads\/sites\/4\/2018\/03\/hypnose-webinaire-2.jpg","contentUrl":"https:\/\/www.pnl.ch\/college-hypnose\/wp-content\/uploads\/sites\/4\/2018\/03\/hypnose-webinaire-2.jpg","width":300,"height":300,"caption":"Webinaire hypnose ericksonienne"},{"@type":"BreadcrumbList","@id":"https:\/\/www.pnl.ch\/college-hypnose\/webinaires\/devenir-hypnotherapeute\/#breadcrumb","itemListElement":[{"@type":"ListItem","position":1,"name":"Accueil","item":"https:\/\/www.pnl.ch\/college-hypnose\/"},{"@type":"ListItem","position":2,"name":"Webinaires","item":"https:\/\/www.pnl.ch\/college-hypnose\/webinaires\/"},{"@type":"ListItem","position":3,"name":"Devenir hypnoth\u00e9rapeute: r\u00f4le, posture et futur professionnel"}]},{"@type":"WebSite","@id":"https:\/\/www.pnl.ch\/college-hypnose\/#website","url":"https:\/\/www.pnl.ch\/college-hypnose\/","name":"Coll\u00e8ge Hypnose","description":"Formations certifiantes en Hypnose Ericksonienne","publisher":{"@id":"https:\/\/www.pnl.ch\/college-hypnose\/#organization"},"potentialAction":[{"@type":"SearchAction","target":{"@type":"EntryPoint","urlTemplate":"https:\/\/www.pnl.ch\/college-hypnose\/?s={search_term_string}"},"query-input":{"@type":"PropertyValueSpecification","valueRequired":true,"valueName":"search_term_string"}}],"inLanguage":"fr-FR"},{"@type":"Organization","@id":"https:\/\/www.pnl.ch\/college-hypnose\/#organization","name":"Coll\u00e8ge Romand - Centre de formation d'adultes S\u00e0rl","url":"https:\/\/www.pnl.ch\/college-hypnose\/","logo":{"@type":"ImageObject","inLanguage":"fr-FR","@id":"https:\/\/www.pnl.ch\/college-hypnose\/#\/schema\/logo\/image\/","url":"https:\/\/www.pnl.ch\/college-hypnose\/wp-content\/uploads\/sites\/4\/2017\/04\/college-hypnose-logo-nc.png","contentUrl":"https:\/\/www.pnl.ch\/college-hypnose\/wp-content\/uploads\/sites\/4\/2017\/04\/college-hypnose-logo-nc.png","width":314,"height":200,"caption":"Coll\u00e8ge Romand - Centre de formation d'adultes S\u00e0rl"},"image":{"@id":"https:\/\/www.pnl.ch\/college-hypnose\/#\/schema\/logo\/image\/"},"sameAs":["https:\/\/www.facebook.com\/college.romand\/","https:\/\/x.com\/CollegeRomand","https:\/\/www.linkedin.com\/school\/college-romand\/","https:\/\/www.instagram.com\/collegeromand\/"]}]}},"_links":{"self":[{"href":"https:\/\/www.pnl.ch\/college-hypnose\/wp-json\/wp\/v2\/pages\/661","targetHints":{"allow":["GET"]}}],"collection":[{"href":"https:\/\/www.pnl.ch\/college-hypnose\/wp-json\/wp\/v2\/pages"}],"about":[{"href":"https:\/\/www.pnl.ch\/college-hypnose\/wp-json\/wp\/v2\/types\/page"}],"author":[{"embeddable":true,"href":"https:\/\/www.pnl.ch\/college-hypnose\/wp-json\/wp\/v2\/users\/1"}],"replies":[{"embeddable":true,"href":"https:\/\/www.pnl.ch\/college-hypnose\/wp-json\/wp\/v2\/comments?post=661"}],"version-history":[{"count":11,"href":"https:\/\/www.pnl.ch\/college-hypnose\/wp-json\/wp\/v2\/pages\/661\/revisions"}],"predecessor-version":[{"id":2616,"href":"https:\/\/www.pnl.ch\/college-hypnose\/wp-json\/wp\/v2\/pages\/661\/revisions\/2616"}],"up":[{"embeddable":true,"href":"https:\/\/www.pnl.ch\/college-hypnose\/wp-json\/wp\/v2\/pages\/681"}],"wp:featuredmedia":[{"embeddable":true,"href":"https:\/\/www.pnl.ch\/college-hypnose\/wp-json\/wp\/v2\/media\/708"}],"wp:attachment":[{"href":"https:\/\/www.pnl.ch\/college-hypnose\/wp-json\/wp\/v2\/media?parent=661"}],"curies":[{"name":"wp","href":"https:\/\/api.w.org\/{rel}","templated":true}]}}