{"id":1881,"date":"2020-04-02T11:01:43","date_gmt":"2020-04-02T09:01:43","guid":{"rendered":"https:\/\/www.pnl.ch\/college-pnl\/?page_id=1881"},"modified":"2026-02-17T10:28:06","modified_gmt":"2026-02-17T09:28:06","slug":"etat-desprit-constructif","status":"publish","type":"page","link":"https:\/\/www.pnl.ch\/college-pnl\/webinaires\/etat-desprit-constructif\/","title":{"rendered":"Garder un \u00e9tat d&rsquo;esprit constructif face \u00e0 l&rsquo;impr\u00e9vu"},"content":{"rendered":"<div class=\"wpb-content-wrapper\"><p>[vc_row margin_top=\u00a0\u00bb40px\u00a0\u00bb][vc_column width=\u00a0\u00bb2\/3&Prime; css=\u00a0\u00bb.vc_custom_1540813405114{padding-right: 50px !important;}\u00a0\u00bb][vc_column_text]<\/p>\n<h1 style=\"text-transform: uppercase; font-size: 24px; margin-top: 0; color: #333333; letter-spacing: 1px; font-weight: bold;\">Webinaire gratuit<\/h1>\n<h1 style=\"margin-top: 10px;\">Garder un \u00e9tat d&rsquo;esprit constructif face \u00e0 l&rsquo;impr\u00e9vu<\/h1>\n<p><img fetchpriority=\"high\" decoding=\"async\" class=\"alignnone wp-image-1904 size-full\" style=\"margin-top: 20px;\" src=\"https:\/\/www.pnl.ch\/college-pnl\/wp-content\/uploads\/sites\/2\/2020\/04\/face-imprevu.jpg\" alt=\"Rester constructif face \u00e0 l'impr\u00e9vu\" width=\"800\" height=\"400\" srcset=\"https:\/\/www.pnl.ch\/college-pnl\/wp-content\/uploads\/sites\/2\/2020\/04\/face-imprevu.jpg 800w, https:\/\/www.pnl.ch\/college-pnl\/wp-content\/uploads\/sites\/2\/2020\/04\/face-imprevu-300x150.jpg 300w, https:\/\/www.pnl.ch\/college-pnl\/wp-content\/uploads\/sites\/2\/2020\/04\/face-imprevu-768x384.jpg 768w\" sizes=\"(max-width: 800px) 100vw, 800px\" \/><\/p>\n<p><strong>La r\u00e9silience est la capacit\u00e9 d&rsquo;un individu \u00e0 rebondir apr\u00e8s un \u00e9tat de choc<\/strong>. Garder un \u00e9tat d&rsquo;esprit constructif ouvert aux opportunit\u00e9s face \u00e0 la crise actuelle est fondamental pour pouvoir <strong>bien vivre la pand\u00e9mie et d\u00e9velopper des ressources<\/strong> qui nous permettront de sortir de cette situation <strong>plus forts et plus soud\u00e9s, avec de nouvelles prises de conscience face \u00e0 la vie<\/strong>.<\/p>\n<p>La crise actuelle a caus\u00e9 une perte de rep\u00e8res pour beaucoup de personnes. Nous nous retrouvons soudainement \u00e0 vivre l&rsquo;impr\u00e9vu et l&rsquo;impr\u00e9visible et nous nous questionnons sur ce qui nous attend. Ce qui peut se r\u00e9v\u00e9ler tr\u00e8s ins\u00e9curisant. Dans ce contexte, il est capital de <strong>choisir de vivre la situation actuelle en restant orient\u00e9 sur les possibles<\/strong>. Maintenir un <strong>\u00e9tat d&rsquo;esprit tonique, bien vivre le confinement<\/strong>, accepter ce que nous ne pouvons pas contr\u00f4ler et agir sur ce qui est sous notre influence.<\/p>\n<h3>Le plus grand d\u00e9fi auquel chacun de nous doit se confronter est de solliciter les \u00e9motions utiles pour cr\u00e9er une vision de la r\u00e9alit\u00e9 qui soit soutenante et non pas limitante.<\/h3>\n<p><strong>D\u00e9couvrez les outils qui vous permettront de rester constructif et ouvert aux possibles dans cette situation<\/strong>. Rejoignez Roger Blumenthal pour ce webinaire\u202f: \u00ab\u202fGarder un \u00e9tat d\u2019esprit constructif face \u00e0 l\u2019impr\u00e9vu \u00bb.<\/p>\n<p>Dans ce webinaire, vous apprendrez \u00e0\u202f:<\/p>\n<ul>\n<li>Identifier les pens\u00e9es qui d\u00e9clenchent des \u00e9motions limitantes.<\/li>\n<li>Comprendre ce qui se passe en vous et le <strong>transformer en \u00e9nergie positive<\/strong>.<\/li>\n<li>D\u00e9velopper des rituels pour acqu\u00e9rir les bons r\u00e9flexes afin de <strong>garder un mode de pens\u00e9e constructif et des \u00e9motions soutenantes<\/strong>.<\/li>\n<li>D\u00e9couvrir vos ressources et les utiliser comme <strong>opportunit\u00e9s de d\u00e9veloppement personnel<\/strong>.<\/li>\n<\/ul>\n<h3>Intervenant<\/h3>\n<p>[\/vc_column_text][vc_row_inner][vc_column_inner width=\u00a0\u00bb1\/4&Prime;][vc_single_image image=\u00a0\u00bb57&Prime; img_size=\u00a0\u00bbfull\u00a0\u00bb add_caption=\u00a0\u00bbyes\u00a0\u00bb alignment=\u00a0\u00bbcenter\u00a0\u00bb css=\u00a0\u00bb.vc_custom_1585818415807{margin-right: 30px !important;}\u00a0\u00bb][\/vc_column_inner][vc_column_inner width=\u00a0\u00bb3\/4&Prime;][vc_column_text]<strong><span style=\"color: #009174;\">Roger Blumenthal<\/span><\/strong> Coach ICF PCC, formateur et co-fondateur du Coll\u00e8ge Romand<\/p>\n<p><span style=\"font-size: 16px;\">Roger intervient comme formateur et accompagne des personnes en entreprises et en individuel depuis plus de 25 ans. Il accompagne des transformations, restructuration, succession des organisations au niveau des ressources humaines.<\/span>[\/vc_column_text][\/vc_column_inner][\/vc_row_inner][\/vc_column][vc_column width=\u00a0\u00bb1\/3&Prime; css=\u00a0\u00bb.vc_custom_1585847328863{background-color: #ffffff !important;}\u00a0\u00bb][vc_row_inner css=\u00a0\u00bb.vc_custom_1585847316069{background-color: #333333 !important;}\u00a0\u00bb][vc_column_inner][vc_column_text css=\u00a0\u00bb.vc_custom_1585904526178{padding-left: 10px !important;}\u00a0\u00bb]<\/p>\n<h3 style=\"margin-top: 0;\"><strong>Vous inscrire \u00e0 ce webinaire<\/strong><\/h3>\n<p><span style=\"color: #fff;\"><span class=\"soustitre\">\u00c9v\u00e9nement: <\/span>Webinaire<br \/>\n<span class=\"soustitre\">Date: <\/span>mercredi 8 avril 2020<br \/>\n<span class=\"soustitre\">Heure: <\/span>18h30<br \/>\n<span class=\"soustitre\">Dur\u00e9e: <\/span>1h30<\/span>[\/vc_column_text][vc_column_text css=\u00a0\u00bb.vc_custom_1771320403511{background-color: #333333 !important;}\u00a0\u00bb]<\/p>\n<form action=\"https:\/\/crpnl.ch\/index.php\" method=\"post\">\n<table class=\"acymailing_form\" style=\"width: 100%; max width: 265px; background-color: #555555;\">\n<tbody>\n<tr>\n<td><input id=\"user_name\" name=\"user[name]\" type=\"text\" value=\"\" placeholder=\"Pr\u00e9nom\" \/><\/td>\n<\/tr>\n<tr>\n<td><input id=\"user_email\" name=\"user[email]\" type=\"text\" value=\"\" placeholder=\"Adresse e-mail\" \/><\/td>\n<\/tr>\n<tr>\n<td><input class=\"dt-btn\" name=\"Submit\" type=\"submit\" value=\"Je m'inscris\" \/><\/td>\n<\/tr>\n<tr>\n<td style=\"font-size: 11px; text-align: center; text-decoration: underline; padding-top: 5px;\" colspan=\"2\"><a style=\"color: #009174;\" href=\"https:\/\/www.pnl.ch\/confidentialite-politique-protection-donnees\/\" target=\"_blank\" rel=\"noopener noreferrer\">Nous ne partagerons jamais votre adresse<\/a><\/td>\n<\/tr>\n<\/tbody>\n<\/table>\n<p><!-- Honeypot anti-bot --><\/p>\n<div style=\"position: absolute; left: -9999px; top: auto; width: 1px; height: 1px; overflow: hidden;\"><label>Ne pas remplir ce champ<\/label><br \/>\n<input tabindex=\"-1\" autocomplete=\"off\" name=\"website\" type=\"text\" value=\"\" \/><\/div>\n<p>&nbsp;<\/p>\n<p><input id=\"form_ts\" name=\"form_ts\" type=\"hidden\" value=\"0\" \/><br \/>\n<script>\n  \/\/ Timestamp en secondes au chargement de la page\n  document.getElementById('form_ts').value = Math.floor(Date.now() \/ 1000);\n<\/script><\/p>\n<p><input name=\"ctrl\" type=\"hidden\" value=\"frontusers\" \/><br \/>\n<input name=\"task\" type=\"hidden\" value=\"subscribe\" \/><br \/>\n<input name=\"redirect\" type=\"hidden\" value=\"https:\/\/www.pnl.ch\/contact-merci\/\" \/><br \/>\n<input name=\"hiddenlists\" type=\"hidden\" value=\"38\" \/><br \/>\n<input name=\"option\" type=\"hidden\" value=\"com_acym\" \/><br \/>\n<input name=\"seckey\" type=\"hidden\" value=\"sCXY6zO4LqWgeLb9zl9JsD0RrZSe2m\" \/><\/p>\n<\/form>\n<p>[\/vc_column_text][\/vc_column_inner][\/vc_row_inner][\/vc_column][\/vc_row]<\/p>\n<\/div>","protected":false},"excerpt":{"rendered":"<p>[vc_row margin_top=\u00a0\u00bb40px\u00a0\u00bb][vc_column width=\u00a0\u00bb2\/3&Prime; css=\u00a0\u00bb.vc_custom_1540813405114{padding-right: 50px !important;}\u00a0\u00bb][vc_column_text] Webinaire gratuit Garder un \u00e9tat d&rsquo;esprit constructif face \u00e0 l&rsquo;impr\u00e9vu La r\u00e9silience est la capacit\u00e9 d&rsquo;un individu \u00e0 rebondir apr\u00e8s un \u00e9tat de choc. Garder un \u00e9tat d&rsquo;esprit constructif ouvert aux opportunit\u00e9s face \u00e0 la crise actuelle est fondamental pour pouvoir bien vivre la pand\u00e9mie et d\u00e9velopper des ressources&hellip;<\/p>\n","protected":false},"author":1,"featured_media":0,"parent":1933,"menu_order":0,"comment_status":"closed","ping_status":"closed","template":"","meta":{"_acf_changed":false,"footnotes":""},"class_list":["post-1881","page","type-page","status-publish","hentry","description-off"],"acf":[],"yoast_head":"<!-- This site is optimized with the Yoast SEO Premium plugin v26.9 (Yoast SEO v26.9) - https:\/\/yoast.com\/product\/yoast-seo-premium-wordpress\/ -->\n<title>Garder un \u00e9tat d&#039;esprit constructif face \u00e0 l&#039;impr\u00e9vu | Coll\u00e8ge PNL<\/title>\n<meta name=\"robots\" content=\"index, follow, max-snippet:-1, max-image-preview:large, max-video-preview:-1\" \/>\n<link rel=\"canonical\" href=\"https:\/\/www.pnl.ch\/college-pnl\/webinaires\/etat-desprit-constructif\/\" \/>\n<meta property=\"og:locale\" content=\"fr_FR\" \/>\n<meta property=\"og:type\" content=\"article\" \/>\n<meta property=\"og:title\" content=\"Webinaire gratuit: Garder un \u00e9tat d&#039;esprit constructif face \u00e0 l&#039;impr\u00e9vu\" \/>\n<meta property=\"og:description\" content=\"La r\u00e9silience est la capacit\u00e9 d&#039;un individu \u00e0 rebondir apr\u00e8s un \u00e9tat de choc. Garder un \u00e9tat d&#039;esprit constructif ouvert aux opportunit\u00e9s face \u00e0 la crise actuelle est fondamental pour pouvoir bien vivre la pand\u00e9mie et d\u00e9velopper des ressources qui nous permettront de sortir de cette situation plus forts et plus soud\u00e9s, avec de nouvelles prises de conscience face \u00e0 la vie.\" \/>\n<meta property=\"og:url\" content=\"https:\/\/www.pnl.ch\/college-pnl\/webinaires\/etat-desprit-constructif\/\" \/>\n<meta property=\"og:site_name\" content=\"Coll\u00e8ge PNL\" \/>\n<meta property=\"article:publisher\" content=\"https:\/\/www.facebook.com\/college.romand\/\" \/>\n<meta property=\"article:modified_time\" content=\"2026-02-17T09:28:06+00:00\" \/>\n<meta property=\"og:image\" content=\"https:\/\/www.pnl.ch\/college-pnl\/wp-content\/uploads\/sites\/2\/2020\/04\/face-imprevu.jpg\" \/>\n\t<meta property=\"og:image:width\" content=\"800\" \/>\n\t<meta property=\"og:image:height\" content=\"400\" \/>\n\t<meta property=\"og:image:type\" content=\"image\/jpeg\" \/>\n<meta name=\"twitter:card\" content=\"summary_large_image\" \/>\n<meta name=\"twitter:title\" content=\"Webinaire gratuit: Garder un \u00e9tat d&#039;esprit constructif face \u00e0 l&#039;impr\u00e9vu\" \/>\n<meta name=\"twitter:description\" content=\"D\u00e9couvrez les outils qui vous permettront de rester constructif et ouvert aux possibles pendant cette pand\u00e9mie.\" \/>\n<meta name=\"twitter:site\" content=\"@CollegeRomand\" \/>\n<meta name=\"twitter:label1\" content=\"Dur\u00e9e de lecture estim\u00e9e\" \/>\n\t<meta name=\"twitter:data1\" content=\"3 minutes\" \/>\n<script type=\"application\/ld+json\" class=\"yoast-schema-graph\">{\"@context\":\"https:\/\/schema.org\",\"@graph\":[{\"@type\":\"WebPage\",\"@id\":\"https:\/\/www.pnl.ch\/college-pnl\/webinaires\/etat-desprit-constructif\/\",\"url\":\"https:\/\/www.pnl.ch\/college-pnl\/webinaires\/etat-desprit-constructif\/\",\"name\":\"Garder un \u00e9tat d'esprit constructif face \u00e0 l'impr\u00e9vu | Coll\u00e8ge PNL\",\"isPartOf\":{\"@id\":\"https:\/\/www.pnl.ch\/college-pnl\/#website\"},\"primaryImageOfPage\":{\"@id\":\"https:\/\/www.pnl.ch\/college-pnl\/webinaires\/etat-desprit-constructif\/#primaryimage\"},\"image\":{\"@id\":\"https:\/\/www.pnl.ch\/college-pnl\/webinaires\/etat-desprit-constructif\/#primaryimage\"},\"thumbnailUrl\":\"https:\/\/www.pnl.ch\/college-pnl\/wp-content\/uploads\/sites\/2\/2020\/04\/face-imprevu.jpg\",\"datePublished\":\"2020-04-02T09:01:43+00:00\",\"dateModified\":\"2026-02-17T09:28:06+00:00\",\"breadcrumb\":{\"@id\":\"https:\/\/www.pnl.ch\/college-pnl\/webinaires\/etat-desprit-constructif\/#breadcrumb\"},\"inLanguage\":\"fr-FR\",\"potentialAction\":[{\"@type\":\"ReadAction\",\"target\":[\"https:\/\/www.pnl.ch\/college-pnl\/webinaires\/etat-desprit-constructif\/\"]}]},{\"@type\":\"ImageObject\",\"inLanguage\":\"fr-FR\",\"@id\":\"https:\/\/www.pnl.ch\/college-pnl\/webinaires\/etat-desprit-constructif\/#primaryimage\",\"url\":\"https:\/\/www.pnl.ch\/college-pnl\/wp-content\/uploads\/sites\/2\/2020\/04\/face-imprevu.jpg\",\"contentUrl\":\"https:\/\/www.pnl.ch\/college-pnl\/wp-content\/uploads\/sites\/2\/2020\/04\/face-imprevu.jpg\"},{\"@type\":\"BreadcrumbList\",\"@id\":\"https:\/\/www.pnl.ch\/college-pnl\/webinaires\/etat-desprit-constructif\/#breadcrumb\",\"itemListElement\":[{\"@type\":\"ListItem\",\"position\":1,\"name\":\"Accueil\",\"item\":\"https:\/\/www.pnl.ch\/college-pnl\/\"},{\"@type\":\"ListItem\",\"position\":2,\"name\":\"Webinaires\",\"item\":\"https:\/\/www.pnl.ch\/college-pnl\/webinaires\/\"},{\"@type\":\"ListItem\",\"position\":3,\"name\":\"Garder un \u00e9tat d&rsquo;esprit constructif face \u00e0 l&rsquo;impr\u00e9vu\"}]},{\"@type\":\"WebSite\",\"@id\":\"https:\/\/www.pnl.ch\/college-pnl\/#website\",\"url\":\"https:\/\/www.pnl.ch\/college-pnl\/\",\"name\":\"Coll\u00e8ge PNL\",\"description\":\"Formations certifiantes en Programmation Neuro Linguistique (PNL)\",\"publisher\":{\"@id\":\"https:\/\/www.pnl.ch\/college-pnl\/#organization\"},\"potentialAction\":[{\"@type\":\"SearchAction\",\"target\":{\"@type\":\"EntryPoint\",\"urlTemplate\":\"https:\/\/www.pnl.ch\/college-pnl\/?s={search_term_string}\"},\"query-input\":{\"@type\":\"PropertyValueSpecification\",\"valueRequired\":true,\"valueName\":\"search_term_string\"}}],\"inLanguage\":\"fr-FR\"},{\"@type\":\"Organization\",\"@id\":\"https:\/\/www.pnl.ch\/college-pnl\/#organization\",\"name\":\"Coll\u00e8ge Romand - Centre de formation d'adultes S\u00e0rl\",\"url\":\"https:\/\/www.pnl.ch\/college-pnl\/\",\"logo\":{\"@type\":\"ImageObject\",\"inLanguage\":\"fr-FR\",\"@id\":\"https:\/\/www.pnl.ch\/college-pnl\/#\/schema\/logo\/image\/\",\"url\":\"https:\/\/www.pnl.ch\/college-pnl\/wp-content\/uploads\/sites\/2\/2017\/04\/college-pnl-logo-nc.png\",\"contentUrl\":\"https:\/\/www.pnl.ch\/college-pnl\/wp-content\/uploads\/sites\/2\/2017\/04\/college-pnl-logo-nc.png\",\"width\":314,\"height\":200,\"caption\":\"Coll\u00e8ge Romand - Centre de formation d'adultes S\u00e0rl\"},\"image\":{\"@id\":\"https:\/\/www.pnl.ch\/college-pnl\/#\/schema\/logo\/image\/\"},\"sameAs\":[\"https:\/\/www.facebook.com\/college.romand\/\",\"https:\/\/x.com\/CollegeRomand\",\"https:\/\/www.linkedin.com\/school\/college-romand\/\",\"https:\/\/www.instagram.com\/collegeromand\/\"]}]}<\/script>\n<!-- \/ Yoast SEO Premium plugin. -->","yoast_head_json":{"title":"Garder un \u00e9tat d'esprit constructif face \u00e0 l'impr\u00e9vu | Coll\u00e8ge PNL","robots":{"index":"index","follow":"follow","max-snippet":"max-snippet:-1","max-image-preview":"max-image-preview:large","max-video-preview":"max-video-preview:-1"},"canonical":"https:\/\/www.pnl.ch\/college-pnl\/webinaires\/etat-desprit-constructif\/","og_locale":"fr_FR","og_type":"article","og_title":"Webinaire gratuit: Garder un \u00e9tat d'esprit constructif face \u00e0 l'impr\u00e9vu","og_description":"La r\u00e9silience est la capacit\u00e9 d'un individu \u00e0 rebondir apr\u00e8s un \u00e9tat de choc. Garder un \u00e9tat d'esprit constructif ouvert aux opportunit\u00e9s face \u00e0 la crise actuelle est fondamental pour pouvoir bien vivre la pand\u00e9mie et d\u00e9velopper des ressources qui nous permettront de sortir de cette situation plus forts et plus soud\u00e9s, avec de nouvelles prises de conscience face \u00e0 la vie.","og_url":"https:\/\/www.pnl.ch\/college-pnl\/webinaires\/etat-desprit-constructif\/","og_site_name":"Coll\u00e8ge PNL","article_publisher":"https:\/\/www.facebook.com\/college.romand\/","article_modified_time":"2026-02-17T09:28:06+00:00","og_image":[{"width":800,"height":400,"url":"https:\/\/www.pnl.ch\/college-pnl\/wp-content\/uploads\/sites\/2\/2020\/04\/face-imprevu.jpg","type":"image\/jpeg"}],"twitter_card":"summary_large_image","twitter_title":"Webinaire gratuit: Garder un \u00e9tat d'esprit constructif face \u00e0 l'impr\u00e9vu","twitter_description":"D\u00e9couvrez les outils qui vous permettront de rester constructif et ouvert aux possibles pendant cette pand\u00e9mie.","twitter_site":"@CollegeRomand","twitter_misc":{"Dur\u00e9e de lecture estim\u00e9e":"3 minutes"},"schema":{"@context":"https:\/\/schema.org","@graph":[{"@type":"WebPage","@id":"https:\/\/www.pnl.ch\/college-pnl\/webinaires\/etat-desprit-constructif\/","url":"https:\/\/www.pnl.ch\/college-pnl\/webinaires\/etat-desprit-constructif\/","name":"Garder un \u00e9tat d'esprit constructif face \u00e0 l'impr\u00e9vu | Coll\u00e8ge PNL","isPartOf":{"@id":"https:\/\/www.pnl.ch\/college-pnl\/#website"},"primaryImageOfPage":{"@id":"https:\/\/www.pnl.ch\/college-pnl\/webinaires\/etat-desprit-constructif\/#primaryimage"},"image":{"@id":"https:\/\/www.pnl.ch\/college-pnl\/webinaires\/etat-desprit-constructif\/#primaryimage"},"thumbnailUrl":"https:\/\/www.pnl.ch\/college-pnl\/wp-content\/uploads\/sites\/2\/2020\/04\/face-imprevu.jpg","datePublished":"2020-04-02T09:01:43+00:00","dateModified":"2026-02-17T09:28:06+00:00","breadcrumb":{"@id":"https:\/\/www.pnl.ch\/college-pnl\/webinaires\/etat-desprit-constructif\/#breadcrumb"},"inLanguage":"fr-FR","potentialAction":[{"@type":"ReadAction","target":["https:\/\/www.pnl.ch\/college-pnl\/webinaires\/etat-desprit-constructif\/"]}]},{"@type":"ImageObject","inLanguage":"fr-FR","@id":"https:\/\/www.pnl.ch\/college-pnl\/webinaires\/etat-desprit-constructif\/#primaryimage","url":"https:\/\/www.pnl.ch\/college-pnl\/wp-content\/uploads\/sites\/2\/2020\/04\/face-imprevu.jpg","contentUrl":"https:\/\/www.pnl.ch\/college-pnl\/wp-content\/uploads\/sites\/2\/2020\/04\/face-imprevu.jpg"},{"@type":"BreadcrumbList","@id":"https:\/\/www.pnl.ch\/college-pnl\/webinaires\/etat-desprit-constructif\/#breadcrumb","itemListElement":[{"@type":"ListItem","position":1,"name":"Accueil","item":"https:\/\/www.pnl.ch\/college-pnl\/"},{"@type":"ListItem","position":2,"name":"Webinaires","item":"https:\/\/www.pnl.ch\/college-pnl\/webinaires\/"},{"@type":"ListItem","position":3,"name":"Garder un \u00e9tat d&rsquo;esprit constructif face \u00e0 l&rsquo;impr\u00e9vu"}]},{"@type":"WebSite","@id":"https:\/\/www.pnl.ch\/college-pnl\/#website","url":"https:\/\/www.pnl.ch\/college-pnl\/","name":"Coll\u00e8ge PNL","description":"Formations certifiantes en Programmation Neuro Linguistique (PNL)","publisher":{"@id":"https:\/\/www.pnl.ch\/college-pnl\/#organization"},"potentialAction":[{"@type":"SearchAction","target":{"@type":"EntryPoint","urlTemplate":"https:\/\/www.pnl.ch\/college-pnl\/?s={search_term_string}"},"query-input":{"@type":"PropertyValueSpecification","valueRequired":true,"valueName":"search_term_string"}}],"inLanguage":"fr-FR"},{"@type":"Organization","@id":"https:\/\/www.pnl.ch\/college-pnl\/#organization","name":"Coll\u00e8ge Romand - Centre de formation d'adultes S\u00e0rl","url":"https:\/\/www.pnl.ch\/college-pnl\/","logo":{"@type":"ImageObject","inLanguage":"fr-FR","@id":"https:\/\/www.pnl.ch\/college-pnl\/#\/schema\/logo\/image\/","url":"https:\/\/www.pnl.ch\/college-pnl\/wp-content\/uploads\/sites\/2\/2017\/04\/college-pnl-logo-nc.png","contentUrl":"https:\/\/www.pnl.ch\/college-pnl\/wp-content\/uploads\/sites\/2\/2017\/04\/college-pnl-logo-nc.png","width":314,"height":200,"caption":"Coll\u00e8ge Romand - Centre de formation d'adultes S\u00e0rl"},"image":{"@id":"https:\/\/www.pnl.ch\/college-pnl\/#\/schema\/logo\/image\/"},"sameAs":["https:\/\/www.facebook.com\/college.romand\/","https:\/\/x.com\/CollegeRomand","https:\/\/www.linkedin.com\/school\/college-romand\/","https:\/\/www.instagram.com\/collegeromand\/"]}]}},"_links":{"self":[{"href":"https:\/\/www.pnl.ch\/college-pnl\/wp-json\/wp\/v2\/pages\/1881","targetHints":{"allow":["GET"]}}],"collection":[{"href":"https:\/\/www.pnl.ch\/college-pnl\/wp-json\/wp\/v2\/pages"}],"about":[{"href":"https:\/\/www.pnl.ch\/college-pnl\/wp-json\/wp\/v2\/types\/page"}],"author":[{"embeddable":true,"href":"https:\/\/www.pnl.ch\/college-pnl\/wp-json\/wp\/v2\/users\/1"}],"replies":[{"embeddable":true,"href":"https:\/\/www.pnl.ch\/college-pnl\/wp-json\/wp\/v2\/comments?post=1881"}],"version-history":[{"count":51,"href":"https:\/\/www.pnl.ch\/college-pnl\/wp-json\/wp\/v2\/pages\/1881\/revisions"}],"predecessor-version":[{"id":3253,"href":"https:\/\/www.pnl.ch\/college-pnl\/wp-json\/wp\/v2\/pages\/1881\/revisions\/3253"}],"up":[{"embeddable":true,"href":"https:\/\/www.pnl.ch\/college-pnl\/wp-json\/wp\/v2\/pages\/1933"}],"wp:attachment":[{"href":"https:\/\/www.pnl.ch\/college-pnl\/wp-json\/wp\/v2\/media?parent=1881"}],"curies":[{"name":"wp","href":"https:\/\/api.w.org\/{rel}","templated":true}]}}