{"id":2624,"date":"2024-02-19T14:38:02","date_gmt":"2024-02-19T13:38:02","guid":{"rendered":"https:\/\/www.pnl.ch\/college-pnl\/?page_id=2624"},"modified":"2026-02-17T10:28:08","modified_gmt":"2026-02-17T09:28:08","slug":"maitriser-votre-vie","status":"publish","type":"page","link":"https:\/\/www.pnl.ch\/college-pnl\/webinaires\/maitriser-votre-vie\/","title":{"rendered":"Devenir Praticien en PNL : transformez votre vie et celle des autres"},"content":{"rendered":"<div class=\"wpb-content-wrapper\"><p>[vc_row margin_top=\u00a0\u00bb40px\u00a0\u00bb][vc_column width=\u00a0\u00bb2\/3&Prime; css=\u00a0\u00bb.vc_custom_1540813405114{padding-right: 50px !important;}\u00a0\u00bb][vc_column_text css=\u00a0\u00bb\u00a0\u00bb]<\/p>\n<h1 style=\"text-transform: uppercase; font-size: 24px; margin-top: 0; color: #333333; letter-spacing: 1px; font-weight: bold;\">Webinaire gratuit<\/h1>\n<h1 style=\"margin-top: 10px;\">Devenir Praticien en PNL: transformez votre vie et celle des autres<\/h1>\n<p><img decoding=\"async\" class=\"img-marge alignleft wp-image-708\" src=\"https:\/\/www.pnl.ch\/college-pnl\/wp-content\/uploads\/sites\/2\/2024\/06\/webinaire-jpg.webp\" alt=\"Webinaire: marre de la pens\u00e9e positive\" width=\"200\" height=\"200\" \/><\/p>\n<ul>\n<li>Vous \u00eates fatigu\u00e9s de vivre et revivre les m\u00eames situations frustrantes sans r\u00e9ussir \u00e0 <strong>cr\u00e9er un changement<\/strong>\u202f?<\/li>\n<li>Vous aimeriez comprendre le fonctionnement de votre cerveau pour <strong>ma\u00eetrise votre vie<\/strong>\u202f?<\/li>\n<li>Vous \u00eates fatigu\u00e9s de la r\u00e9p\u00e9tition et vous \u00eates <strong>pr\u00eats \u00e0 la r\u00e9solution<\/strong>\u202f?<\/li>\n<\/ul>\n<p><strong>Apprendre \u00e0 conna\u00eetre son cerveau et \u00e0 ma\u00eetriser ses \u00e9motions est indispensable pour vivre la vie que l&rsquo;on souhaite<\/strong>. Cela fait la diff\u00e9rence entre avoir <strong>la sensation de subir ou de choisir sa vie<\/strong>. Alors quel est l&rsquo;obstacle qui nous emp\u00eache de vivre une vie heureuse et pleinement satisfaisante\u202f? Notre propre fonctionnement.<\/p>\n<h3>Le plus grand d\u00e9fi auquel chacun de nous doit se confronter est de solliciter les \u00e9motions utiles pour cr\u00e9er au quotidien une vision de la r\u00e9alit\u00e9 qui soit soutenante et non pas limitante.<\/h3>\n<p><strong>Aujourd&rsquo;hui on sait qu&rsquo;on est en mesure de changer et que cela demande surtout de prendre une d\u00e9cision. <\/strong>Rejoignez Anne-Marie Perri pour ce webinaire\u202f: \u00ab Devenir Praticien en PNL: transformez votre vie et celle des autres \u00bb.<\/p>\n<p>Dans ce webinaire, vous apprendrez \u00e0\u202f:<\/p>\n<ul>\n<li>Identifier les pens\u00e9es qui d\u00e9clenchent des \u00e9motions limitantes.<\/li>\n<li>Comprendre ce qui se passe en vous et le <strong>transformer en action concr\u00e8te<\/strong>.<\/li>\n<li>D\u00e9velopper des rituels pour acqu\u00e9rir les bons r\u00e9flexes afin de <strong>garder un mode de pens\u00e9e constructif et des \u00e9motions soutenantes<\/strong>.<\/li>\n<li>D\u00e9couvrir vos ressources et les utiliser comme <strong>opportunit\u00e9s de d\u00e9veloppement personnel<\/strong>.<\/li>\n<\/ul>\n<p>Rejoignez Anne Marie Perri pour en parler franchement.<\/p>\n<h3>Intervenante<\/h3>\n<p>[\/vc_column_text][vc_row_inner][vc_column_inner width=\u00a0\u00bb1\/4&Prime;][vc_single_image image=\u00a0\u00bb2646&Prime; img_size=\u00a0\u00bbfull\u00a0\u00bb add_caption=\u00a0\u00bbyes\u00a0\u00bb alignment=\u00a0\u00bbcenter\u00a0\u00bb css=\u00a0\u00bb.vc_custom_1708352745705{margin-right: 30px !important;}\u00a0\u00bb][\/vc_column_inner][vc_column_inner width=\u00a0\u00bb3\/4&Prime;][vc_column_text]<strong><span style=\"color: #009174;\">Anne-MariePerri<\/span><\/strong>, directrice et formatrice au Coll\u00e8ge Romand<\/p>\n<p>Anne-Marie Perri est la directrice du Coll\u00e8ge Romand. Elle est Meta Trainer en PNL et assure l\u2019encadrement e la vision de l\u2019\u00e9cole. Elle suit et coache les participants pour les accompagner vers la r\u00e9ussite.<\/p>\n<p>Sp\u00e9cialement appr\u00e9ci\u00e9e pour sa bienveillance, son humanisme et sa passion pour la transmission, elle travaille \u00e0 plein temps dans le monde de la formation et de l\u2019accompagnement, en se focalisant sur comment la psychologie appliqu\u00e9e peut rendre notre vie priv\u00e9e et professionnelle plus simple. Elle anime r\u00e9guli\u00e8rement des s\u00e9minaires, webinaires et ateliers dans le cadre de son activit\u00e9 de mentor.[\/vc_column_text][\/vc_column_inner][\/vc_row_inner][\/vc_column][vc_column width=\u00a0\u00bb1\/3&Prime; css=\u00a0\u00bb.vc_custom_1708593064455{background-color: #333333 !important;}\u00a0\u00bb][vc_column_text css=\u00a0\u00bb.vc_custom_1730817614678{padding-left: 10px !important;}\u00a0\u00bb]<\/p>\n<h3 style=\"margin-top: 0;\"><strong>Vous inscrire \u00e0 ce webinaire<\/strong><\/h3>\n<p><span style=\"color: #fff;\"><span class=\"soustitre\">\u00c9v\u00e9nement: <\/span>Webinaire<br \/>\n<span class=\"soustitre\">Date: <\/span>lundi 11 novembre 2024<br \/>\n<span class=\"soustitre\">Heure: <\/span>18h30<br \/>\n<span class=\"soustitre\">Dur\u00e9e: <\/span>1h00<\/span>[\/vc_column_text][vc_row_inner css=\u00a0\u00bb.vc_custom_1585847316069{background-color: #333333 !important;}\u00a0\u00bb][vc_column_inner][vc_column_text css=\u00a0\u00bb.vc_custom_1771320390611{background-color: #333333 !important;}\u00a0\u00bb]<\/p>\n<form action=\"https:\/\/crpnl.ch\/index.php\" method=\"post\">\n<table class=\"acymailing_form\" style=\"width: 100%; max width: 265px; background-color: #555555;\">\n<tbody>\n<tr>\n<td><input id=\"user_name\" name=\"user[name]\" type=\"text\" value=\"\" placeholder=\"Pr\u00e9nom\" \/><\/td>\n<\/tr>\n<tr>\n<td><input id=\"user_email\" name=\"user[email]\" type=\"text\" value=\"\" placeholder=\"Adresse e-mail\" \/><\/td>\n<\/tr>\n<tr>\n<td><input class=\"dt-btn\" name=\"Submit\" type=\"submit\" value=\"Je m'inscris\" \/><\/td>\n<\/tr>\n<tr>\n<td style=\"font-size: 11px; text-align: center; text-decoration: underline; padding-top: 5px;\" colspan=\"2\"><a style=\"color: #009174;\" href=\"https:\/\/www.pnl.ch\/confidentialite-politique-protection-donnees\/\" target=\"_blank\" rel=\"noopener noreferrer\">Nous ne partagerons jamais votre adresse<\/a><\/td>\n<\/tr>\n<\/tbody>\n<\/table>\n<p><!-- Honeypot anti-bot --><\/p>\n<div style=\"position: absolute; left: -9999px; top: auto; width: 1px; height: 1px; overflow: hidden;\"><label>Ne pas remplir ce champ<\/label><br \/>\n<input tabindex=\"-1\" autocomplete=\"off\" name=\"website\" type=\"text\" value=\"\" \/><\/div>\n<p>&nbsp;<\/p>\n<p><input id=\"form_ts\" name=\"form_ts\" type=\"hidden\" value=\"0\" \/><br \/>\n<script>\n  \/\/ Timestamp en secondes au chargement de la page\n  document.getElementById('form_ts').value = Math.floor(Date.now() \/ 1000);\n<\/script><\/p>\n<p><input name=\"ctrl\" type=\"hidden\" value=\"frontusers\" \/><br \/>\n<input name=\"task\" type=\"hidden\" value=\"subscribe\" \/><br \/>\n<input name=\"redirect\" type=\"hidden\" value=\"https:\/\/www.pnl.ch\/merci-de-confirmer\/\" \/><br \/>\n<input name=\"hiddenlists\" type=\"hidden\" value=\"38\" \/><br \/>\n<input name=\"option\" type=\"hidden\" value=\"com_acym\" \/><br \/>\n<input name=\"seckey\" type=\"hidden\" value=\"sCXY6zO4LqWgeLb9zl9JsD0RrZSe2m\" \/><\/p>\n<\/form>\n<p>[\/vc_column_text][\/vc_column_inner][\/vc_row_inner][\/vc_column][\/vc_row]<\/p>\n<\/div>","protected":false},"excerpt":{"rendered":"<p>[vc_row margin_top=\u00a0\u00bb40px\u00a0\u00bb][vc_column width=\u00a0\u00bb2\/3&Prime; css=\u00a0\u00bb.vc_custom_1540813405114{padding-right: 50px !important;}\u00a0\u00bb][vc_column_text css=\u00a0\u00bb\u00a0\u00bb] Webinaire gratuit Devenir Praticien en PNL: transformez votre vie et celle des autres Vous \u00eates fatigu\u00e9s de vivre et revivre les m\u00eames situations frustrantes sans r\u00e9ussir \u00e0 cr\u00e9er un changement\u202f? Vous aimeriez comprendre le fonctionnement de votre cerveau pour ma\u00eetrise votre vie\u202f? Vous \u00eates fatigu\u00e9s de la r\u00e9p\u00e9tition&hellip;<\/p>\n","protected":false},"author":32,"featured_media":2918,"parent":1933,"menu_order":0,"comment_status":"closed","ping_status":"closed","template":"","meta":{"_acf_changed":false,"footnotes":""},"class_list":["post-2624","page","type-page","status-publish","has-post-thumbnail","hentry","description-off"],"acf":[],"yoast_head":"<!-- This site is optimized with the Yoast SEO Premium plugin v27.4 (Yoast SEO v27.4) - https:\/\/yoast.com\/product\/yoast-seo-premium-wordpress\/ -->\n<title>Devenir Praticien en PNL : transformez votre vie et celle des autres<\/title>\n<meta name=\"description\" content=\"Vous aimeriez comprendre le fonctionnement de votre cerveau pour ma\u00eetriser votre vie? Rejoignez Anne Marie dans ce webinaire\u2026\" \/>\n<meta name=\"robots\" content=\"index, follow, max-snippet:-1, max-image-preview:large, max-video-preview:-1\" \/>\n<link rel=\"canonical\" href=\"https:\/\/www.pnl.ch\/college-pnl\/webinaires\/maitriser-votre-vie\/\" \/>\n<meta property=\"og:locale\" content=\"fr_FR\" \/>\n<meta property=\"og:type\" content=\"article\" \/>\n<meta property=\"og:title\" content=\"Devenir Praticien en PNL : transformez votre vie et celle des autres\" \/>\n<meta property=\"og:description\" content=\"Vous aimeriez comprendre le fonctionnement de votre cerveau pour ma\u00eetriser votre vie? Rejoignez Anne Marie dans ce webinaire\u2026\" \/>\n<meta property=\"og:url\" content=\"https:\/\/www.pnl.ch\/college-pnl\/webinaires\/maitriser-votre-vie\/\" \/>\n<meta property=\"og:site_name\" content=\"Coll\u00e8ge PNL\" \/>\n<meta property=\"article:publisher\" content=\"https:\/\/www.facebook.com\/college.romand\/\" \/>\n<meta property=\"article:modified_time\" content=\"2026-02-17T09:28:08+00:00\" \/>\n<meta property=\"og:image\" content=\"http:\/\/www.pnl.ch\/college-pnl\/wp-content\/uploads\/sites\/2\/2024\/02\/bases-pnl-1-1.jpg\" \/>\n\t<meta property=\"og:image:width\" content=\"800\" \/>\n\t<meta property=\"og:image:height\" content=\"400\" \/>\n\t<meta property=\"og:image:type\" content=\"image\/jpeg\" \/>\n<meta name=\"twitter:card\" content=\"summary_large_image\" \/>\n<meta name=\"twitter:description\" content=\"Vous aimeriez comprendre le fonctionnement de votre cerveau pour ma\u00eetriser votre vie? Rejoignez Anne Marie dans ce webinaire\u2026\" \/>\n<meta name=\"twitter:image\" content=\"https:\/\/www.pnl.ch\/college-pnl\/wp-content\/uploads\/sites\/2\/2024\/02\/bases-pnl-1-1.jpg\" \/>\n<meta name=\"twitter:site\" content=\"@CollegeRomand\" \/>\n<meta name=\"twitter:label1\" content=\"Dur\u00e9e de lecture estim\u00e9e\" \/>\n\t<meta name=\"twitter:data1\" content=\"3 minutes\" \/>\n<script type=\"application\/ld+json\" class=\"yoast-schema-graph\">{\"@context\":\"https:\\\/\\\/schema.org\",\"@graph\":[{\"@type\":\"WebPage\",\"@id\":\"https:\\\/\\\/www.pnl.ch\\\/college-pnl\\\/webinaires\\\/maitriser-votre-vie\\\/\",\"url\":\"https:\\\/\\\/www.pnl.ch\\\/college-pnl\\\/webinaires\\\/maitriser-votre-vie\\\/\",\"name\":\"Devenir Praticien en PNL : transformez votre vie et celle des autres\",\"isPartOf\":{\"@id\":\"https:\\\/\\\/www.pnl.ch\\\/college-pnl\\\/#website\"},\"primaryImageOfPage\":{\"@id\":\"https:\\\/\\\/www.pnl.ch\\\/college-pnl\\\/webinaires\\\/maitriser-votre-vie\\\/#primaryimage\"},\"image\":{\"@id\":\"https:\\\/\\\/www.pnl.ch\\\/college-pnl\\\/webinaires\\\/maitriser-votre-vie\\\/#primaryimage\"},\"thumbnailUrl\":\"https:\\\/\\\/www.pnl.ch\\\/college-pnl\\\/wp-content\\\/uploads\\\/sites\\\/2\\\/2024\\\/06\\\/webinaire-jpg.webp\",\"datePublished\":\"2024-02-19T13:38:02+00:00\",\"dateModified\":\"2026-02-17T09:28:08+00:00\",\"description\":\"Vous aimeriez comprendre le fonctionnement de votre cerveau pour ma\u00eetriser votre vie? Rejoignez Anne Marie dans ce webinaire\u2026\",\"breadcrumb\":{\"@id\":\"https:\\\/\\\/www.pnl.ch\\\/college-pnl\\\/webinaires\\\/maitriser-votre-vie\\\/#breadcrumb\"},\"inLanguage\":\"fr-FR\",\"potentialAction\":[{\"@type\":\"ReadAction\",\"target\":[\"https:\\\/\\\/www.pnl.ch\\\/college-pnl\\\/webinaires\\\/maitriser-votre-vie\\\/\"]}]},{\"@type\":\"ImageObject\",\"inLanguage\":\"fr-FR\",\"@id\":\"https:\\\/\\\/www.pnl.ch\\\/college-pnl\\\/webinaires\\\/maitriser-votre-vie\\\/#primaryimage\",\"url\":\"https:\\\/\\\/www.pnl.ch\\\/college-pnl\\\/wp-content\\\/uploads\\\/sites\\\/2\\\/2024\\\/06\\\/webinaire-jpg.webp\",\"contentUrl\":\"https:\\\/\\\/www.pnl.ch\\\/college-pnl\\\/wp-content\\\/uploads\\\/sites\\\/2\\\/2024\\\/06\\\/webinaire-jpg.webp\",\"width\":300,\"height\":300},{\"@type\":\"BreadcrumbList\",\"@id\":\"https:\\\/\\\/www.pnl.ch\\\/college-pnl\\\/webinaires\\\/maitriser-votre-vie\\\/#breadcrumb\",\"itemListElement\":[{\"@type\":\"ListItem\",\"position\":1,\"name\":\"Accueil\",\"item\":\"https:\\\/\\\/www.pnl.ch\\\/college-pnl\\\/\"},{\"@type\":\"ListItem\",\"position\":2,\"name\":\"Webinaires\",\"item\":\"https:\\\/\\\/www.pnl.ch\\\/college-pnl\\\/webinaires\\\/\"},{\"@type\":\"ListItem\",\"position\":3,\"name\":\"Devenir Praticien en PNL : transformez votre vie et celle des autres\"}]},{\"@type\":\"WebSite\",\"@id\":\"https:\\\/\\\/www.pnl.ch\\\/college-pnl\\\/#website\",\"url\":\"https:\\\/\\\/www.pnl.ch\\\/college-pnl\\\/\",\"name\":\"Coll\u00e8ge PNL\",\"description\":\"Formations certifiantes en Programmation Neuro Linguistique (PNL)\",\"publisher\":{\"@id\":\"https:\\\/\\\/www.pnl.ch\\\/college-pnl\\\/#organization\"},\"potentialAction\":[{\"@type\":\"SearchAction\",\"target\":{\"@type\":\"EntryPoint\",\"urlTemplate\":\"https:\\\/\\\/www.pnl.ch\\\/college-pnl\\\/?s={search_term_string}\"},\"query-input\":{\"@type\":\"PropertyValueSpecification\",\"valueRequired\":true,\"valueName\":\"search_term_string\"}}],\"inLanguage\":\"fr-FR\"},{\"@type\":\"Organization\",\"@id\":\"https:\\\/\\\/www.pnl.ch\\\/college-pnl\\\/#organization\",\"name\":\"Coll\u00e8ge Romand - Centre de formation d'adultes S\u00e0rl\",\"url\":\"https:\\\/\\\/www.pnl.ch\\\/college-pnl\\\/\",\"logo\":{\"@type\":\"ImageObject\",\"inLanguage\":\"fr-FR\",\"@id\":\"https:\\\/\\\/www.pnl.ch\\\/college-pnl\\\/#\\\/schema\\\/logo\\\/image\\\/\",\"url\":\"https:\\\/\\\/www.pnl.ch\\\/college-pnl\\\/wp-content\\\/uploads\\\/sites\\\/2\\\/2017\\\/04\\\/college-pnl-logo-nc.png\",\"contentUrl\":\"https:\\\/\\\/www.pnl.ch\\\/college-pnl\\\/wp-content\\\/uploads\\\/sites\\\/2\\\/2017\\\/04\\\/college-pnl-logo-nc.png\",\"width\":314,\"height\":200,\"caption\":\"Coll\u00e8ge Romand - Centre de formation d'adultes S\u00e0rl\"},\"image\":{\"@id\":\"https:\\\/\\\/www.pnl.ch\\\/college-pnl\\\/#\\\/schema\\\/logo\\\/image\\\/\"},\"sameAs\":[\"https:\\\/\\\/www.facebook.com\\\/college.romand\\\/\",\"https:\\\/\\\/x.com\\\/CollegeRomand\",\"https:\\\/\\\/www.linkedin.com\\\/school\\\/college-romand\\\/\",\"https:\\\/\\\/www.instagram.com\\\/collegeromand\\\/\"]}]}<\/script>\n<!-- \/ Yoast SEO Premium plugin. -->","yoast_head_json":{"title":"Devenir Praticien en PNL : transformez votre vie et celle des autres","description":"Vous aimeriez comprendre le fonctionnement de votre cerveau pour ma\u00eetriser votre vie? Rejoignez Anne Marie dans ce webinaire\u2026","robots":{"index":"index","follow":"follow","max-snippet":"max-snippet:-1","max-image-preview":"max-image-preview:large","max-video-preview":"max-video-preview:-1"},"canonical":"https:\/\/www.pnl.ch\/college-pnl\/webinaires\/maitriser-votre-vie\/","og_locale":"fr_FR","og_type":"article","og_title":"Devenir Praticien en PNL : transformez votre vie et celle des autres","og_description":"Vous aimeriez comprendre le fonctionnement de votre cerveau pour ma\u00eetriser votre vie? Rejoignez Anne Marie dans ce webinaire\u2026","og_url":"https:\/\/www.pnl.ch\/college-pnl\/webinaires\/maitriser-votre-vie\/","og_site_name":"Coll\u00e8ge PNL","article_publisher":"https:\/\/www.facebook.com\/college.romand\/","article_modified_time":"2026-02-17T09:28:08+00:00","og_image":[{"width":800,"height":400,"url":"http:\/\/www.pnl.ch\/college-pnl\/wp-content\/uploads\/sites\/2\/2024\/02\/bases-pnl-1-1.jpg","type":"image\/jpeg"}],"twitter_card":"summary_large_image","twitter_description":"Vous aimeriez comprendre le fonctionnement de votre cerveau pour ma\u00eetriser votre vie? Rejoignez Anne Marie dans ce webinaire\u2026","twitter_image":"https:\/\/www.pnl.ch\/college-pnl\/wp-content\/uploads\/sites\/2\/2024\/02\/bases-pnl-1-1.jpg","twitter_site":"@CollegeRomand","twitter_misc":{"Dur\u00e9e de lecture estim\u00e9e":"3 minutes"},"schema":{"@context":"https:\/\/schema.org","@graph":[{"@type":"WebPage","@id":"https:\/\/www.pnl.ch\/college-pnl\/webinaires\/maitriser-votre-vie\/","url":"https:\/\/www.pnl.ch\/college-pnl\/webinaires\/maitriser-votre-vie\/","name":"Devenir Praticien en PNL : transformez votre vie et celle des autres","isPartOf":{"@id":"https:\/\/www.pnl.ch\/college-pnl\/#website"},"primaryImageOfPage":{"@id":"https:\/\/www.pnl.ch\/college-pnl\/webinaires\/maitriser-votre-vie\/#primaryimage"},"image":{"@id":"https:\/\/www.pnl.ch\/college-pnl\/webinaires\/maitriser-votre-vie\/#primaryimage"},"thumbnailUrl":"https:\/\/www.pnl.ch\/college-pnl\/wp-content\/uploads\/sites\/2\/2024\/06\/webinaire-jpg.webp","datePublished":"2024-02-19T13:38:02+00:00","dateModified":"2026-02-17T09:28:08+00:00","description":"Vous aimeriez comprendre le fonctionnement de votre cerveau pour ma\u00eetriser votre vie? Rejoignez Anne Marie dans ce webinaire\u2026","breadcrumb":{"@id":"https:\/\/www.pnl.ch\/college-pnl\/webinaires\/maitriser-votre-vie\/#breadcrumb"},"inLanguage":"fr-FR","potentialAction":[{"@type":"ReadAction","target":["https:\/\/www.pnl.ch\/college-pnl\/webinaires\/maitriser-votre-vie\/"]}]},{"@type":"ImageObject","inLanguage":"fr-FR","@id":"https:\/\/www.pnl.ch\/college-pnl\/webinaires\/maitriser-votre-vie\/#primaryimage","url":"https:\/\/www.pnl.ch\/college-pnl\/wp-content\/uploads\/sites\/2\/2024\/06\/webinaire-jpg.webp","contentUrl":"https:\/\/www.pnl.ch\/college-pnl\/wp-content\/uploads\/sites\/2\/2024\/06\/webinaire-jpg.webp","width":300,"height":300},{"@type":"BreadcrumbList","@id":"https:\/\/www.pnl.ch\/college-pnl\/webinaires\/maitriser-votre-vie\/#breadcrumb","itemListElement":[{"@type":"ListItem","position":1,"name":"Accueil","item":"https:\/\/www.pnl.ch\/college-pnl\/"},{"@type":"ListItem","position":2,"name":"Webinaires","item":"https:\/\/www.pnl.ch\/college-pnl\/webinaires\/"},{"@type":"ListItem","position":3,"name":"Devenir Praticien en PNL : transformez votre vie et celle des autres"}]},{"@type":"WebSite","@id":"https:\/\/www.pnl.ch\/college-pnl\/#website","url":"https:\/\/www.pnl.ch\/college-pnl\/","name":"Coll\u00e8ge PNL","description":"Formations certifiantes en Programmation Neuro Linguistique (PNL)","publisher":{"@id":"https:\/\/www.pnl.ch\/college-pnl\/#organization"},"potentialAction":[{"@type":"SearchAction","target":{"@type":"EntryPoint","urlTemplate":"https:\/\/www.pnl.ch\/college-pnl\/?s={search_term_string}"},"query-input":{"@type":"PropertyValueSpecification","valueRequired":true,"valueName":"search_term_string"}}],"inLanguage":"fr-FR"},{"@type":"Organization","@id":"https:\/\/www.pnl.ch\/college-pnl\/#organization","name":"Coll\u00e8ge Romand - Centre de formation d'adultes S\u00e0rl","url":"https:\/\/www.pnl.ch\/college-pnl\/","logo":{"@type":"ImageObject","inLanguage":"fr-FR","@id":"https:\/\/www.pnl.ch\/college-pnl\/#\/schema\/logo\/image\/","url":"https:\/\/www.pnl.ch\/college-pnl\/wp-content\/uploads\/sites\/2\/2017\/04\/college-pnl-logo-nc.png","contentUrl":"https:\/\/www.pnl.ch\/college-pnl\/wp-content\/uploads\/sites\/2\/2017\/04\/college-pnl-logo-nc.png","width":314,"height":200,"caption":"Coll\u00e8ge Romand - Centre de formation d'adultes S\u00e0rl"},"image":{"@id":"https:\/\/www.pnl.ch\/college-pnl\/#\/schema\/logo\/image\/"},"sameAs":["https:\/\/www.facebook.com\/college.romand\/","https:\/\/x.com\/CollegeRomand","https:\/\/www.linkedin.com\/school\/college-romand\/","https:\/\/www.instagram.com\/collegeromand\/"]}]}},"_links":{"self":[{"href":"https:\/\/www.pnl.ch\/college-pnl\/wp-json\/wp\/v2\/pages\/2624","targetHints":{"allow":["GET"]}}],"collection":[{"href":"https:\/\/www.pnl.ch\/college-pnl\/wp-json\/wp\/v2\/pages"}],"about":[{"href":"https:\/\/www.pnl.ch\/college-pnl\/wp-json\/wp\/v2\/types\/page"}],"author":[{"embeddable":true,"href":"https:\/\/www.pnl.ch\/college-pnl\/wp-json\/wp\/v2\/users\/32"}],"replies":[{"embeddable":true,"href":"https:\/\/www.pnl.ch\/college-pnl\/wp-json\/wp\/v2\/comments?post=2624"}],"version-history":[{"count":48,"href":"https:\/\/www.pnl.ch\/college-pnl\/wp-json\/wp\/v2\/pages\/2624\/revisions"}],"predecessor-version":[{"id":3252,"href":"https:\/\/www.pnl.ch\/college-pnl\/wp-json\/wp\/v2\/pages\/2624\/revisions\/3252"}],"up":[{"embeddable":true,"href":"https:\/\/www.pnl.ch\/college-pnl\/wp-json\/wp\/v2\/pages\/1933"}],"wp:featuredmedia":[{"embeddable":true,"href":"https:\/\/www.pnl.ch\/college-pnl\/wp-json\/wp\/v2\/media\/2918"}],"wp:attachment":[{"href":"https:\/\/www.pnl.ch\/college-pnl\/wp-json\/wp\/v2\/media?parent=2624"}],"curies":[{"name":"wp","href":"https:\/\/api.w.org\/{rel}","templated":true}]}}