{"id":2700,"date":"2024-03-03T15:32:28","date_gmt":"2024-03-03T14:32:28","guid":{"rendered":"https:\/\/www.pnl.ch\/college-pnl\/?page_id=2700"},"modified":"2024-11-02T22:09:44","modified_gmt":"2024-11-02T21:09:44","slug":"maitriser-vos-reactions-emotionnelles","status":"publish","type":"page","link":"https:\/\/www.pnl.ch\/college-pnl\/maitriser-vos-reactions-emotionnelles\/","title":{"rendered":"Maitriser vos r\u00e9actions \u00e9motionnelles: une exp\u00e9rience guid\u00e9e"},"content":{"rendered":"<div class=\"wpb-content-wrapper\"><p>[vc_row][vc_column width=\u00a0\u00bb1\/3&Prime; css=\u00a0\u00bb.vc_custom_1640347012030{margin-right: 50px !important;padding-right: 50px !important;}\u00a0\u00bb][vc_single_image image=\u00a0\u00bb2646&Prime; img_size=\u00a0\u00bbfull\u00a0\u00bb css_animation=\u00a0\u00bbzoomIn\u00a0\u00bb][\/vc_column][vc_column width=\u00a0\u00bb2\/3&Prime;][vc_column_text]<\/p>\n<h2 style=\"margin-top: 0; color: #000;\">Anne Marie Perri vous offre un exercice pour d\u00e9construire vos perceptions actuelles et les reconstruire de mani\u00e8re plus authentiques et \u00e9quilibr\u00e9es.<\/h2>\n<p>[\/vc_column_text][vc_column_text]<\/p>\n<form action=\"https:\/\/crpnl.ch\/index.php\" method=\"post\">\n<table class=\"acymailing_form_white\" style=\"background-color: #fff !important;\">\n<tbody>\n<tr>\n<td style=\"width: 50%;\"><input id=\"user_name\" style=\"width: 100%; border-color: #999; color: #555; background-color: #efefef;\" name=\"user[name]\" type=\"text\" value=\"\" placeholder=\"Pr\u00e9nom\" \/><\/td>\n<td style=\"width: 50%;\"><input id=\"user_email\" style=\"width: 100%; border-color: #999; color: #555; background-color: #efefef;\" name=\"user[email]\" type=\"text\" value=\"\" placeholder=\"Adresse e-mail\" \/><\/td>\n<\/tr>\n<tr>\n<td style=\"align: center;\" colspan=\"2\"><input class=\"dt-btn\" style=\"font-size: 18px; font-weight: bold; height: 60px; width: 100%; padding-bottom: 10px; padding-top: 10px; margin-bottom: 0;\" name=\"Submit\" type=\"submit\" value=\"J'acc\u00e8de \u00e0 l'exp\u00e9rience guid\u00e9e gratuite\" \/><\/p>\n<p style=\"font-size: 11px; text-align: center; text-decoration: underline; padding-top: 0; margin-top: 0;\"><a href=\"https:\/\/www.pnl.ch\/confidentialite-politique-protection-donnees\/\" target=\"_blank\" rel=\"noopener noreferrer\">Politique de protection des donn\u00e9es<\/a><\/p>\n<\/td>\n<\/tr>\n<\/tbody>\n<\/table>\n<p><input name=\"subscription[]\" type=\"hidden\" value=\"1\" \/><br \/>\n<input name=\"subscription[]\" type=\"hidden\" value=\"41\" \/><br \/>\n<input name=\"ctrl\" type=\"hidden\" value=\"frontusers\" \/><input name=\"task\" type=\"hidden\" value=\"subscribe\" \/><input name=\"redirect\" type=\"hidden\" value=\"https:\/\/www.pnl.ch\/merci-de-confirmer\" \/><input name=\"option\" type=\"hidden\" value=\"com_acym\" \/><input name=\"seckey\" type=\"hidden\" value=\"sCXY6zO4LqWgeLb9zl9JsD0RrZSe2m\" \/><\/p>\n<\/form>\n<p>[\/vc_column_text][vc_column_text]Rencontrez-vous souvent un <strong>sentiment d&rsquo;intimidation devant des individus qui semblent d\u00e9tenir une aura d&rsquo;autorit\u00e9, de talent, ou une pr\u00e9sence \u00e9crasante\u202f<\/strong>? Ce ph\u00e9nom\u00e8ne, fr\u00e9quemment exp\u00e9riment\u00e9, d\u00e9coule moins de la r\u00e9alit\u00e9 de ces personnes que de l&rsquo;image amplifi\u00e9e que nous en avons dans notre esprit. Cette perception peut acc\u00e9l\u00e9rer notre rythme cardiaque, serrer notre estomac, voire nous laisser sans voix.<\/p>\n<p>Cependant, le v\u00e9ritable enjeu ne r\u00e9side pas dans le changement des autres, mais dans la transformation de notre propre perception. <strong>En modifiant le prisme \u00e0 travers lequel nous appr\u00e9hendons les gens, nous pouvons passer d&rsquo;un \u00e9tat de peur ou d&rsquo;inf\u00e9riorit\u00e9 \u00e0 un \u00e9tat de curiosit\u00e9 et de reconnaissance de l&rsquo;\u00e9galit\u00e9 fondamentale qui nous unit<\/strong>. Imaginez r\u00e9\u00e9quilibrer votre perception pour percevoir chaque individu non comme un g\u00e9ant intimidant, mais comme un compagnon de route, riche de ses exp\u00e9riences, d\u00e9fis et succ\u00e8s.<\/p>\n<p><strong>Cette vid\u00e9o vous offre un exercice pour d\u00e9construire vos perceptions actuelles et les reconstruire de mani\u00e8re plus authentique et \u00e9quilibr\u00e9e.<\/strong><\/p>\n<p>Imaginez un monde o\u00f9 chaque rencontre vous enrichit, non parce que vous \u00eates impressionn\u00e9 par l&rsquo;autre, mais parce que vous \u00eates pleinement engag\u00e9, curieux et authentique. Pensez \u00e0 la libert\u00e9 et \u00e0 l&rsquo;ouverture d&rsquo;esprit que cela pourrait apporter dans vos interactions quotidiennes, dans votre environnement professionnel, vos amiti\u00e9s, et m\u00eame dans la mani\u00e8re dont vous vous percevez.[\/vc_column_text][vc_column_text]<\/p>\n<form action=\"https:\/\/crpnl.ch\/index.php\" method=\"post\">\n<table class=\"acymailing_form_white\" style=\"background-color: #fff !important;\">\n<tbody>\n<tr>\n<td style=\"width: 50%;\"><input id=\"user_name\" style=\"width: 100%; border-color: #999; color: #555; background-color: #efefef;\" name=\"user[name]\" type=\"text\" value=\"\" placeholder=\"Pr\u00e9nom\" \/><\/td>\n<td style=\"width: 50%;\"><input id=\"user_email\" style=\"width: 100%; border-color: #999; color: #555; background-color: #efefef;\" name=\"user[email]\" type=\"text\" value=\"\" placeholder=\"Adresse e-mail\" \/><\/td>\n<\/tr>\n<tr>\n<td style=\"align: center;\" colspan=\"2\"><input class=\"dt-btn\" style=\"font-size: 18px; font-weight: bold; height: 60px; width: 100%; padding-bottom: 10px; padding-top: 10px; margin-bottom: 0;\" name=\"Submit\" type=\"submit\" value=\"J'acc\u00e8de \u00e0 l'exp\u00e9rience guid\u00e9e gratuite\" \/><\/p>\n<p style=\"font-size: 11px; text-align: center; text-decoration: underline; padding-top: 0; margin-top: 0;\"><a href=\"https:\/\/www.pnl.ch\/confidentialite-politique-protection-donnees\/\" target=\"_blank\" rel=\"noopener noreferrer\">Politique de protection des donn\u00e9es<\/a><\/p>\n<\/td>\n<\/tr>\n<\/tbody>\n<\/table>\n<p><input name=\"subscription[]\" type=\"hidden\" value=\"1\" \/><br \/>\n<input name=\"subscription[]\" type=\"hidden\" value=\"41\" \/><br \/>\n<input name=\"ctrl\" type=\"hidden\" value=\"frontusers\" \/><input name=\"task\" type=\"hidden\" value=\"subscribe\" \/><input name=\"redirect\" type=\"hidden\" value=\"https:\/\/www.pnl.ch\/merci-de-confirmer\" \/><input name=\"option\" type=\"hidden\" value=\"com_acym\" \/><input name=\"seckey\" type=\"hidden\" value=\"sCXY6zO4LqWgeLb9zl9JsD0RrZSe2m\" \/><\/p>\n<\/form>\n<p>[\/vc_column_text][\/vc_column][\/vc_row]<\/p>\n<\/div>","protected":false},"excerpt":{"rendered":"<p>[vc_row][vc_column width=\u00a0\u00bb1\/3&Prime; css=\u00a0\u00bb.vc_custom_1640347012030{margin-right: 50px !important;padding-right: 50px !important;}\u00a0\u00bb][vc_single_image image=\u00a0\u00bb2646&Prime; img_size=\u00a0\u00bbfull\u00a0\u00bb css_animation=\u00a0\u00bbzoomIn\u00a0\u00bb][\/vc_column][vc_column width=\u00a0\u00bb2\/3&Prime;][vc_column_text] Anne Marie Perri vous offre un exercice pour d\u00e9construire vos perceptions actuelles et les reconstruire de mani\u00e8re plus authentiques et \u00e9quilibr\u00e9es. [\/vc_column_text][vc_column_text] Politique de protection des donn\u00e9es [\/vc_column_text][vc_column_text]Rencontrez-vous souvent un sentiment d&rsquo;intimidation devant des individus qui semblent d\u00e9tenir une aura d&rsquo;autorit\u00e9, de talent, ou&hellip;<\/p>\n","protected":false},"author":1,"featured_media":2646,"parent":0,"menu_order":6,"comment_status":"closed","ping_status":"closed","template":"","meta":{"_acf_changed":false,"footnotes":""},"class_list":["post-2700","page","type-page","status-publish","has-post-thumbnail","hentry","description-off"],"acf":[],"yoast_head":"<!-- This site is optimized with the Yoast SEO Premium plugin v27.4 (Yoast SEO v27.4) - https:\/\/yoast.com\/product\/yoast-seo-premium-wordpress\/ -->\n<title>Ma\u00eetriser vos r\u00e9actions \u00e9motionnelles: une exp\u00e9rience guid\u00e9e<\/title>\n<meta name=\"description\" content=\"Cette vid\u00e9o vous offre un exercice pour d\u00e9construire vos perceptions actuelles et les reconstruire de mani\u00e8re plus authentique et \u00e9quilibr\u00e9e\u2026\" \/>\n<meta name=\"robots\" content=\"index, nofollow, max-snippet:-1, max-image-preview:large, max-video-preview:-1\" \/>\n<link rel=\"canonical\" href=\"https:\/\/www.pnl.ch\/college-pnl\/maitriser-vos-reactions-emotionnelles\/\" \/>\n<meta property=\"og:locale\" content=\"fr_FR\" \/>\n<meta property=\"og:type\" content=\"article\" \/>\n<meta property=\"og:title\" content=\"Maitriser vos r\u00e9actions \u00e9motionnelles: une exp\u00e9rience guid\u00e9e\" \/>\n<meta property=\"og:description\" content=\"Cette vid\u00e9o vous offre un exercice pour d\u00e9construire vos perceptions actuelles et les reconstruire de mani\u00e8re plus authentique et \u00e9quilibr\u00e9e\u2026\" \/>\n<meta property=\"og:url\" content=\"https:\/\/www.pnl.ch\/college-pnl\/maitriser-vos-reactions-emotionnelles\/\" \/>\n<meta property=\"og:site_name\" content=\"Coll\u00e8ge PNL\" \/>\n<meta property=\"article:publisher\" content=\"https:\/\/www.facebook.com\/college.romand\/\" \/>\n<meta property=\"article:modified_time\" content=\"2024-11-02T21:09:44+00:00\" \/>\n<meta property=\"og:image\" content=\"https:\/\/www.pnl.ch\/college-pnl\/wp-content\/uploads\/sites\/2\/2024\/03\/maitriser-reaction-emotionnelle-1-jpg.webp\" \/>\n\t<meta property=\"og:image:width\" content=\"1200\" \/>\n\t<meta property=\"og:image:height\" content=\"630\" \/>\n\t<meta property=\"og:image:type\" content=\"image\/jpeg\" \/>\n<meta name=\"twitter:card\" content=\"summary_large_image\" \/>\n<meta name=\"twitter:description\" content=\"Cette vid\u00e9o vous offre un exercice pour d\u00e9construire vos perceptions actuelles et les reconstruire de mani\u00e8re plus authentique et \u00e9quilibr\u00e9e\u2026\" \/>\n<meta name=\"twitter:site\" content=\"@CollegeRomand\" \/>\n<meta name=\"twitter:label1\" content=\"Dur\u00e9e de lecture estim\u00e9e\" \/>\n\t<meta name=\"twitter:data1\" content=\"2 minutes\" \/>\n<script type=\"application\/ld+json\" class=\"yoast-schema-graph\">{\"@context\":\"https:\\\/\\\/schema.org\",\"@graph\":[{\"@type\":\"WebPage\",\"@id\":\"https:\\\/\\\/www.pnl.ch\\\/college-pnl\\\/maitriser-vos-reactions-emotionnelles\\\/\",\"url\":\"https:\\\/\\\/www.pnl.ch\\\/college-pnl\\\/maitriser-vos-reactions-emotionnelles\\\/\",\"name\":\"Ma\u00eetriser vos r\u00e9actions \u00e9motionnelles: une exp\u00e9rience guid\u00e9e\",\"isPartOf\":{\"@id\":\"https:\\\/\\\/www.pnl.ch\\\/college-pnl\\\/#website\"},\"primaryImageOfPage\":{\"@id\":\"https:\\\/\\\/www.pnl.ch\\\/college-pnl\\\/maitriser-vos-reactions-emotionnelles\\\/#primaryimage\"},\"image\":{\"@id\":\"https:\\\/\\\/www.pnl.ch\\\/college-pnl\\\/maitriser-vos-reactions-emotionnelles\\\/#primaryimage\"},\"thumbnailUrl\":\"https:\\\/\\\/www.pnl.ch\\\/college-pnl\\\/wp-content\\\/uploads\\\/sites\\\/2\\\/2024\\\/02\\\/anne-marie-perri-2023.jpg\",\"datePublished\":\"2024-03-03T14:32:28+00:00\",\"dateModified\":\"2024-11-02T21:09:44+00:00\",\"description\":\"Cette vid\u00e9o vous offre un exercice pour d\u00e9construire vos perceptions actuelles et les reconstruire de mani\u00e8re plus authentique et \u00e9quilibr\u00e9e\u2026\",\"breadcrumb\":{\"@id\":\"https:\\\/\\\/www.pnl.ch\\\/college-pnl\\\/maitriser-vos-reactions-emotionnelles\\\/#breadcrumb\"},\"inLanguage\":\"fr-FR\",\"potentialAction\":[{\"@type\":\"ReadAction\",\"target\":[\"https:\\\/\\\/www.pnl.ch\\\/college-pnl\\\/maitriser-vos-reactions-emotionnelles\\\/\"]}]},{\"@type\":\"ImageObject\",\"inLanguage\":\"fr-FR\",\"@id\":\"https:\\\/\\\/www.pnl.ch\\\/college-pnl\\\/maitriser-vos-reactions-emotionnelles\\\/#primaryimage\",\"url\":\"https:\\\/\\\/www.pnl.ch\\\/college-pnl\\\/wp-content\\\/uploads\\\/sites\\\/2\\\/2024\\\/02\\\/anne-marie-perri-2023.jpg\",\"contentUrl\":\"https:\\\/\\\/www.pnl.ch\\\/college-pnl\\\/wp-content\\\/uploads\\\/sites\\\/2\\\/2024\\\/02\\\/anne-marie-perri-2023.jpg\",\"width\":300,\"height\":300,\"caption\":\"Anne Marie Perri\"},{\"@type\":\"BreadcrumbList\",\"@id\":\"https:\\\/\\\/www.pnl.ch\\\/college-pnl\\\/maitriser-vos-reactions-emotionnelles\\\/#breadcrumb\",\"itemListElement\":[{\"@type\":\"ListItem\",\"position\":1,\"name\":\"Accueil\",\"item\":\"https:\\\/\\\/www.pnl.ch\\\/college-pnl\\\/\"},{\"@type\":\"ListItem\",\"position\":2,\"name\":\"Maitriser vos r\u00e9actions \u00e9motionnelles: une exp\u00e9rience guid\u00e9e\"}]},{\"@type\":\"WebSite\",\"@id\":\"https:\\\/\\\/www.pnl.ch\\\/college-pnl\\\/#website\",\"url\":\"https:\\\/\\\/www.pnl.ch\\\/college-pnl\\\/\",\"name\":\"Coll\u00e8ge PNL\",\"description\":\"Formations certifiantes en Programmation Neuro Linguistique (PNL)\",\"publisher\":{\"@id\":\"https:\\\/\\\/www.pnl.ch\\\/college-pnl\\\/#organization\"},\"potentialAction\":[{\"@type\":\"SearchAction\",\"target\":{\"@type\":\"EntryPoint\",\"urlTemplate\":\"https:\\\/\\\/www.pnl.ch\\\/college-pnl\\\/?s={search_term_string}\"},\"query-input\":{\"@type\":\"PropertyValueSpecification\",\"valueRequired\":true,\"valueName\":\"search_term_string\"}}],\"inLanguage\":\"fr-FR\"},{\"@type\":\"Organization\",\"@id\":\"https:\\\/\\\/www.pnl.ch\\\/college-pnl\\\/#organization\",\"name\":\"Coll\u00e8ge Romand - Centre de formation d'adultes S\u00e0rl\",\"url\":\"https:\\\/\\\/www.pnl.ch\\\/college-pnl\\\/\",\"logo\":{\"@type\":\"ImageObject\",\"inLanguage\":\"fr-FR\",\"@id\":\"https:\\\/\\\/www.pnl.ch\\\/college-pnl\\\/#\\\/schema\\\/logo\\\/image\\\/\",\"url\":\"https:\\\/\\\/www.pnl.ch\\\/college-pnl\\\/wp-content\\\/uploads\\\/sites\\\/2\\\/2017\\\/04\\\/college-pnl-logo-nc.png\",\"contentUrl\":\"https:\\\/\\\/www.pnl.ch\\\/college-pnl\\\/wp-content\\\/uploads\\\/sites\\\/2\\\/2017\\\/04\\\/college-pnl-logo-nc.png\",\"width\":314,\"height\":200,\"caption\":\"Coll\u00e8ge Romand - Centre de formation d'adultes S\u00e0rl\"},\"image\":{\"@id\":\"https:\\\/\\\/www.pnl.ch\\\/college-pnl\\\/#\\\/schema\\\/logo\\\/image\\\/\"},\"sameAs\":[\"https:\\\/\\\/www.facebook.com\\\/college.romand\\\/\",\"https:\\\/\\\/x.com\\\/CollegeRomand\",\"https:\\\/\\\/www.linkedin.com\\\/school\\\/college-romand\\\/\",\"https:\\\/\\\/www.instagram.com\\\/collegeromand\\\/\"]}]}<\/script>\n<!-- \/ Yoast SEO Premium plugin. -->","yoast_head_json":{"title":"Ma\u00eetriser vos r\u00e9actions \u00e9motionnelles: une exp\u00e9rience guid\u00e9e","description":"Cette vid\u00e9o vous offre un exercice pour d\u00e9construire vos perceptions actuelles et les reconstruire de mani\u00e8re plus authentique et \u00e9quilibr\u00e9e\u2026","robots":{"index":"index","follow":"nofollow","max-snippet":"max-snippet:-1","max-image-preview":"max-image-preview:large","max-video-preview":"max-video-preview:-1"},"canonical":"https:\/\/www.pnl.ch\/college-pnl\/maitriser-vos-reactions-emotionnelles\/","og_locale":"fr_FR","og_type":"article","og_title":"Maitriser vos r\u00e9actions \u00e9motionnelles: une exp\u00e9rience guid\u00e9e","og_description":"Cette vid\u00e9o vous offre un exercice pour d\u00e9construire vos perceptions actuelles et les reconstruire de mani\u00e8re plus authentique et \u00e9quilibr\u00e9e\u2026","og_url":"https:\/\/www.pnl.ch\/college-pnl\/maitriser-vos-reactions-emotionnelles\/","og_site_name":"Coll\u00e8ge PNL","article_publisher":"https:\/\/www.facebook.com\/college.romand\/","article_modified_time":"2024-11-02T21:09:44+00:00","og_image":[{"width":1200,"height":630,"url":"https:\/\/www.pnl.ch\/college-pnl\/wp-content\/uploads\/sites\/2\/2024\/03\/maitriser-reaction-emotionnelle-1-jpg.webp","type":"image\/jpeg"}],"twitter_card":"summary_large_image","twitter_description":"Cette vid\u00e9o vous offre un exercice pour d\u00e9construire vos perceptions actuelles et les reconstruire de mani\u00e8re plus authentique et \u00e9quilibr\u00e9e\u2026","twitter_site":"@CollegeRomand","twitter_misc":{"Dur\u00e9e de lecture estim\u00e9e":"2 minutes"},"schema":{"@context":"https:\/\/schema.org","@graph":[{"@type":"WebPage","@id":"https:\/\/www.pnl.ch\/college-pnl\/maitriser-vos-reactions-emotionnelles\/","url":"https:\/\/www.pnl.ch\/college-pnl\/maitriser-vos-reactions-emotionnelles\/","name":"Ma\u00eetriser vos r\u00e9actions \u00e9motionnelles: une exp\u00e9rience guid\u00e9e","isPartOf":{"@id":"https:\/\/www.pnl.ch\/college-pnl\/#website"},"primaryImageOfPage":{"@id":"https:\/\/www.pnl.ch\/college-pnl\/maitriser-vos-reactions-emotionnelles\/#primaryimage"},"image":{"@id":"https:\/\/www.pnl.ch\/college-pnl\/maitriser-vos-reactions-emotionnelles\/#primaryimage"},"thumbnailUrl":"https:\/\/www.pnl.ch\/college-pnl\/wp-content\/uploads\/sites\/2\/2024\/02\/anne-marie-perri-2023.jpg","datePublished":"2024-03-03T14:32:28+00:00","dateModified":"2024-11-02T21:09:44+00:00","description":"Cette vid\u00e9o vous offre un exercice pour d\u00e9construire vos perceptions actuelles et les reconstruire de mani\u00e8re plus authentique et \u00e9quilibr\u00e9e\u2026","breadcrumb":{"@id":"https:\/\/www.pnl.ch\/college-pnl\/maitriser-vos-reactions-emotionnelles\/#breadcrumb"},"inLanguage":"fr-FR","potentialAction":[{"@type":"ReadAction","target":["https:\/\/www.pnl.ch\/college-pnl\/maitriser-vos-reactions-emotionnelles\/"]}]},{"@type":"ImageObject","inLanguage":"fr-FR","@id":"https:\/\/www.pnl.ch\/college-pnl\/maitriser-vos-reactions-emotionnelles\/#primaryimage","url":"https:\/\/www.pnl.ch\/college-pnl\/wp-content\/uploads\/sites\/2\/2024\/02\/anne-marie-perri-2023.jpg","contentUrl":"https:\/\/www.pnl.ch\/college-pnl\/wp-content\/uploads\/sites\/2\/2024\/02\/anne-marie-perri-2023.jpg","width":300,"height":300,"caption":"Anne Marie Perri"},{"@type":"BreadcrumbList","@id":"https:\/\/www.pnl.ch\/college-pnl\/maitriser-vos-reactions-emotionnelles\/#breadcrumb","itemListElement":[{"@type":"ListItem","position":1,"name":"Accueil","item":"https:\/\/www.pnl.ch\/college-pnl\/"},{"@type":"ListItem","position":2,"name":"Maitriser vos r\u00e9actions \u00e9motionnelles: une exp\u00e9rience guid\u00e9e"}]},{"@type":"WebSite","@id":"https:\/\/www.pnl.ch\/college-pnl\/#website","url":"https:\/\/www.pnl.ch\/college-pnl\/","name":"Coll\u00e8ge PNL","description":"Formations certifiantes en Programmation Neuro Linguistique (PNL)","publisher":{"@id":"https:\/\/www.pnl.ch\/college-pnl\/#organization"},"potentialAction":[{"@type":"SearchAction","target":{"@type":"EntryPoint","urlTemplate":"https:\/\/www.pnl.ch\/college-pnl\/?s={search_term_string}"},"query-input":{"@type":"PropertyValueSpecification","valueRequired":true,"valueName":"search_term_string"}}],"inLanguage":"fr-FR"},{"@type":"Organization","@id":"https:\/\/www.pnl.ch\/college-pnl\/#organization","name":"Coll\u00e8ge Romand - Centre de formation d'adultes S\u00e0rl","url":"https:\/\/www.pnl.ch\/college-pnl\/","logo":{"@type":"ImageObject","inLanguage":"fr-FR","@id":"https:\/\/www.pnl.ch\/college-pnl\/#\/schema\/logo\/image\/","url":"https:\/\/www.pnl.ch\/college-pnl\/wp-content\/uploads\/sites\/2\/2017\/04\/college-pnl-logo-nc.png","contentUrl":"https:\/\/www.pnl.ch\/college-pnl\/wp-content\/uploads\/sites\/2\/2017\/04\/college-pnl-logo-nc.png","width":314,"height":200,"caption":"Coll\u00e8ge Romand - Centre de formation d'adultes S\u00e0rl"},"image":{"@id":"https:\/\/www.pnl.ch\/college-pnl\/#\/schema\/logo\/image\/"},"sameAs":["https:\/\/www.facebook.com\/college.romand\/","https:\/\/x.com\/CollegeRomand","https:\/\/www.linkedin.com\/school\/college-romand\/","https:\/\/www.instagram.com\/collegeromand\/"]}]}},"_links":{"self":[{"href":"https:\/\/www.pnl.ch\/college-pnl\/wp-json\/wp\/v2\/pages\/2700","targetHints":{"allow":["GET"]}}],"collection":[{"href":"https:\/\/www.pnl.ch\/college-pnl\/wp-json\/wp\/v2\/pages"}],"about":[{"href":"https:\/\/www.pnl.ch\/college-pnl\/wp-json\/wp\/v2\/types\/page"}],"author":[{"embeddable":true,"href":"https:\/\/www.pnl.ch\/college-pnl\/wp-json\/wp\/v2\/users\/1"}],"replies":[{"embeddable":true,"href":"https:\/\/www.pnl.ch\/college-pnl\/wp-json\/wp\/v2\/comments?post=2700"}],"version-history":[{"count":7,"href":"https:\/\/www.pnl.ch\/college-pnl\/wp-json\/wp\/v2\/pages\/2700\/revisions"}],"predecessor-version":[{"id":2711,"href":"https:\/\/www.pnl.ch\/college-pnl\/wp-json\/wp\/v2\/pages\/2700\/revisions\/2711"}],"wp:featuredmedia":[{"embeddable":true,"href":"https:\/\/www.pnl.ch\/college-pnl\/wp-json\/wp\/v2\/media\/2646"}],"wp:attachment":[{"href":"https:\/\/www.pnl.ch\/college-pnl\/wp-json\/wp\/v2\/media?parent=2700"}],"curies":[{"name":"wp","href":"https:\/\/api.w.org\/{rel}","templated":true}]}}