{"id":91,"date":"2017-04-06T13:34:09","date_gmt":"2017-04-06T11:34:09","guid":{"rendered":"https:\/\/www.pnl.ch\/college-pnl\/?page_id=91"},"modified":"2025-09-04T09:10:38","modified_gmt":"2025-09-04T07:10:38","slug":"modelisation-reproduire-excellence","status":"publish","type":"page","link":"https:\/\/www.pnl.ch\/college-pnl\/seminaires\/modelisation-reproduire-excellence\/","title":{"rendered":"Mod\u00e9lisation: reproduire l&rsquo;excellence"},"content":{"rendered":"<div class=\"wpb-content-wrapper\"><p>[vc_row margin_top=\u00a0\u00bb-20&Prime;][vc_column width=\u00a0\u00bb1\/4&Prime;][vc_single_image image=\u00a0\u00bb46&Prime; img_size=\u00a0\u00bb250&#215;250&Prime; css_animation=\u00a0\u00bbzoomIn\u00a0\u00bb][\/vc_column][vc_column width=\u00a0\u00bb3\/4&Prime;][vc_column_text css=\u00a0\u00bb\u00a0\u00bb]<\/p>\n<p class=\"date-formation\">Du 24 au 25 octobre 2026<\/p>\n<p><strong>Apprendre \u00e0 utiliser les outils qui ont contribu\u00e9 au d\u00e9veloppement de la PNL: la mod\u00e9lisation<\/strong><\/p>\n<h3>Imaginez que chaque rencontre faite avec des \u00eatres de qualit\u00e9 puisse se transformer en p\u00e9pite d\u2019or\u2026\u00a0Et que votre intelligence comme votre c\u0153ur deviennent les \u00e9crins d\u2019inestimables tr\u00e9sors\u2026<\/h3>\n<p><strong>\u00c0 partir de mod\u00e8les d\u2019excellence<\/strong>, ce s\u00e9minaire vous apprend comment cr\u00e9er une carte permettant de reproduire la structure de l\u2019excellence, afin de la transposer dans un autre domaine ou chez une autre personne. C\u2019est ce principe m\u00eame qui a servi \u00e0 la cr\u00e9ation de la PNL.[\/vc_column_text][vc_btn title=\u00a0\u00bbVous inscrire\u00a0\u00bb color=\u00a0\u00bbinfo\u00a0\u00bb align=\u00a0\u00bbleft\u00a0\u00bb css=\u00a0\u00bb\u00a0\u00bb link=\u00a0\u00bburl:https%3A%2F%2Fwww.pnl.ch%2Fcollege-pnl%2Finscription\u00a0\u00bb][\/vc_column][\/vc_row][vc_row][vc_column][vc_column_text]<\/p>\n<p>[\/vc_column_text][\/vc_column][\/vc_row][vc_row margin_top=\u00a0\u00bb40&Prime; margin_bottom=\u00a0\u00bb40&Prime;][vc_column][vc_tta_tabs style=\u00a0\u00bbmodern\u00a0\u00bb spacing=\u00a0\u00bb4&Prime; gap=\u00a0\u00bb4&Prime; active_section=\u00a0\u00bb1&Prime;][vc_tta_section title=\u00a0\u00bbObjectifs\u00a0\u00bb tab_id=\u00a0\u00bb1499945653118-6eabe612-0d85&Prime;][vc_column_text]<\/p>\n<ul class=\"puce-pnl\">\n<li>Cibler la comp\u00e9tence \u00e0 mod\u00e9liser.<\/li>\n<li>Choisir les mod\u00e8les ayant les comp\u00e9tences \u00e0 mod\u00e9liser.<\/li>\n<li>Construire vos outils de mod\u00e9lisation.<\/li>\n<li>Poser les questions permettant de collecter les informations n\u00e9cessaires pour la mod\u00e9lisation.<\/li>\n<li>Trier les \u00e9l\u00e9ments pertinents des \u00e9l\u00e9ments inutiles.<\/li>\n<li>Cr\u00e9er un mod\u00e8le PNL \u00e0 partir du fruit d\u2019une mod\u00e9lisation.<\/li>\n<\/ul>\n<p>[\/vc_column_text][\/vc_tta_section][vc_tta_section title=\u00a0\u00bbContenus\u00a0\u00bb tab_id=\u00a0\u00bb1499945653279-57a9d782-75ed\u00a0\u00bb][vc_column_text]<\/p>\n<ul class=\"puce-pnl\">\n<li>Qu\u2019est-ce que la mod\u00e9lisation?<\/li>\n<li>Les \u00e9l\u00e9ments d\u2019observation.<\/li>\n<li>Les diff\u00e9rents mod\u00e8les de mod\u00e9lisation, le mod\u00e8le de Robert Dilts, la fus\u00e9e Gordon.<\/li>\n<li>Auto-mod\u00e9lisation intercontextuelle.<\/li>\n<li>Mod\u00e9lisation d\u2019une strat\u00e9gie d\u2019excellence.<\/li>\n<li>Analyse de mod\u00e8les PNL.<\/li>\n<li>Cr\u00e9ation et test d\u2019un mod\u00e8le PNL.<\/li>\n<\/ul>\n<p>[\/vc_column_text][\/vc_tta_section][vc_tta_section title=\u00a0\u00bbM\u00e9thode\u00a0\u00bb tab_id=\u00a0\u00bb1499945743374-c5f8e1a5-b9c2&Prime;][vc_column_text]<\/p>\n<h5 style=\"margin-top: 5px;\">Personnes concern\u00e9es<\/h5>\n<p>Les personnes int\u00e9ress\u00e9es par une recherche en PNL, par le d\u00e9veloppement de leurs propres mod\u00e8les ou par la compr\u00e9hension du fondement de la PNL.<\/p>\n<h5>P\u00e9dagogie<\/h5>\n<p>Notre approche\u00a0s&rsquo;inspire des techniques d\u2019apprentissage acc\u00e9l\u00e9r\u00e9. Elle favorise\u00a0l\u2019int\u00e9gration rapide des connaissances et des savoir-faire. Nous favorisons la mise en application imm\u00e9diate\u00a0des acquis gr\u00e2ce \u00e0 un\u00a0<a href=\"https:\/\/www.pnl.ch\/e-learning\/\">espace virtuel d\u2019apprentissage<\/a>.[\/vc_column_text][\/vc_tta_section][vc_tta_section title=\u00a0\u00bbInfos &amp; tarifs\u00a0\u00bb tab_id=\u00a0\u00bb1499945778792-4b5baffa-4725&Prime;][vc_column_text]<\/p>\n<h5 style=\"margin-top: 5px;\">ANIMATION<\/h5>\n<p>Marie-Paule Rous<\/p>\n<h5>LANGUE<\/h5>\n<p>Fran\u00e7ais<\/p>\n<h5>PR\u00c9REQUIS<\/h5>\n<p><a href=\"https:\/\/www.pnl.ch\/college-pnl\/formations\/praticien-en-pnl\/\">Praticien en PNL<\/a><\/p>\n<h5>PRIX<\/h5>\n<p>CHF 747.-<\/p>\n<h4>LIEU<\/h4>\n<p>Centre de formation\u00a0<a href=\"https:\/\/www.pnl.ch\/lieux\/centre-de-formation-college-romand\/\">Coll\u00e8ge Romand<\/a>, Denges[\/vc_column_text][\/vc_tta_section][vc_tta_section title=\u00a0\u00bbEt apr\u00e8s?\u00a0\u00bb tab_id=\u00a0\u00bb1499945826527-efd4520a-acd4&Prime;][vc_column_text]<\/p>\n<h5 style=\"margin-top: 5px;\">Ma\u00eetre Praticien en PNL<\/h5>\n<h3>Devenez un virtuose de la PNL gr\u00e2ce aux outils de personnalisation et un travail applicable au quotidien. Vous constaterez par vous-m\u00eame la performance dans vos interventions.<\/h3>\n<p>Dans le <a href=\"https:\/\/www.pnl.ch\/college-pnl\/formations\/praticien-en-pnl\/\">Praticien en PNL<\/a>, vous avez acquis de nombreux outils de communication et appris des techniques pour travailler sur le fonctionnement humain. Dans le <a href=\"https:\/\/www.pnl.ch\/college-pnl\/formations\/maitre-praticien-en-pnl\/\">Ma\u00eetre Praticien en PNL<\/a>, vous devenez un PNListe, capable de mod\u00e9liser naturellement.<\/p>\n<p>Vous \u00eates accompagn\u00e9 par un <a href=\"https:\/\/www.pnl.ch\/formateurs\/\" target=\"_blank\" rel=\"noopener noreferrer\">choix d&rsquo;experts<\/a> dans le domaine de la PNL, le coaching et l&rsquo;hypnose ericksonienne, plus de 100 ans d&rsquo;exp\u00e9rience cumul\u00e9e. Un nouveau programme combinant les piliers du <a href=\"https:\/\/www.pnl.ch\/college-pnl\/formations\/maitre-praticien-en-pnl\/\" target=\"_blank\" rel=\"noopener noreferrer\">Ma\u00eetre Praticien en PNL<\/a> et des domaines compl\u00e9mentaires, le tout pour vous permettre de cr\u00e9er des interventions sur mesure.<\/p>\n<p>En participant \u00e0 cette formation, vous b\u00e9n\u00e9ficiez de:<\/p>\n<ul class=\"puce-pnl\">\n<li>Un prix avantageux sur votre\u00a0<strong><a href=\"https:\/\/www.pnl.ch\/college-entreprise\/etes-vous-fait-pour-votre-travail\/\">profil professionnel L\u00e9onardo 3-4-5<\/a> avec un entretien de restitution<\/strong>.<\/li>\n<li>Un <strong>bilan de suivi \u00e9crit sur vos\u00a0comp\u00e9tences PNL<\/strong>\u00a0(si vous avez\u00a0particip\u00e9 au\u00a0<a href=\"https:\/\/www.pnl.ch\/college-pnl\/formations\/praticien-en-pnl\/\">Praticien en PNL<\/a> au Coll\u00e8ge Romand et encha\u00eenez directement avec le <a href=\"https:\/\/www.pnl.ch\/college-pnl\/formations\/maitre-praticien-en-pnl\/\">Ma\u00eetre Praticien en PNL<\/a>).<\/li>\n<li><strong>Deux coachings sur un travail pratique<\/strong> d&rsquo;application avec un formateur.<\/li>\n<\/ul>\n<p>Ce module, Mod\u00e9lisation: reproduire l&rsquo;excellence, fait partie de la formation de <a href=\"https:\/\/www.pnl.ch\/college-pnl\/formations\/maitre-praticien-en-pnl\/\">Ma\u00eetre Praticien en PNL<\/a>, certifi\u00e9e par la maison m\u00e8re aux USA\u202f:\u00a0<em>The Society of NLP<\/em>. Cette formation peut \u00eatre suivie par modules ou sur deux ans.<\/p>\n<p><a href=\"https:\/\/www.pnl.ch\/college-pnl\/formations\/maitre-praticien-en-pnl\/\"><strong>D\u00e9couvrez les plus de cette formation\u2026<\/strong><\/a>[\/vc_column_text][\/vc_tta_section][\/vc_tta_tabs][\/vc_column][\/vc_row][vc_row margin_top=\u00a0\u00bb50&Prime;][vc_column][vc_column_text css=\u00a0\u00bb\u00a0\u00bb]<strong>Nous vous conseillons volontiers sur cette formation, contactez directement le Coll\u00e8ge PNL au <a href=\"tel:+41227369862\">+41 22 736 98 62<\/a> les lundi, mardi, jeudi et vendredi.<\/strong>[\/vc_column_text][vc_btn title=\u00a0\u00bbVous inscrire\u00a0\u00bb color=\u00a0\u00bbinfo\u00a0\u00bb align=\u00a0\u00bbleft\u00a0\u00bb css=\u00a0\u00bb\u00a0\u00bb link=\u00a0\u00bburl:https%3A%2F%2Fwww.pnl.ch%2Fcollege-pnl%2Finscription\u00a0\u00bb][\/vc_column][\/vc_row][vc_column][\/vc_column]<\/p>\n<\/div>","protected":false},"excerpt":{"rendered":"<p>[vc_row margin_top=\u00a0\u00bb-20&Prime;][vc_column width=\u00a0\u00bb1\/4&Prime;][vc_single_image image=\u00a0\u00bb46&Prime; img_size=\u00a0\u00bb250&#215;250&Prime; css_animation=\u00a0\u00bbzoomIn\u00a0\u00bb][\/vc_column][vc_column width=\u00a0\u00bb3\/4&Prime;][vc_column_text css=\u00a0\u00bb\u00a0\u00bb] Du 24 au 25 octobre 2026 Apprendre \u00e0 utiliser les outils qui ont contribu\u00e9 au d\u00e9veloppement de la PNL: la mod\u00e9lisation Imaginez que chaque rencontre faite avec des \u00eatres de qualit\u00e9 puisse se transformer en p\u00e9pite d\u2019or\u2026\u00a0Et que votre intelligence comme votre c\u0153ur deviennent les \u00e9crins d\u2019inestimables&hellip;<\/p>\n","protected":false},"author":1,"featured_media":46,"parent":74,"menu_order":0,"comment_status":"closed","ping_status":"closed","template":"","meta":{"_acf_changed":false,"footnotes":""},"class_list":["post-91","page","type-page","status-publish","has-post-thumbnail","hentry","description-off"],"acf":[],"yoast_head":"<!-- This site is optimized with the Yoast SEO Premium plugin v27.4 (Yoast SEO v27.4) - https:\/\/yoast.com\/product\/yoast-seo-premium-wordpress\/ -->\n<title>S\u00e9minaire mod\u00e9lisation: reproduire l&#039;excellence | Coll\u00e8ge PNL<\/title>\n<meta name=\"description\" content=\"S\u00e9minaire de 2 jours: Mod\u00e9lisation: reproduire l&#039;excellence. Comment reproduire les comp\u00e9tences des experts et personnes que vous admirez\" \/>\n<meta name=\"robots\" content=\"index, follow, max-snippet:-1, max-image-preview:large, max-video-preview:-1\" \/>\n<link rel=\"canonical\" href=\"https:\/\/www.pnl.ch\/college-pnl\/seminaires\/modelisation-reproduire-excellence\/\" \/>\n<meta property=\"og:locale\" content=\"fr_FR\" \/>\n<meta property=\"og:type\" content=\"article\" \/>\n<meta property=\"og:title\" content=\"Mod\u00e9lisation: reproduire l&#039;excellence\" \/>\n<meta property=\"og:description\" content=\"S\u00e9minaire de 3 jours: Mod\u00e9lisation: reproduire l&#039;excellence. Comment reproduire les comp\u00e9tences des experts et personnes que vous admirez\" \/>\n<meta property=\"og:url\" content=\"https:\/\/www.pnl.ch\/college-pnl\/seminaires\/modelisation-reproduire-excellence\/\" \/>\n<meta property=\"og:site_name\" content=\"Coll\u00e8ge PNL\" \/>\n<meta property=\"article:publisher\" content=\"https:\/\/www.facebook.com\/college.romand\/\" \/>\n<meta property=\"article:modified_time\" content=\"2025-09-04T07:10:38+00:00\" \/>\n<meta property=\"og:image\" content=\"http:\/\/www.pnl.ch\/college-pnl\/wp-content\/uploads\/sites\/2\/2024\/03\/modelisation-excellence.png\" \/>\n\t<meta property=\"og:image:width\" content=\"1200\" \/>\n\t<meta property=\"og:image:height\" content=\"675\" \/>\n\t<meta property=\"og:image:type\" content=\"image\/png\" \/>\n<meta name=\"twitter:card\" content=\"summary_large_image\" \/>\n<meta name=\"twitter:description\" content=\"S\u00e9minaire de 3 jours: Mod\u00e9lisation: reproduire l&#039;excellence. Comment reproduire les comp\u00e9tences des experts et personnes que vous admirez\" \/>\n<meta name=\"twitter:site\" content=\"@CollegeRomand\" \/>\n<meta name=\"twitter:label1\" content=\"Dur\u00e9e de lecture estim\u00e9e\" \/>\n\t<meta name=\"twitter:data1\" content=\"3 minutes\" \/>\n<script type=\"application\/ld+json\" class=\"yoast-schema-graph\">{\"@context\":\"https:\\\/\\\/schema.org\",\"@graph\":[{\"@type\":\"WebPage\",\"@id\":\"https:\\\/\\\/www.pnl.ch\\\/college-pnl\\\/seminaires\\\/modelisation-reproduire-excellence\\\/\",\"url\":\"https:\\\/\\\/www.pnl.ch\\\/college-pnl\\\/seminaires\\\/modelisation-reproduire-excellence\\\/\",\"name\":\"S\u00e9minaire mod\u00e9lisation: reproduire l'excellence | Coll\u00e8ge PNL\",\"isPartOf\":{\"@id\":\"https:\\\/\\\/www.pnl.ch\\\/college-pnl\\\/#website\"},\"primaryImageOfPage\":{\"@id\":\"https:\\\/\\\/www.pnl.ch\\\/college-pnl\\\/seminaires\\\/modelisation-reproduire-excellence\\\/#primaryimage\"},\"image\":{\"@id\":\"https:\\\/\\\/www.pnl.ch\\\/college-pnl\\\/seminaires\\\/modelisation-reproduire-excellence\\\/#primaryimage\"},\"thumbnailUrl\":\"https:\\\/\\\/www.pnl.ch\\\/college-pnl\\\/wp-content\\\/uploads\\\/sites\\\/2\\\/2017\\\/04\\\/excellence.jpg\",\"datePublished\":\"2017-04-06T11:34:09+00:00\",\"dateModified\":\"2025-09-04T07:10:38+00:00\",\"description\":\"S\u00e9minaire de 2 jours: Mod\u00e9lisation: reproduire l'excellence. Comment reproduire les comp\u00e9tences des experts et personnes que vous admirez\",\"breadcrumb\":{\"@id\":\"https:\\\/\\\/www.pnl.ch\\\/college-pnl\\\/seminaires\\\/modelisation-reproduire-excellence\\\/#breadcrumb\"},\"inLanguage\":\"fr-FR\",\"potentialAction\":[{\"@type\":\"ReadAction\",\"target\":[\"https:\\\/\\\/www.pnl.ch\\\/college-pnl\\\/seminaires\\\/modelisation-reproduire-excellence\\\/\"]}]},{\"@type\":\"ImageObject\",\"inLanguage\":\"fr-FR\",\"@id\":\"https:\\\/\\\/www.pnl.ch\\\/college-pnl\\\/seminaires\\\/modelisation-reproduire-excellence\\\/#primaryimage\",\"url\":\"https:\\\/\\\/www.pnl.ch\\\/college-pnl\\\/wp-content\\\/uploads\\\/sites\\\/2\\\/2017\\\/04\\\/excellence.jpg\",\"contentUrl\":\"https:\\\/\\\/www.pnl.ch\\\/college-pnl\\\/wp-content\\\/uploads\\\/sites\\\/2\\\/2017\\\/04\\\/excellence.jpg\",\"width\":300,\"height\":300,\"caption\":\"S\u00e9minaire Mod\u00e9lisation: reproduire l'excellence\"},{\"@type\":\"BreadcrumbList\",\"@id\":\"https:\\\/\\\/www.pnl.ch\\\/college-pnl\\\/seminaires\\\/modelisation-reproduire-excellence\\\/#breadcrumb\",\"itemListElement\":[{\"@type\":\"ListItem\",\"position\":1,\"name\":\"Accueil\",\"item\":\"https:\\\/\\\/www.pnl.ch\\\/college-pnl\\\/\"},{\"@type\":\"ListItem\",\"position\":2,\"name\":\"Seminaires\",\"item\":\"http:\\\/\\\/www.pnl.ch\\\/college-pnl\\\/seminaires\\\/\"},{\"@type\":\"ListItem\",\"position\":3,\"name\":\"Mod\u00e9lisation: reproduire l&rsquo;excellence\"}]},{\"@type\":\"WebSite\",\"@id\":\"https:\\\/\\\/www.pnl.ch\\\/college-pnl\\\/#website\",\"url\":\"https:\\\/\\\/www.pnl.ch\\\/college-pnl\\\/\",\"name\":\"Coll\u00e8ge PNL\",\"description\":\"Formations certifiantes en Programmation Neuro Linguistique (PNL)\",\"publisher\":{\"@id\":\"https:\\\/\\\/www.pnl.ch\\\/college-pnl\\\/#organization\"},\"potentialAction\":[{\"@type\":\"SearchAction\",\"target\":{\"@type\":\"EntryPoint\",\"urlTemplate\":\"https:\\\/\\\/www.pnl.ch\\\/college-pnl\\\/?s={search_term_string}\"},\"query-input\":{\"@type\":\"PropertyValueSpecification\",\"valueRequired\":true,\"valueName\":\"search_term_string\"}}],\"inLanguage\":\"fr-FR\"},{\"@type\":\"Organization\",\"@id\":\"https:\\\/\\\/www.pnl.ch\\\/college-pnl\\\/#organization\",\"name\":\"Coll\u00e8ge Romand - Centre de formation d'adultes S\u00e0rl\",\"url\":\"https:\\\/\\\/www.pnl.ch\\\/college-pnl\\\/\",\"logo\":{\"@type\":\"ImageObject\",\"inLanguage\":\"fr-FR\",\"@id\":\"https:\\\/\\\/www.pnl.ch\\\/college-pnl\\\/#\\\/schema\\\/logo\\\/image\\\/\",\"url\":\"https:\\\/\\\/www.pnl.ch\\\/college-pnl\\\/wp-content\\\/uploads\\\/sites\\\/2\\\/2017\\\/04\\\/college-pnl-logo-nc.png\",\"contentUrl\":\"https:\\\/\\\/www.pnl.ch\\\/college-pnl\\\/wp-content\\\/uploads\\\/sites\\\/2\\\/2017\\\/04\\\/college-pnl-logo-nc.png\",\"width\":314,\"height\":200,\"caption\":\"Coll\u00e8ge Romand - Centre de formation d'adultes S\u00e0rl\"},\"image\":{\"@id\":\"https:\\\/\\\/www.pnl.ch\\\/college-pnl\\\/#\\\/schema\\\/logo\\\/image\\\/\"},\"sameAs\":[\"https:\\\/\\\/www.facebook.com\\\/college.romand\\\/\",\"https:\\\/\\\/x.com\\\/CollegeRomand\",\"https:\\\/\\\/www.linkedin.com\\\/school\\\/college-romand\\\/\",\"https:\\\/\\\/www.instagram.com\\\/collegeromand\\\/\"]}]}<\/script>\n<!-- \/ Yoast SEO Premium plugin. -->","yoast_head_json":{"title":"S\u00e9minaire mod\u00e9lisation: reproduire l'excellence | Coll\u00e8ge PNL","description":"S\u00e9minaire de 2 jours: Mod\u00e9lisation: reproduire l'excellence. Comment reproduire les comp\u00e9tences des experts et personnes que vous admirez","robots":{"index":"index","follow":"follow","max-snippet":"max-snippet:-1","max-image-preview":"max-image-preview:large","max-video-preview":"max-video-preview:-1"},"canonical":"https:\/\/www.pnl.ch\/college-pnl\/seminaires\/modelisation-reproduire-excellence\/","og_locale":"fr_FR","og_type":"article","og_title":"Mod\u00e9lisation: reproduire l'excellence","og_description":"S\u00e9minaire de 3 jours: Mod\u00e9lisation: reproduire l'excellence. Comment reproduire les comp\u00e9tences des experts et personnes que vous admirez","og_url":"https:\/\/www.pnl.ch\/college-pnl\/seminaires\/modelisation-reproduire-excellence\/","og_site_name":"Coll\u00e8ge PNL","article_publisher":"https:\/\/www.facebook.com\/college.romand\/","article_modified_time":"2025-09-04T07:10:38+00:00","og_image":[{"width":1200,"height":675,"url":"http:\/\/www.pnl.ch\/college-pnl\/wp-content\/uploads\/sites\/2\/2024\/03\/modelisation-excellence.png","type":"image\/png"}],"twitter_card":"summary_large_image","twitter_description":"S\u00e9minaire de 3 jours: Mod\u00e9lisation: reproduire l'excellence. Comment reproduire les comp\u00e9tences des experts et personnes que vous admirez","twitter_site":"@CollegeRomand","twitter_misc":{"Dur\u00e9e de lecture estim\u00e9e":"3 minutes"},"schema":{"@context":"https:\/\/schema.org","@graph":[{"@type":"WebPage","@id":"https:\/\/www.pnl.ch\/college-pnl\/seminaires\/modelisation-reproduire-excellence\/","url":"https:\/\/www.pnl.ch\/college-pnl\/seminaires\/modelisation-reproduire-excellence\/","name":"S\u00e9minaire mod\u00e9lisation: reproduire l'excellence | Coll\u00e8ge PNL","isPartOf":{"@id":"https:\/\/www.pnl.ch\/college-pnl\/#website"},"primaryImageOfPage":{"@id":"https:\/\/www.pnl.ch\/college-pnl\/seminaires\/modelisation-reproduire-excellence\/#primaryimage"},"image":{"@id":"https:\/\/www.pnl.ch\/college-pnl\/seminaires\/modelisation-reproduire-excellence\/#primaryimage"},"thumbnailUrl":"https:\/\/www.pnl.ch\/college-pnl\/wp-content\/uploads\/sites\/2\/2017\/04\/excellence.jpg","datePublished":"2017-04-06T11:34:09+00:00","dateModified":"2025-09-04T07:10:38+00:00","description":"S\u00e9minaire de 2 jours: Mod\u00e9lisation: reproduire l'excellence. Comment reproduire les comp\u00e9tences des experts et personnes que vous admirez","breadcrumb":{"@id":"https:\/\/www.pnl.ch\/college-pnl\/seminaires\/modelisation-reproduire-excellence\/#breadcrumb"},"inLanguage":"fr-FR","potentialAction":[{"@type":"ReadAction","target":["https:\/\/www.pnl.ch\/college-pnl\/seminaires\/modelisation-reproduire-excellence\/"]}]},{"@type":"ImageObject","inLanguage":"fr-FR","@id":"https:\/\/www.pnl.ch\/college-pnl\/seminaires\/modelisation-reproduire-excellence\/#primaryimage","url":"https:\/\/www.pnl.ch\/college-pnl\/wp-content\/uploads\/sites\/2\/2017\/04\/excellence.jpg","contentUrl":"https:\/\/www.pnl.ch\/college-pnl\/wp-content\/uploads\/sites\/2\/2017\/04\/excellence.jpg","width":300,"height":300,"caption":"S\u00e9minaire Mod\u00e9lisation: reproduire l'excellence"},{"@type":"BreadcrumbList","@id":"https:\/\/www.pnl.ch\/college-pnl\/seminaires\/modelisation-reproduire-excellence\/#breadcrumb","itemListElement":[{"@type":"ListItem","position":1,"name":"Accueil","item":"https:\/\/www.pnl.ch\/college-pnl\/"},{"@type":"ListItem","position":2,"name":"Seminaires","item":"http:\/\/www.pnl.ch\/college-pnl\/seminaires\/"},{"@type":"ListItem","position":3,"name":"Mod\u00e9lisation: reproduire l&rsquo;excellence"}]},{"@type":"WebSite","@id":"https:\/\/www.pnl.ch\/college-pnl\/#website","url":"https:\/\/www.pnl.ch\/college-pnl\/","name":"Coll\u00e8ge PNL","description":"Formations certifiantes en Programmation Neuro Linguistique (PNL)","publisher":{"@id":"https:\/\/www.pnl.ch\/college-pnl\/#organization"},"potentialAction":[{"@type":"SearchAction","target":{"@type":"EntryPoint","urlTemplate":"https:\/\/www.pnl.ch\/college-pnl\/?s={search_term_string}"},"query-input":{"@type":"PropertyValueSpecification","valueRequired":true,"valueName":"search_term_string"}}],"inLanguage":"fr-FR"},{"@type":"Organization","@id":"https:\/\/www.pnl.ch\/college-pnl\/#organization","name":"Coll\u00e8ge Romand - Centre de formation d'adultes S\u00e0rl","url":"https:\/\/www.pnl.ch\/college-pnl\/","logo":{"@type":"ImageObject","inLanguage":"fr-FR","@id":"https:\/\/www.pnl.ch\/college-pnl\/#\/schema\/logo\/image\/","url":"https:\/\/www.pnl.ch\/college-pnl\/wp-content\/uploads\/sites\/2\/2017\/04\/college-pnl-logo-nc.png","contentUrl":"https:\/\/www.pnl.ch\/college-pnl\/wp-content\/uploads\/sites\/2\/2017\/04\/college-pnl-logo-nc.png","width":314,"height":200,"caption":"Coll\u00e8ge Romand - Centre de formation d'adultes S\u00e0rl"},"image":{"@id":"https:\/\/www.pnl.ch\/college-pnl\/#\/schema\/logo\/image\/"},"sameAs":["https:\/\/www.facebook.com\/college.romand\/","https:\/\/x.com\/CollegeRomand","https:\/\/www.linkedin.com\/school\/college-romand\/","https:\/\/www.instagram.com\/collegeromand\/"]}]}},"_links":{"self":[{"href":"https:\/\/www.pnl.ch\/college-pnl\/wp-json\/wp\/v2\/pages\/91","targetHints":{"allow":["GET"]}}],"collection":[{"href":"https:\/\/www.pnl.ch\/college-pnl\/wp-json\/wp\/v2\/pages"}],"about":[{"href":"https:\/\/www.pnl.ch\/college-pnl\/wp-json\/wp\/v2\/types\/page"}],"author":[{"embeddable":true,"href":"https:\/\/www.pnl.ch\/college-pnl\/wp-json\/wp\/v2\/users\/1"}],"replies":[{"embeddable":true,"href":"https:\/\/www.pnl.ch\/college-pnl\/wp-json\/wp\/v2\/comments?post=91"}],"version-history":[{"count":22,"href":"https:\/\/www.pnl.ch\/college-pnl\/wp-json\/wp\/v2\/pages\/91\/revisions"}],"predecessor-version":[{"id":3241,"href":"https:\/\/www.pnl.ch\/college-pnl\/wp-json\/wp\/v2\/pages\/91\/revisions\/3241"}],"up":[{"embeddable":true,"href":"https:\/\/www.pnl.ch\/college-pnl\/wp-json\/wp\/v2\/pages\/74"}],"wp:featuredmedia":[{"embeddable":true,"href":"https:\/\/www.pnl.ch\/college-pnl\/wp-json\/wp\/v2\/media\/46"}],"wp:attachment":[{"href":"https:\/\/www.pnl.ch\/college-pnl\/wp-json\/wp\/v2\/media?parent=91"}],"curies":[{"name":"wp","href":"https:\/\/api.w.org\/{rel}","templated":true}]}}