{"id":104,"date":"2019-09-30T15:15:42","date_gmt":"2019-09-30T13:15:42","guid":{"rendered":"https:\/\/www.pnl.ch\/college-reconversion\/?page_id=104"},"modified":"2025-11-07T08:48:23","modified_gmt":"2025-11-07T07:48:23","slug":"hoffman-plus","status":"publish","type":"page","link":"https:\/\/www.pnl.ch\/college-reconversion\/activites-hoffman\/hoffman-plus\/","title":{"rendered":"Apr\u00e8s le Processus \u2013 Hoffman Plus"},"content":{"rendered":"<div class=\"wpb-content-wrapper\"><p>[vc_row][vc_column width=\u00a0\u00bb1\/4&Prime;]<style type=\"text\/css\" data-type=\"the7_shortcodes-inline-css\">.shortcode-single-image-wrap.shortcode-single-image-303c817f048ebda0247e47a2915673eb.enable-bg-rollover .rollover i,\n.shortcode-single-image-wrap.shortcode-single-image-303c817f048ebda0247e47a2915673eb.enable-bg-rollover .rollover-video i {\n  background: -webkit-linear-gradient();\n  background: linear-gradient();\n}\n.shortcode-single-image-wrap.shortcode-single-image-303c817f048ebda0247e47a2915673eb .rollover-icon {\n  font-size: 32px;\n  color: #ffffff;\n  min-width: 44px;\n  min-height: 44px;\n  line-height: 44px;\n  border-radius: 100px;\n  border-style: solid;\n  border-width: 0px;\n}\n.dt-icon-bg-on.shortcode-single-image-wrap.shortcode-single-image-303c817f048ebda0247e47a2915673eb .rollover-icon {\n  background: rgba(255,255,255,0.3);\n  box-shadow: none;\n}<\/style><div class=\"shortcode-single-image-wrap shortcode-single-image-303c817f048ebda0247e47a2915673eb alignnone zoomIn animate-element caption-on  enable-bg-rollover dt-icon-bg-off\" style=\"margin-top:0px; margin-bottom:0px; margin-left:0px; margin-right:0px; width:250px;\"><div class=\"shortcode-single-image\"><div class=\"fancy-media-wrap  layzr-bg\" style=\"\"><img fetchpriority=\"high\" decoding=\"async\" class=\"preload-me lazy-load aspect\" src=\"data:image\/svg+xml,%3Csvg%20xmlns%3D&#39;http%3A%2F%2Fwww.w3.org%2F2000%2Fsvg&#39;%20viewBox%3D&#39;0%200%20250%20250&#39;%2F%3E\" data-src=\"https:\/\/www.pnl.ch\/college-reconversion\/wp-content\/uploads\/sites\/7\/2023\/03\/hoffman-plus-250x250.jpg\" data-srcset=\"https:\/\/www.pnl.ch\/college-reconversion\/wp-content\/uploads\/sites\/7\/2023\/03\/hoffman-plus-250x250.jpg 250w, https:\/\/www.pnl.ch\/college-reconversion\/wp-content\/uploads\/sites\/7\/2023\/03\/hoffman-plus.jpg 300w\" loading=\"eager\" sizes=\"(max-width: 250px) 100vw, 250px\" width=\"250\" height=\"250\"  data-dt-location=\"https:\/\/www.pnl.ch\/college-reconversion\/hoffman-plus-2\/\" style=\"--ratio: 250 \/ 250;\" alt=\"Processus Hoffman - Hoffman Plus\" \/><\/div><\/div><div class=\"shortcode-single-caption\">Processus Hoffman - Hoffman Plus<\/div><\/div>[\/vc_column][vc_column width=\u00a0\u00bb3\/4&Prime;][vc_column_text css=\u00a0\u00bb\u00a0\u00bb]<strong>Dates :\u00a0<\/strong>du 11 au 15 novembre 2026<\/p>\n<h3>Hoffman Plus\u202f: un espace de reconnexion et d\u00b4approfondissement<\/h3>\n<p>Peu importe que votre Processus remonte \u00e0 quelques mois ou \u00e0 quelques ann\u00e9es, vous ressentez peut-\u00eatre que le moment est venu de vous reconnecter \u00e0 votre potentiel de transformation pour faire, en attention et curiosit\u00e9, un autre pas sur votre chemin int\u00e9rieur.<\/p>\n<p>Au-del\u00e0 de ce que vous avez d\u00e9j\u00e0 travaill\u00e9 \u2013 la r\u00e9conciliation avec vos parents et l\u2019acceptation des circonstances qui ont accompagn\u00e9 votre enfance- il s\u00b4agit maintenant d\u2019aborder les difficult\u00e9s et d\u00e9fis dans vos relations actuelles avec un m\u00eame esprit d\u2019ouverture et de compr\u00e9hension.<\/p>\n<p>Cultiver la pr\u00e9sence du Moi Essentiel et reconna\u00eetre les \u00e9motions saines constituent les \u00e9l\u00e9ments centraux pour explorer les th\u00e8mes suivants\u202f:<\/p>\n<ul>\n<li>Quelle attitude permet de continuer \u00e0 prendre soin de son enfant int\u00e9rieur\u202f?<\/li>\n<li>Quelles sont les ressources propres \u00e0 chacun pour le materner et le paterner avec amour\u202f?<\/li>\n<li>Quelles sont les relations, familiales, amicales ou professionnelles que nous avons besoin de soigner\u202f?<\/li>\n<\/ul>\n<h4>MODALIT\u00c9S<\/h4>\n<ul>\n<li>Il est possible de participer \u00e0 ce stage avec son partenaire, avec un membre de sa famille et avec un(e) ami(e) dans la mesure o\u00f9 ils ont \u00e9galement suivi le Processus ou bien particip\u00e9 au programme SAT. Vivre cette exp\u00e9rience ensemble, en couple par exemple, permet de visiter et travailler sa relation dans un cadre de pleine conscience.<\/li>\n<li>Les journ\u00e9es seront rythm\u00e9es par une alternance entre travail et d\u00e9tente. Situ\u00e9 dans une belle nature et un immense parc, le lieu de ce s\u00e9minaire offre des \u00ab plages \u00bb de loisir qui aident chacun \u00e0 se ressourcer.<\/li>\n<\/ul>\n<h4>ACTIVIT\u00c9S<\/h4>\n<ul>\n<li>Pratiquer des outils Hoffman ainsi que l\u2019exploration de nouvelles ressources expressives et cr\u00e9atives qui sollicitent le corps dans le cadre d\u2019un continu d\u2019attention.<\/li>\n<li>Des espaces de m\u00e9ditation en qui\u00e9tude et aussi en mouvement.<\/li>\n<li>Des dynamiques de groupe centr\u00e9es sur une approche syst\u00e9mique.<\/li>\n<li>La cr\u00e9ation d\u2019un climat d\u2019entraide mutuelle entre personnes engag\u00e9es dans des qu\u00eates personnelles diff\u00e9rentes.<\/li>\n<\/ul>\n<h4>ANIMATION<\/h4>\n<p><a href=\"https:\/\/www.pnl.ch\/formateurs\/katrin-reuter\/\" target=\"_blank\" rel=\"noopener\">Katrin Reuter<\/a>, psychologue clinicienne et psychoth\u00e9rapeute est la directrice de l&rsquo;Institut Hoffman France. Elle est superviseure du Processus Hoffman au niveau international. Depuis 2007 elle est aussi collaboratrice du Dr Claudio Naranjo dans les programmes SAT en Allemagne, France et en Espagne.<\/p>\n<p><a href=\"https:\/\/www.pnl.ch\/formateurs\/cherif-chalakani\/\" target=\"_blank\" rel=\"noopener\">Cherif Chalakani<\/a>, th\u00e9rapeute psycho-corporel, a d\u00e9velopp\u00e9 un travail sp\u00e9cifique sur l\u2019attention en mouvement et en respiration, ainsi que sur les exp\u00e9riences p\u00e9rinatales.<\/p>\n<h4>PRIX<\/h4>\n<p>\u20ac 690.- en solo, \u20ac 1280.- en couple<br \/>\n\u20ac 630.- en solo, \u20ac 1160.- en couple, tarif pour toute inscription anticip\u00e9e 2 mois avant la date de d\u00e9but du stage.<\/p>\n<h4>LIEU<\/h4>\n<p style=\"font-weight: 400;\">Le Ch\u00e2teau de la Linotte, pr\u00e8s de Besan\u00e7on<\/p>\n<p>[\/vc_column_text][\/vc_column][\/vc_row][vc_row margin_top=\u00a0\u00bb50px\u00a0\u00bb][vc_column][vc_column_text css=\u00a0\u00bb\u00a0\u00bb]<strong>Nous vous conseillons volontiers sur cette formation, contactez directement le Coll\u00e8ge Reconversion au <a href=\"tel:+41227369862\">+41 22 736 98 62<\/a> les lundi, mardi, jeudi et vendredi.<\/strong>[\/vc_column_text][vc_btn title=\u00a0\u00bbVous inscrire\u00a0\u00bb color=\u00a0\u00bbsky\u00a0\u00bb align=\u00a0\u00bbleft\u00a0\u00bb css=\u00a0\u00bb\u00a0\u00bb link=\u00a0\u00bburl:https%3A%2F%2Fwww.pnl.ch%2Fcollege-reconversion%2Finscrivez-vous-et-commencez-votre-parcours-avec-le-processus-hoffman%2F|title:Inscrivez-vous%20et%20commencez%20votre%20parcours%20avec%20le%20Processus%20Hoffman%E2%80%AF!\u00a0\u00bb][\/vc_column][\/vc_row]<\/p>\n<\/div>","protected":false},"excerpt":{"rendered":"<p>[vc_row][vc_column width=\u00a0\u00bb1\/4&Prime;][\/vc_column][vc_column width=\u00a0\u00bb3\/4&Prime;][vc_column_text css=\u00a0\u00bb\u00a0\u00bb]Dates :\u00a0du 11 au 15 novembre 2026 Hoffman Plus\u202f: un espace de reconnexion et d\u00b4approfondissement Peu importe que votre Processus remonte \u00e0 quelques mois ou \u00e0 quelques ann\u00e9es, vous ressentez peut-\u00eatre que le moment est venu de vous reconnecter \u00e0 votre potentiel de transformation pour faire, en attention et curiosit\u00e9, un autre&hellip;<\/p>\n","protected":false},"author":1,"featured_media":539,"parent":547,"menu_order":0,"comment_status":"closed","ping_status":"closed","template":"","meta":{"_acf_changed":false,"footnotes":""},"class_list":["post-104","page","type-page","status-publish","has-post-thumbnail","hentry","description-off"],"acf":[],"yoast_head":"<!-- This site is optimized with the Yoast SEO Premium plugin v27.4 (Yoast SEO v27.4) - https:\/\/yoast.com\/product\/yoast-seo-premium-wordpress\/ -->\n<title>Apr\u00e8s le Processus \u2013 Hoffman Plus - Coll\u00e8ge Reconversion<\/title>\n<meta name=\"description\" content=\"Hoffman Plus a lieu apr\u00e8s le Processus Hoffman afin de soutenir les participants dans l&#039;int\u00e9gration du changement\u2026\" \/>\n<meta name=\"robots\" content=\"index, follow, max-snippet:-1, max-image-preview:large, max-video-preview:-1\" \/>\n<link rel=\"canonical\" href=\"https:\/\/www.pnl.ch\/college-reconversion\/activites-hoffman\/hoffman-plus\/\" \/>\n<meta property=\"og:locale\" content=\"fr_FR\" \/>\n<meta property=\"og:type\" content=\"article\" \/>\n<meta property=\"og:title\" content=\"Apr\u00e8s le Processus \u2013 Hoffman Plus\" \/>\n<meta property=\"og:description\" content=\"Hoffman Plus a lieu apr\u00e8s le Processus Hoffman afin de soutenir les participants dans l&#039;int\u00e9gration du changement\u2026\" \/>\n<meta property=\"og:url\" content=\"https:\/\/www.pnl.ch\/college-reconversion\/activites-hoffman\/hoffman-plus\/\" \/>\n<meta property=\"og:site_name\" content=\"Coll\u00e8ge Reconversion\" \/>\n<meta property=\"article:publisher\" content=\"https:\/\/www.facebook.com\/college.romand\/\" \/>\n<meta property=\"article:modified_time\" content=\"2025-11-07T07:48:23+00:00\" \/>\n<meta property=\"og:image\" content=\"http:\/\/www.pnl.ch\/college-reconversion\/wp-content\/uploads\/sites\/7\/2024\/04\/hoffman-plus-jpg.webp\" \/>\n\t<meta property=\"og:image:width\" content=\"1200\" \/>\n\t<meta property=\"og:image:height\" content=\"675\" \/>\n\t<meta property=\"og:image:type\" content=\"image\/jpeg\" \/>\n<meta name=\"twitter:card\" content=\"summary_large_image\" \/>\n<meta name=\"twitter:description\" content=\"Hoffman Plus a lieu apr\u00e8s le Processus Hoffman afin de soutenir les participants dans l&#039;int\u00e9gration du changement\u2026\" \/>\n<meta name=\"twitter:site\" content=\"@CollegeRomand\" \/>\n<meta name=\"twitter:label1\" content=\"Dur\u00e9e de lecture estim\u00e9e\" \/>\n\t<meta name=\"twitter:data1\" content=\"3 minutes\" \/>\n<script type=\"application\/ld+json\" class=\"yoast-schema-graph\">{\"@context\":\"https:\\\/\\\/schema.org\",\"@graph\":[{\"@type\":\"WebPage\",\"@id\":\"https:\\\/\\\/www.pnl.ch\\\/college-reconversion\\\/activites-hoffman\\\/hoffman-plus\\\/\",\"url\":\"https:\\\/\\\/www.pnl.ch\\\/college-reconversion\\\/activites-hoffman\\\/hoffman-plus\\\/\",\"name\":\"Apr\u00e8s le Processus \u2013 Hoffman Plus - Coll\u00e8ge Reconversion\",\"isPartOf\":{\"@id\":\"https:\\\/\\\/www.pnl.ch\\\/college-reconversion\\\/#website\"},\"primaryImageOfPage\":{\"@id\":\"https:\\\/\\\/www.pnl.ch\\\/college-reconversion\\\/activites-hoffman\\\/hoffman-plus\\\/#primaryimage\"},\"image\":{\"@id\":\"https:\\\/\\\/www.pnl.ch\\\/college-reconversion\\\/activites-hoffman\\\/hoffman-plus\\\/#primaryimage\"},\"thumbnailUrl\":\"https:\\\/\\\/www.pnl.ch\\\/college-reconversion\\\/wp-content\\\/uploads\\\/sites\\\/7\\\/2023\\\/03\\\/hoffman-plus.jpg\",\"datePublished\":\"2019-09-30T13:15:42+00:00\",\"dateModified\":\"2025-11-07T07:48:23+00:00\",\"description\":\"Hoffman Plus a lieu apr\u00e8s le Processus Hoffman afin de soutenir les participants dans l'int\u00e9gration du changement\u2026\",\"breadcrumb\":{\"@id\":\"https:\\\/\\\/www.pnl.ch\\\/college-reconversion\\\/activites-hoffman\\\/hoffman-plus\\\/#breadcrumb\"},\"inLanguage\":\"fr-FR\",\"potentialAction\":[{\"@type\":\"ReadAction\",\"target\":[\"https:\\\/\\\/www.pnl.ch\\\/college-reconversion\\\/activites-hoffman\\\/hoffman-plus\\\/\"]}]},{\"@type\":\"ImageObject\",\"inLanguage\":\"fr-FR\",\"@id\":\"https:\\\/\\\/www.pnl.ch\\\/college-reconversion\\\/activites-hoffman\\\/hoffman-plus\\\/#primaryimage\",\"url\":\"https:\\\/\\\/www.pnl.ch\\\/college-reconversion\\\/wp-content\\\/uploads\\\/sites\\\/7\\\/2023\\\/03\\\/hoffman-plus.jpg\",\"contentUrl\":\"https:\\\/\\\/www.pnl.ch\\\/college-reconversion\\\/wp-content\\\/uploads\\\/sites\\\/7\\\/2023\\\/03\\\/hoffman-plus.jpg\",\"width\":300,\"height\":300,\"caption\":\"Processus Hoffman - Hoffman Plus\"},{\"@type\":\"BreadcrumbList\",\"@id\":\"https:\\\/\\\/www.pnl.ch\\\/college-reconversion\\\/activites-hoffman\\\/hoffman-plus\\\/#breadcrumb\",\"itemListElement\":[{\"@type\":\"ListItem\",\"position\":1,\"name\":\"Accueil\",\"item\":\"https:\\\/\\\/www.pnl.ch\\\/college-reconversion\\\/\"},{\"@type\":\"ListItem\",\"position\":2,\"name\":\"Activit\u00e9s Hoffman\",\"item\":\"https:\\\/\\\/www.pnl.ch\\\/college-reconversion\\\/activites-hoffman\\\/\"},{\"@type\":\"ListItem\",\"position\":3,\"name\":\"Apr\u00e8s le Processus \u2013 Hoffman Plus\"}]},{\"@type\":\"WebSite\",\"@id\":\"https:\\\/\\\/www.pnl.ch\\\/college-reconversion\\\/#website\",\"url\":\"https:\\\/\\\/www.pnl.ch\\\/college-reconversion\\\/\",\"name\":\"Coll\u00e8ge Reconversion\",\"description\":\"Tout pour r\u00e9ussir sa Reconversion\",\"publisher\":{\"@id\":\"https:\\\/\\\/www.pnl.ch\\\/college-reconversion\\\/#organization\"},\"potentialAction\":[{\"@type\":\"SearchAction\",\"target\":{\"@type\":\"EntryPoint\",\"urlTemplate\":\"https:\\\/\\\/www.pnl.ch\\\/college-reconversion\\\/?s={search_term_string}\"},\"query-input\":{\"@type\":\"PropertyValueSpecification\",\"valueRequired\":true,\"valueName\":\"search_term_string\"}}],\"inLanguage\":\"fr-FR\"},{\"@type\":\"Organization\",\"@id\":\"https:\\\/\\\/www.pnl.ch\\\/college-reconversion\\\/#organization\",\"name\":\"Coll\u00e8ge Romand Centre de formation d'adultes S\u00e0rl\",\"url\":\"https:\\\/\\\/www.pnl.ch\\\/college-reconversion\\\/\",\"logo\":{\"@type\":\"ImageObject\",\"inLanguage\":\"fr-FR\",\"@id\":\"https:\\\/\\\/www.pnl.ch\\\/college-reconversion\\\/#\\\/schema\\\/logo\\\/image\\\/\",\"url\":\"\",\"contentUrl\":\"\",\"caption\":\"Coll\u00e8ge Romand Centre de formation d'adultes S\u00e0rl\"},\"image\":{\"@id\":\"https:\\\/\\\/www.pnl.ch\\\/college-reconversion\\\/#\\\/schema\\\/logo\\\/image\\\/\"},\"sameAs\":[\"https:\\\/\\\/www.facebook.com\\\/college.romand\\\/\",\"https:\\\/\\\/x.com\\\/CollegeRomand\",\"https:\\\/\\\/fr.linkedin.com\\\/company\\\/coll-ge-romand-de-pnl\",\"https:\\\/\\\/www.linkedin.com\\\/school\\\/college-romand\\\/\",\"https:\\\/\\\/www.instagram.com\\\/collegeromand\\\/\"]}]}<\/script>\n<!-- \/ Yoast SEO Premium plugin. -->","yoast_head_json":{"title":"Apr\u00e8s le Processus \u2013 Hoffman Plus - Coll\u00e8ge Reconversion","description":"Hoffman Plus a lieu apr\u00e8s le Processus Hoffman afin de soutenir les participants dans l'int\u00e9gration du changement\u2026","robots":{"index":"index","follow":"follow","max-snippet":"max-snippet:-1","max-image-preview":"max-image-preview:large","max-video-preview":"max-video-preview:-1"},"canonical":"https:\/\/www.pnl.ch\/college-reconversion\/activites-hoffman\/hoffman-plus\/","og_locale":"fr_FR","og_type":"article","og_title":"Apr\u00e8s le Processus \u2013 Hoffman Plus","og_description":"Hoffman Plus a lieu apr\u00e8s le Processus Hoffman afin de soutenir les participants dans l'int\u00e9gration du changement\u2026","og_url":"https:\/\/www.pnl.ch\/college-reconversion\/activites-hoffman\/hoffman-plus\/","og_site_name":"Coll\u00e8ge Reconversion","article_publisher":"https:\/\/www.facebook.com\/college.romand\/","article_modified_time":"2025-11-07T07:48:23+00:00","og_image":[{"width":1200,"height":675,"url":"http:\/\/www.pnl.ch\/college-reconversion\/wp-content\/uploads\/sites\/7\/2024\/04\/hoffman-plus-jpg.webp","type":"image\/jpeg"}],"twitter_card":"summary_large_image","twitter_description":"Hoffman Plus a lieu apr\u00e8s le Processus Hoffman afin de soutenir les participants dans l'int\u00e9gration du changement\u2026","twitter_site":"@CollegeRomand","twitter_misc":{"Dur\u00e9e de lecture estim\u00e9e":"3 minutes"},"schema":{"@context":"https:\/\/schema.org","@graph":[{"@type":"WebPage","@id":"https:\/\/www.pnl.ch\/college-reconversion\/activites-hoffman\/hoffman-plus\/","url":"https:\/\/www.pnl.ch\/college-reconversion\/activites-hoffman\/hoffman-plus\/","name":"Apr\u00e8s le Processus \u2013 Hoffman Plus - Coll\u00e8ge Reconversion","isPartOf":{"@id":"https:\/\/www.pnl.ch\/college-reconversion\/#website"},"primaryImageOfPage":{"@id":"https:\/\/www.pnl.ch\/college-reconversion\/activites-hoffman\/hoffman-plus\/#primaryimage"},"image":{"@id":"https:\/\/www.pnl.ch\/college-reconversion\/activites-hoffman\/hoffman-plus\/#primaryimage"},"thumbnailUrl":"https:\/\/www.pnl.ch\/college-reconversion\/wp-content\/uploads\/sites\/7\/2023\/03\/hoffman-plus.jpg","datePublished":"2019-09-30T13:15:42+00:00","dateModified":"2025-11-07T07:48:23+00:00","description":"Hoffman Plus a lieu apr\u00e8s le Processus Hoffman afin de soutenir les participants dans l'int\u00e9gration du changement\u2026","breadcrumb":{"@id":"https:\/\/www.pnl.ch\/college-reconversion\/activites-hoffman\/hoffman-plus\/#breadcrumb"},"inLanguage":"fr-FR","potentialAction":[{"@type":"ReadAction","target":["https:\/\/www.pnl.ch\/college-reconversion\/activites-hoffman\/hoffman-plus\/"]}]},{"@type":"ImageObject","inLanguage":"fr-FR","@id":"https:\/\/www.pnl.ch\/college-reconversion\/activites-hoffman\/hoffman-plus\/#primaryimage","url":"https:\/\/www.pnl.ch\/college-reconversion\/wp-content\/uploads\/sites\/7\/2023\/03\/hoffman-plus.jpg","contentUrl":"https:\/\/www.pnl.ch\/college-reconversion\/wp-content\/uploads\/sites\/7\/2023\/03\/hoffman-plus.jpg","width":300,"height":300,"caption":"Processus Hoffman - Hoffman Plus"},{"@type":"BreadcrumbList","@id":"https:\/\/www.pnl.ch\/college-reconversion\/activites-hoffman\/hoffman-plus\/#breadcrumb","itemListElement":[{"@type":"ListItem","position":1,"name":"Accueil","item":"https:\/\/www.pnl.ch\/college-reconversion\/"},{"@type":"ListItem","position":2,"name":"Activit\u00e9s Hoffman","item":"https:\/\/www.pnl.ch\/college-reconversion\/activites-hoffman\/"},{"@type":"ListItem","position":3,"name":"Apr\u00e8s le Processus \u2013 Hoffman Plus"}]},{"@type":"WebSite","@id":"https:\/\/www.pnl.ch\/college-reconversion\/#website","url":"https:\/\/www.pnl.ch\/college-reconversion\/","name":"Coll\u00e8ge Reconversion","description":"Tout pour r\u00e9ussir sa Reconversion","publisher":{"@id":"https:\/\/www.pnl.ch\/college-reconversion\/#organization"},"potentialAction":[{"@type":"SearchAction","target":{"@type":"EntryPoint","urlTemplate":"https:\/\/www.pnl.ch\/college-reconversion\/?s={search_term_string}"},"query-input":{"@type":"PropertyValueSpecification","valueRequired":true,"valueName":"search_term_string"}}],"inLanguage":"fr-FR"},{"@type":"Organization","@id":"https:\/\/www.pnl.ch\/college-reconversion\/#organization","name":"Coll\u00e8ge Romand Centre de formation d'adultes S\u00e0rl","url":"https:\/\/www.pnl.ch\/college-reconversion\/","logo":{"@type":"ImageObject","inLanguage":"fr-FR","@id":"https:\/\/www.pnl.ch\/college-reconversion\/#\/schema\/logo\/image\/","url":"","contentUrl":"","caption":"Coll\u00e8ge Romand Centre de formation d'adultes S\u00e0rl"},"image":{"@id":"https:\/\/www.pnl.ch\/college-reconversion\/#\/schema\/logo\/image\/"},"sameAs":["https:\/\/www.facebook.com\/college.romand\/","https:\/\/x.com\/CollegeRomand","https:\/\/fr.linkedin.com\/company\/coll-ge-romand-de-pnl","https:\/\/www.linkedin.com\/school\/college-romand\/","https:\/\/www.instagram.com\/collegeromand\/"]}]}},"_links":{"self":[{"href":"https:\/\/www.pnl.ch\/college-reconversion\/wp-json\/wp\/v2\/pages\/104","targetHints":{"allow":["GET"]}}],"collection":[{"href":"https:\/\/www.pnl.ch\/college-reconversion\/wp-json\/wp\/v2\/pages"}],"about":[{"href":"https:\/\/www.pnl.ch\/college-reconversion\/wp-json\/wp\/v2\/types\/page"}],"author":[{"embeddable":true,"href":"https:\/\/www.pnl.ch\/college-reconversion\/wp-json\/wp\/v2\/users\/1"}],"replies":[{"embeddable":true,"href":"https:\/\/www.pnl.ch\/college-reconversion\/wp-json\/wp\/v2\/comments?post=104"}],"version-history":[{"count":28,"href":"https:\/\/www.pnl.ch\/college-reconversion\/wp-json\/wp\/v2\/pages\/104\/revisions"}],"predecessor-version":[{"id":791,"href":"https:\/\/www.pnl.ch\/college-reconversion\/wp-json\/wp\/v2\/pages\/104\/revisions\/791"}],"up":[{"embeddable":true,"href":"https:\/\/www.pnl.ch\/college-reconversion\/wp-json\/wp\/v2\/pages\/547"}],"wp:featuredmedia":[{"embeddable":true,"href":"https:\/\/www.pnl.ch\/college-reconversion\/wp-json\/wp\/v2\/media\/539"}],"wp:attachment":[{"href":"https:\/\/www.pnl.ch\/college-reconversion\/wp-json\/wp\/v2\/media?parent=104"}],"curies":[{"name":"wp","href":"https:\/\/api.w.org\/{rel}","templated":true}]}}