{"id":124,"date":"2019-10-01T09:56:55","date_gmt":"2019-10-01T07:56:55","guid":{"rendered":"https:\/\/www.pnl.ch\/college-reconversion\/?page_id=124"},"modified":"2024-04-01T11:57:53","modified_gmt":"2024-04-01T09:57:53","slug":"formations","status":"publish","type":"page","link":"https:\/\/www.pnl.ch\/college-reconversion\/formations\/","title":{"rendered":"Formations"},"content":{"rendered":"<div class=\"wpb-content-wrapper\"><p>[vc_row][vc_column width=\u00a0\u00bb2\/12&Prime;][vc_single_image image=\u00a0\u00bb135&Prime; img_size=\u00a0\u00bbfull\u00a0\u00bb css_animation=\u00a0\u00bbzoomIn\u00a0\u00bb][\/vc_column][vc_column width=\u00a0\u00bb7\/12&Prime; css=\u00a0\u00bb.vc_custom_1511798757645{padding-left: 50px !important;}\u00a0\u00bb][vc_column_text]<\/p>\n<h3 style=\"margin-top: 0; margin-bottom: 10px;\">R\u00e9ussir sa reconversion<\/h3>\n<p style=\"margin-top: 0;\"><strong>Cette formation en reconversion professionnelle a \u00e9t\u00e9 cr\u00e9\u00e9e sp\u00e9cifiquement pour les coachs, th\u00e9rapeutes et consultants qui prennent au s\u00e9rieux leur projet de se lancer dans la libre profession. Faites-vous accompagner pour devenir ind\u00e9pendant\u2026<\/strong><\/p>\n<p>Une formation combinant de la th\u00e9orie en ligne, des exercices pratiques, des cours en pr\u00e9sentiel et un accompagnement personnalis\u00e9. Partagez avec d&rsquo;autres sur le m\u00eame chemin. Cette formation vous donnera tout ce dont vous avez besoin pour cr\u00e9er votre business.[\/vc_column_text][\/vc_column][vc_column width=\u00a0\u00bb3\/12&Prime; css=\u00a0\u00bb.vc_custom_1496694772613{padding-top: 45px !important;}\u00a0\u00bb][vc_btn title=\u00a0\u00bbEn savoir plus\u00a0\u00bb color=\u00a0\u00bbsky\u00a0\u00bb align=\u00a0\u00bbright\u00a0\u00bb i_align=\u00a0\u00bbright\u00a0\u00bb i_icon_fontawesome=\u00a0\u00bbfa fa-caret-right\u00a0\u00bb css_animation=\u00a0\u00bbzoomIn\u00a0\u00bb add_icon=\u00a0\u00bbtrue\u00a0\u00bb link=\u00a0\u00bburl:https%3A%2F%2Fwww.pnl.ch%2Fcollege-reconversion%2Fformations%2Freussir-sa-reconversion%2F|title:R%C3%A9ussir%20sa%20reconversion||\u00a0\u00bb][\/vc_column][\/vc_row]<\/p>\n<\/div>","protected":false},"excerpt":{"rendered":"<p>[vc_row][vc_column width=\u00a0\u00bb2\/12&Prime;][vc_single_image image=\u00a0\u00bb135&Prime; img_size=\u00a0\u00bbfull\u00a0\u00bb css_animation=\u00a0\u00bbzoomIn\u00a0\u00bb][\/vc_column][vc_column width=\u00a0\u00bb7\/12&Prime; css=\u00a0\u00bb.vc_custom_1511798757645{padding-left: 50px !important;}\u00a0\u00bb][vc_column_text] R\u00e9ussir sa reconversion Cette formation en reconversion professionnelle a \u00e9t\u00e9 cr\u00e9\u00e9e sp\u00e9cifiquement pour les coachs, th\u00e9rapeutes et consultants qui prennent au s\u00e9rieux leur projet de se lancer dans la libre profession. Faites-vous accompagner pour devenir ind\u00e9pendant\u2026 Une formation combinant de la th\u00e9orie en ligne, des exercices&hellip;<\/p>\n","protected":false},"author":1,"featured_media":135,"parent":0,"menu_order":4,"comment_status":"closed","ping_status":"closed","template":"","meta":{"_acf_changed":false,"footnotes":""},"class_list":["post-124","page","type-page","status-publish","has-post-thumbnail","hentry","description-off"],"acf":[],"yoast_head":"<!-- This site is optimized with the Yoast SEO Premium plugin v26.9 (Yoast SEO v26.9) - https:\/\/yoast.com\/product\/yoast-seo-premium-wordpress\/ -->\n<title>Formations sur la reconversion - Coll\u00e8ge Reconversion<\/title>\n<meta name=\"description\" content=\"Les formations sur la reconversion ont \u00e9t\u00e9 cr\u00e9\u00e9es sp\u00e9cifiquement pour les coachs, th\u00e9rapeutes et consultants: un accompagnement pour devenir ind\u00e9pendant\" \/>\n<meta name=\"robots\" content=\"index, follow, max-snippet:-1, max-image-preview:large, max-video-preview:-1\" \/>\n<link rel=\"canonical\" href=\"https:\/\/www.pnl.ch\/college-reconversion\/formations\/\" \/>\n<meta property=\"og:locale\" content=\"fr_FR\" \/>\n<meta property=\"og:type\" content=\"article\" \/>\n<meta property=\"og:title\" content=\"Formations sur la reconversion\" \/>\n<meta property=\"og:description\" content=\"Les formations sur la reconversion ont \u00e9t\u00e9 cr\u00e9\u00e9es sp\u00e9cifiquement pour les coachs, th\u00e9rapeutes et consultants: un accompagnement pour devenir ind\u00e9pendant\" \/>\n<meta property=\"og:url\" content=\"https:\/\/www.pnl.ch\/college-reconversion\/formations\/\" \/>\n<meta property=\"og:site_name\" content=\"Coll\u00e8ge Reconversion\" \/>\n<meta property=\"article:publisher\" content=\"https:\/\/www.facebook.com\/college.romand\/\" \/>\n<meta property=\"article:modified_time\" content=\"2024-04-01T09:57:53+00:00\" \/>\n<meta property=\"og:image\" content=\"https:\/\/www.pnl.ch\/college-reconversion\/wp-content\/uploads\/sites\/7\/2024\/04\/reussir-sa-reconversion-jpg.webp\" \/>\n\t<meta property=\"og:image:width\" content=\"1200\" \/>\n\t<meta property=\"og:image:height\" content=\"675\" \/>\n\t<meta property=\"og:image:type\" content=\"image\/jpeg\" \/>\n<meta name=\"twitter:card\" content=\"summary_large_image\" \/>\n<meta name=\"twitter:title\" content=\"Formations sur la reconversion\" \/>\n<meta name=\"twitter:description\" content=\"Les formations sur la reconversion ont \u00e9t\u00e9 cr\u00e9\u00e9es sp\u00e9cifiquement pour les coachs, th\u00e9rapeutes et consultants: un accompagnement pour devenir ind\u00e9pendant\" \/>\n<meta name=\"twitter:site\" content=\"@CollegeRomand\" \/>\n<meta name=\"twitter:label1\" content=\"Dur\u00e9e de lecture estim\u00e9e\" \/>\n\t<meta name=\"twitter:data1\" content=\"1 minute\" \/>\n<script type=\"application\/ld+json\" class=\"yoast-schema-graph\">{\"@context\":\"https:\/\/schema.org\",\"@graph\":[{\"@type\":\"WebPage\",\"@id\":\"https:\/\/www.pnl.ch\/college-reconversion\/formations\/\",\"url\":\"https:\/\/www.pnl.ch\/college-reconversion\/formations\/\",\"name\":\"Formations sur la reconversion - Coll\u00e8ge Reconversion\",\"isPartOf\":{\"@id\":\"https:\/\/www.pnl.ch\/college-reconversion\/#website\"},\"primaryImageOfPage\":{\"@id\":\"https:\/\/www.pnl.ch\/college-reconversion\/formations\/#primaryimage\"},\"image\":{\"@id\":\"https:\/\/www.pnl.ch\/college-reconversion\/formations\/#primaryimage\"},\"thumbnailUrl\":\"https:\/\/www.pnl.ch\/college-reconversion\/wp-content\/uploads\/sites\/7\/2019\/10\/reussir-sa-reconversion.png\",\"datePublished\":\"2019-10-01T07:56:55+00:00\",\"dateModified\":\"2024-04-01T09:57:53+00:00\",\"description\":\"Les formations sur la reconversion ont \u00e9t\u00e9 cr\u00e9\u00e9es sp\u00e9cifiquement pour les coachs, th\u00e9rapeutes et consultants: un accompagnement pour devenir ind\u00e9pendant\",\"breadcrumb\":{\"@id\":\"https:\/\/www.pnl.ch\/college-reconversion\/formations\/#breadcrumb\"},\"inLanguage\":\"fr-FR\",\"potentialAction\":[{\"@type\":\"ReadAction\",\"target\":[\"https:\/\/www.pnl.ch\/college-reconversion\/formations\/\"]}]},{\"@type\":\"ImageObject\",\"inLanguage\":\"fr-FR\",\"@id\":\"https:\/\/www.pnl.ch\/college-reconversion\/formations\/#primaryimage\",\"url\":\"https:\/\/www.pnl.ch\/college-reconversion\/wp-content\/uploads\/sites\/7\/2019\/10\/reussir-sa-reconversion.png\",\"contentUrl\":\"https:\/\/www.pnl.ch\/college-reconversion\/wp-content\/uploads\/sites\/7\/2019\/10\/reussir-sa-reconversion.png\",\"width\":300,\"height\":300,\"caption\":\"R\u00e9ussir sa reconversion\"},{\"@type\":\"BreadcrumbList\",\"@id\":\"https:\/\/www.pnl.ch\/college-reconversion\/formations\/#breadcrumb\",\"itemListElement\":[{\"@type\":\"ListItem\",\"position\":1,\"name\":\"Accueil\",\"item\":\"https:\/\/www.pnl.ch\/college-reconversion\/\"},{\"@type\":\"ListItem\",\"position\":2,\"name\":\"Formations\"}]},{\"@type\":\"WebSite\",\"@id\":\"https:\/\/www.pnl.ch\/college-reconversion\/#website\",\"url\":\"https:\/\/www.pnl.ch\/college-reconversion\/\",\"name\":\"Coll\u00e8ge Reconversion\",\"description\":\"Tout pour r\u00e9ussir sa Reconversion\",\"publisher\":{\"@id\":\"https:\/\/www.pnl.ch\/college-reconversion\/#organization\"},\"potentialAction\":[{\"@type\":\"SearchAction\",\"target\":{\"@type\":\"EntryPoint\",\"urlTemplate\":\"https:\/\/www.pnl.ch\/college-reconversion\/?s={search_term_string}\"},\"query-input\":{\"@type\":\"PropertyValueSpecification\",\"valueRequired\":true,\"valueName\":\"search_term_string\"}}],\"inLanguage\":\"fr-FR\"},{\"@type\":\"Organization\",\"@id\":\"https:\/\/www.pnl.ch\/college-reconversion\/#organization\",\"name\":\"Coll\u00e8ge Romand Centre de formation d'adultes S\u00e0rl\",\"url\":\"https:\/\/www.pnl.ch\/college-reconversion\/\",\"logo\":{\"@type\":\"ImageObject\",\"inLanguage\":\"fr-FR\",\"@id\":\"https:\/\/www.pnl.ch\/college-reconversion\/#\/schema\/logo\/image\/\",\"url\":\"\",\"contentUrl\":\"\",\"caption\":\"Coll\u00e8ge Romand Centre de formation d'adultes S\u00e0rl\"},\"image\":{\"@id\":\"https:\/\/www.pnl.ch\/college-reconversion\/#\/schema\/logo\/image\/\"},\"sameAs\":[\"https:\/\/www.facebook.com\/college.romand\/\",\"https:\/\/x.com\/CollegeRomand\",\"https:\/\/fr.linkedin.com\/company\/coll-ge-romand-de-pnl\",\"https:\/\/www.linkedin.com\/school\/college-romand\/\",\"https:\/\/www.instagram.com\/collegeromand\/\"]}]}<\/script>\n<!-- \/ Yoast SEO Premium plugin. -->","yoast_head_json":{"title":"Formations sur la reconversion - Coll\u00e8ge Reconversion","description":"Les formations sur la reconversion ont \u00e9t\u00e9 cr\u00e9\u00e9es sp\u00e9cifiquement pour les coachs, th\u00e9rapeutes et consultants: un accompagnement pour devenir ind\u00e9pendant","robots":{"index":"index","follow":"follow","max-snippet":"max-snippet:-1","max-image-preview":"max-image-preview:large","max-video-preview":"max-video-preview:-1"},"canonical":"https:\/\/www.pnl.ch\/college-reconversion\/formations\/","og_locale":"fr_FR","og_type":"article","og_title":"Formations sur la reconversion","og_description":"Les formations sur la reconversion ont \u00e9t\u00e9 cr\u00e9\u00e9es sp\u00e9cifiquement pour les coachs, th\u00e9rapeutes et consultants: un accompagnement pour devenir ind\u00e9pendant","og_url":"https:\/\/www.pnl.ch\/college-reconversion\/formations\/","og_site_name":"Coll\u00e8ge Reconversion","article_publisher":"https:\/\/www.facebook.com\/college.romand\/","article_modified_time":"2024-04-01T09:57:53+00:00","og_image":[{"width":1200,"height":675,"url":"https:\/\/www.pnl.ch\/college-reconversion\/wp-content\/uploads\/sites\/7\/2024\/04\/reussir-sa-reconversion-jpg.webp","type":"image\/jpeg"}],"twitter_card":"summary_large_image","twitter_title":"Formations sur la reconversion","twitter_description":"Les formations sur la reconversion ont \u00e9t\u00e9 cr\u00e9\u00e9es sp\u00e9cifiquement pour les coachs, th\u00e9rapeutes et consultants: un accompagnement pour devenir ind\u00e9pendant","twitter_site":"@CollegeRomand","twitter_misc":{"Dur\u00e9e de lecture estim\u00e9e":"1 minute"},"schema":{"@context":"https:\/\/schema.org","@graph":[{"@type":"WebPage","@id":"https:\/\/www.pnl.ch\/college-reconversion\/formations\/","url":"https:\/\/www.pnl.ch\/college-reconversion\/formations\/","name":"Formations sur la reconversion - Coll\u00e8ge Reconversion","isPartOf":{"@id":"https:\/\/www.pnl.ch\/college-reconversion\/#website"},"primaryImageOfPage":{"@id":"https:\/\/www.pnl.ch\/college-reconversion\/formations\/#primaryimage"},"image":{"@id":"https:\/\/www.pnl.ch\/college-reconversion\/formations\/#primaryimage"},"thumbnailUrl":"https:\/\/www.pnl.ch\/college-reconversion\/wp-content\/uploads\/sites\/7\/2019\/10\/reussir-sa-reconversion.png","datePublished":"2019-10-01T07:56:55+00:00","dateModified":"2024-04-01T09:57:53+00:00","description":"Les formations sur la reconversion ont \u00e9t\u00e9 cr\u00e9\u00e9es sp\u00e9cifiquement pour les coachs, th\u00e9rapeutes et consultants: un accompagnement pour devenir ind\u00e9pendant","breadcrumb":{"@id":"https:\/\/www.pnl.ch\/college-reconversion\/formations\/#breadcrumb"},"inLanguage":"fr-FR","potentialAction":[{"@type":"ReadAction","target":["https:\/\/www.pnl.ch\/college-reconversion\/formations\/"]}]},{"@type":"ImageObject","inLanguage":"fr-FR","@id":"https:\/\/www.pnl.ch\/college-reconversion\/formations\/#primaryimage","url":"https:\/\/www.pnl.ch\/college-reconversion\/wp-content\/uploads\/sites\/7\/2019\/10\/reussir-sa-reconversion.png","contentUrl":"https:\/\/www.pnl.ch\/college-reconversion\/wp-content\/uploads\/sites\/7\/2019\/10\/reussir-sa-reconversion.png","width":300,"height":300,"caption":"R\u00e9ussir sa reconversion"},{"@type":"BreadcrumbList","@id":"https:\/\/www.pnl.ch\/college-reconversion\/formations\/#breadcrumb","itemListElement":[{"@type":"ListItem","position":1,"name":"Accueil","item":"https:\/\/www.pnl.ch\/college-reconversion\/"},{"@type":"ListItem","position":2,"name":"Formations"}]},{"@type":"WebSite","@id":"https:\/\/www.pnl.ch\/college-reconversion\/#website","url":"https:\/\/www.pnl.ch\/college-reconversion\/","name":"Coll\u00e8ge Reconversion","description":"Tout pour r\u00e9ussir sa Reconversion","publisher":{"@id":"https:\/\/www.pnl.ch\/college-reconversion\/#organization"},"potentialAction":[{"@type":"SearchAction","target":{"@type":"EntryPoint","urlTemplate":"https:\/\/www.pnl.ch\/college-reconversion\/?s={search_term_string}"},"query-input":{"@type":"PropertyValueSpecification","valueRequired":true,"valueName":"search_term_string"}}],"inLanguage":"fr-FR"},{"@type":"Organization","@id":"https:\/\/www.pnl.ch\/college-reconversion\/#organization","name":"Coll\u00e8ge Romand Centre de formation d'adultes S\u00e0rl","url":"https:\/\/www.pnl.ch\/college-reconversion\/","logo":{"@type":"ImageObject","inLanguage":"fr-FR","@id":"https:\/\/www.pnl.ch\/college-reconversion\/#\/schema\/logo\/image\/","url":"","contentUrl":"","caption":"Coll\u00e8ge Romand Centre de formation d'adultes S\u00e0rl"},"image":{"@id":"https:\/\/www.pnl.ch\/college-reconversion\/#\/schema\/logo\/image\/"},"sameAs":["https:\/\/www.facebook.com\/college.romand\/","https:\/\/x.com\/CollegeRomand","https:\/\/fr.linkedin.com\/company\/coll-ge-romand-de-pnl","https:\/\/www.linkedin.com\/school\/college-romand\/","https:\/\/www.instagram.com\/collegeromand\/"]}]}},"_links":{"self":[{"href":"https:\/\/www.pnl.ch\/college-reconversion\/wp-json\/wp\/v2\/pages\/124","targetHints":{"allow":["GET"]}}],"collection":[{"href":"https:\/\/www.pnl.ch\/college-reconversion\/wp-json\/wp\/v2\/pages"}],"about":[{"href":"https:\/\/www.pnl.ch\/college-reconversion\/wp-json\/wp\/v2\/types\/page"}],"author":[{"embeddable":true,"href":"https:\/\/www.pnl.ch\/college-reconversion\/wp-json\/wp\/v2\/users\/1"}],"replies":[{"embeddable":true,"href":"https:\/\/www.pnl.ch\/college-reconversion\/wp-json\/wp\/v2\/comments?post=124"}],"version-history":[{"count":2,"href":"https:\/\/www.pnl.ch\/college-reconversion\/wp-json\/wp\/v2\/pages\/124\/revisions"}],"predecessor-version":[{"id":137,"href":"https:\/\/www.pnl.ch\/college-reconversion\/wp-json\/wp\/v2\/pages\/124\/revisions\/137"}],"wp:featuredmedia":[{"embeddable":true,"href":"https:\/\/www.pnl.ch\/college-reconversion\/wp-json\/wp\/v2\/media\/135"}],"wp:attachment":[{"href":"https:\/\/www.pnl.ch\/college-reconversion\/wp-json\/wp\/v2\/media?parent=124"}],"curies":[{"name":"wp","href":"https:\/\/api.w.org\/{rel}","templated":true}]}}