{"id":616,"date":"2024-03-10T21:38:58","date_gmt":"2024-03-10T20:38:58","guid":{"rendered":"https:\/\/www.pnl.ch\/college-reconversion\/?page_id=616"},"modified":"2024-03-10T21:52:14","modified_gmt":"2024-03-10T20:52:14","slug":"articles-exclusifs-reconversion","status":"publish","type":"page","link":"https:\/\/www.pnl.ch\/college-reconversion\/articles-exclusifs-reconversion\/","title":{"rendered":"Articles exclusifs sur la reconversion"},"content":{"rendered":"<div class=\"wpb-content-wrapper\"><p>[vc_row][vc_column width=\u00a0\u00bb1\/3&Prime; css=\u00a0\u00bb.vc_custom_1640347012030{margin-right: 50px !important;padding-right: 50px !important;}\u00a0\u00bb][vc_single_image image=\u00a0\u00bb629&Prime; img_size=\u00a0\u00bbfull\u00a0\u00bb css_animation=\u00a0\u00bbzoomIn\u00a0\u00bb][\/vc_column][vc_column width=\u00a0\u00bb2\/3&Prime;][vc_column_text]<\/p>\n<h2 style=\"margin-top: 0; color: #000;\">Bienvenue\u202f! \u00cates-vous pr\u00eat\u00b7e \u00e0 franchir une nouvelle \u00e9tape dans votre parcours professionnel\u202f?<\/h2>\n<h2 style=\"margin-top: 0; color: #000;\">D\u00e9couvrez nos articles exclusifs sur la reconversion, sp\u00e9cialement con\u00e7us pour ceux et celles qui aspirent \u00e0 devenir coachs, consultants ou th\u00e9rapeutes.<\/h2>\n<h2 style=\"margin-top: 0; color: #000;\">Cliquez ci-dessous pour recevoir ces ressources uniques et prendre le premier pas vers une nouvelle carri\u00e8re enrichissante.<\/h2>\n<p>[\/vc_column_text][vc_column_text]<\/p>\n<form action=\"https:\/\/crpnl.ch\/index.php\" method=\"post\">\n<table class=\"acymailing_form_white\" style=\"background-color: #fff !important;\">\n<tbody>\n<tr>\n<td style=\"width: 50%;\"><input id=\"user_name\" style=\"width: 100%; border-color: #999; color: #555; background-color: #efefef;\" name=\"user[name]\" type=\"text\" value=\"\" placeholder=\"Pr\u00e9nom\" \/><\/td>\n<td style=\"width: 50%;\"><input id=\"user_email\" style=\"width: 100%; border-color: #999; color: #555; background-color: #efefef;\" name=\"user[email]\" type=\"text\" value=\"\" placeholder=\"Adresse e-mail\" \/><\/td>\n<\/tr>\n<tr>\n<td style=\"align: center;\" colspan=\"2\"><input class=\"dt-btn\" style=\"font-size: 18px; font-weight: bold; height: 60px; width: 100%; padding-bottom: 10px; padding-top: 10px; margin-bottom: 0;\" name=\"Submit\" type=\"submit\" value=\"Je veux recevoir les articles exclusifs\" \/><\/p>\n<p style=\"font-size: 11px; text-align: center; text-decoration: underline; padding-top: 0; margin-top: 0;\"><a href=\"https:\/\/www.pnl.ch\/confidentialite-politique-protection-donnees\/\" target=\"_blank\" rel=\"noopener noreferrer\">Politique de protection des donn\u00e9es<\/a><\/p>\n<\/td>\n<\/tr>\n<\/tbody>\n<\/table>\n<p><input name=\"subscription[]\" type=\"hidden\" value=\"1\" \/><br \/>\n<input name=\"subscription[]\" type=\"hidden\" value=\"36\" \/><br \/>\n<input name=\"ctrl\" type=\"hidden\" value=\"frontusers\" \/><input name=\"task\" type=\"hidden\" value=\"subscribe\" \/><input name=\"redirect\" type=\"hidden\" value=\"https:\/\/www.pnl.ch\/merci-de-confirmer\" \/><input name=\"option\" type=\"hidden\" value=\"com_acym\" \/><input name=\"seckey\" type=\"hidden\" value=\"sCXY6zO4LqWgeLb9zl9JsD0RrZSe2m\" \/><\/p>\n<\/form>\n<p>[\/vc_column_text][vc_column_text]Plongez dans un univers de possibilit\u00e9s avec nos <strong>articles exclusifs sur la reconversion professionnelle<\/strong>. Que vous envisagiez de devenir coach, consultant\u00b7e ou th\u00e9rapeute, nos ressources vous offrent un guide pr\u00e9cieux pour naviguer dans ce processus de transformation.<\/p>\n<p>D\u00e9couvrez des <strong>conseils pratiques, des t\u00e9moignages inspirants et des strat\u00e9gies \u00e9prouv\u00e9es<\/strong> pour r\u00e9ussir votre transition vers votre nouvelle carri\u00e8re. Nos articles vous fourniront les outils n\u00e9cessaires pour identifier vos talents, d\u00e9finir votre niche et \u00e9tablir une base solide pour votre activit\u00e9.<\/p>\n<p>Recevoir nos articles exclusifs, c&rsquo;est acc\u00e9der \u00e0 un savoir-faire inestimable dans le domaine de la reconversion professionnelle. Ne manquez pas cette opportunit\u00e9 de vous former, de vous inspirer et de vous pr\u00e9parer \u00e0 accomplir vos ambitions professionnelles. Inscrivez-vous d\u00e8s maintenant pour recevoir ces ressources exclusives et <strong>commencez votre voyage vers une nouvelle vie professionnelle \u00e9panouissante<\/strong>.[\/vc_column_text][vc_column_text]<\/p>\n<form action=\"https:\/\/crpnl.ch\/index.php\" method=\"post\">\n<table class=\"acymailing_form_white\" style=\"background-color: #fff !important;\">\n<tbody>\n<tr>\n<td style=\"width: 50%;\"><input id=\"user_name\" style=\"width: 100%; border-color: #999; color: #555; background-color: #efefef;\" name=\"user[name]\" type=\"text\" value=\"\" placeholder=\"Pr\u00e9nom\" \/><\/td>\n<td style=\"width: 50%;\"><input id=\"user_email\" style=\"width: 100%; border-color: #999; color: #555; background-color: #efefef;\" name=\"user[email]\" type=\"text\" value=\"\" placeholder=\"Adresse e-mail\" \/><\/td>\n<\/tr>\n<tr>\n<td style=\"align: center;\" colspan=\"2\"><input class=\"dt-btn\" style=\"font-size: 18px; font-weight: bold; height: 60px; width: 100%; padding-bottom: 10px; padding-top: 10px; margin-bottom: 0;\" name=\"Submit\" type=\"submit\" value=\"Je veux recevoir les articles exclusifs\" \/><\/p>\n<p style=\"font-size: 11px; text-align: center; text-decoration: underline; padding-top: 0; margin-top: 0;\"><a href=\"https:\/\/www.pnl.ch\/confidentialite-politique-protection-donnees\/\" target=\"_blank\" rel=\"noopener noreferrer\">Politique de protection des donn\u00e9es<\/a><\/p>\n<\/td>\n<\/tr>\n<\/tbody>\n<\/table>\n<p><input name=\"subscription[]\" type=\"hidden\" value=\"1\" \/><br \/>\n<input name=\"subscription[]\" type=\"hidden\" value=\"36\" \/><br \/>\n<input name=\"ctrl\" type=\"hidden\" value=\"frontusers\" \/><input name=\"task\" type=\"hidden\" value=\"subscribe\" \/><input name=\"redirect\" type=\"hidden\" value=\"https:\/\/www.pnl.ch\/merci-de-confirmer\" \/><input name=\"option\" type=\"hidden\" value=\"com_acym\" \/><input name=\"seckey\" type=\"hidden\" value=\"sCXY6zO4LqWgeLb9zl9JsD0RrZSe2m\" \/><\/p>\n<\/form>\n<p>[\/vc_column_text][\/vc_column][\/vc_row]<\/p>\n<\/div>","protected":false},"excerpt":{"rendered":"<p>[vc_row][vc_column width=\u00a0\u00bb1\/3&Prime; css=\u00a0\u00bb.vc_custom_1640347012030{margin-right: 50px !important;padding-right: 50px !important;}\u00a0\u00bb][vc_single_image image=\u00a0\u00bb629&Prime; img_size=\u00a0\u00bbfull\u00a0\u00bb css_animation=\u00a0\u00bbzoomIn\u00a0\u00bb][\/vc_column][vc_column width=\u00a0\u00bb2\/3&Prime;][vc_column_text] Bienvenue\u202f! \u00cates-vous pr\u00eat\u00b7e \u00e0 franchir une nouvelle \u00e9tape dans votre parcours professionnel\u202f? D\u00e9couvrez nos articles exclusifs sur la reconversion, sp\u00e9cialement con\u00e7us pour ceux et celles qui aspirent \u00e0 devenir coachs, consultants ou th\u00e9rapeutes. Cliquez ci-dessous pour recevoir ces ressources uniques et prendre le premier&hellip;<\/p>\n","protected":false},"author":1,"featured_media":629,"parent":0,"menu_order":7,"comment_status":"closed","ping_status":"closed","template":"","meta":{"_acf_changed":false,"footnotes":""},"class_list":["post-616","page","type-page","status-publish","has-post-thumbnail","hentry","description-off"],"acf":[],"yoast_head":"<!-- This site is optimized with the Yoast SEO Premium plugin v27.4 (Yoast SEO v27.4) - https:\/\/yoast.com\/product\/yoast-seo-premium-wordpress\/ -->\n<title>Articles exclusifs sur la reconversion - Coll\u00e8ge Reconversion<\/title>\n<meta name=\"description\" content=\"Pr\u00eat\u00b7e \u00e0 franchir une nouvelle \u00e9tape dans votre parcours professionnel\u202f? D\u00e9couvrez nos articles con\u00e7us pour les futurs coachs et th\u00e9rapeutes.\" \/>\n<meta name=\"robots\" content=\"index, nofollow, max-snippet:-1, max-image-preview:large, max-video-preview:-1\" \/>\n<link rel=\"canonical\" href=\"https:\/\/www.pnl.ch\/college-reconversion\/articles-exclusifs-reconversion\/\" \/>\n<meta property=\"og:locale\" content=\"fr_FR\" \/>\n<meta property=\"og:type\" content=\"article\" \/>\n<meta property=\"og:title\" content=\"Articles exclusifs sur la reconversion\" \/>\n<meta property=\"og:description\" content=\"Pr\u00eat\u00b7e \u00e0 franchir une nouvelle \u00e9tape dans votre parcours professionnel\u202f? D\u00e9couvrez nos articles con\u00e7us pour les futurs coachs et th\u00e9rapeutes.\" \/>\n<meta property=\"og:url\" content=\"https:\/\/www.pnl.ch\/college-reconversion\/articles-exclusifs-reconversion\/\" \/>\n<meta property=\"og:site_name\" content=\"Coll\u00e8ge Reconversion\" \/>\n<meta property=\"article:publisher\" content=\"https:\/\/www.facebook.com\/college.romand\/\" \/>\n<meta property=\"article:modified_time\" content=\"2024-03-10T20:52:14+00:00\" \/>\n<meta property=\"og:image\" content=\"https:\/\/www.pnl.ch\/college-reconversion\/wp-content\/uploads\/sites\/7\/2024\/03\/relation-aide-jpg.webp\" \/>\n\t<meta property=\"og:image:width\" content=\"800\" \/>\n\t<meta property=\"og:image:height\" content=\"400\" \/>\n\t<meta property=\"og:image:type\" content=\"image\/jpeg\" \/>\n<meta name=\"twitter:card\" content=\"summary_large_image\" \/>\n<meta name=\"twitter:description\" content=\"Pr\u00eat\u00b7e \u00e0 franchir une nouvelle \u00e9tape dans votre parcours professionnel\u202f? D\u00e9couvrez nos articles con\u00e7us pour les futurs coachs et th\u00e9rapeutes.\" \/>\n<meta name=\"twitter:image\" content=\"https:\/\/www.pnl.ch\/college-reconversion\/wp-content\/uploads\/sites\/7\/2024\/03\/relation-aide-jpg.webp\" \/>\n<meta name=\"twitter:site\" content=\"@CollegeRomand\" \/>\n<meta name=\"twitter:label1\" content=\"Dur\u00e9e de lecture estim\u00e9e\" \/>\n\t<meta name=\"twitter:data1\" content=\"2 minutes\" \/>\n<script type=\"application\/ld+json\" class=\"yoast-schema-graph\">{\"@context\":\"https:\\\/\\\/schema.org\",\"@graph\":[{\"@type\":\"WebPage\",\"@id\":\"https:\\\/\\\/www.pnl.ch\\\/college-reconversion\\\/articles-exclusifs-reconversion\\\/\",\"url\":\"https:\\\/\\\/www.pnl.ch\\\/college-reconversion\\\/articles-exclusifs-reconversion\\\/\",\"name\":\"Articles exclusifs sur la reconversion - Coll\u00e8ge Reconversion\",\"isPartOf\":{\"@id\":\"https:\\\/\\\/www.pnl.ch\\\/college-reconversion\\\/#website\"},\"primaryImageOfPage\":{\"@id\":\"https:\\\/\\\/www.pnl.ch\\\/college-reconversion\\\/articles-exclusifs-reconversion\\\/#primaryimage\"},\"image\":{\"@id\":\"https:\\\/\\\/www.pnl.ch\\\/college-reconversion\\\/articles-exclusifs-reconversion\\\/#primaryimage\"},\"thumbnailUrl\":\"https:\\\/\\\/www.pnl.ch\\\/college-reconversion\\\/wp-content\\\/uploads\\\/sites\\\/7\\\/2024\\\/03\\\/relation-aide-300x300-1-jpg.webp\",\"datePublished\":\"2024-03-10T20:38:58+00:00\",\"dateModified\":\"2024-03-10T20:52:14+00:00\",\"description\":\"Pr\u00eat\u00b7e \u00e0 franchir une nouvelle \u00e9tape dans votre parcours professionnel\u202f? D\u00e9couvrez nos articles con\u00e7us pour les futurs coachs et th\u00e9rapeutes.\",\"breadcrumb\":{\"@id\":\"https:\\\/\\\/www.pnl.ch\\\/college-reconversion\\\/articles-exclusifs-reconversion\\\/#breadcrumb\"},\"inLanguage\":\"fr-FR\",\"potentialAction\":[{\"@type\":\"ReadAction\",\"target\":[\"https:\\\/\\\/www.pnl.ch\\\/college-reconversion\\\/articles-exclusifs-reconversion\\\/\"]}]},{\"@type\":\"ImageObject\",\"inLanguage\":\"fr-FR\",\"@id\":\"https:\\\/\\\/www.pnl.ch\\\/college-reconversion\\\/articles-exclusifs-reconversion\\\/#primaryimage\",\"url\":\"https:\\\/\\\/www.pnl.ch\\\/college-reconversion\\\/wp-content\\\/uploads\\\/sites\\\/7\\\/2024\\\/03\\\/relation-aide-300x300-1-jpg.webp\",\"contentUrl\":\"https:\\\/\\\/www.pnl.ch\\\/college-reconversion\\\/wp-content\\\/uploads\\\/sites\\\/7\\\/2024\\\/03\\\/relation-aide-300x300-1-jpg.webp\",\"width\":300,\"height\":300},{\"@type\":\"BreadcrumbList\",\"@id\":\"https:\\\/\\\/www.pnl.ch\\\/college-reconversion\\\/articles-exclusifs-reconversion\\\/#breadcrumb\",\"itemListElement\":[{\"@type\":\"ListItem\",\"position\":1,\"name\":\"Accueil\",\"item\":\"https:\\\/\\\/www.pnl.ch\\\/college-reconversion\\\/\"},{\"@type\":\"ListItem\",\"position\":2,\"name\":\"Articles exclusifs sur la reconversion\"}]},{\"@type\":\"WebSite\",\"@id\":\"https:\\\/\\\/www.pnl.ch\\\/college-reconversion\\\/#website\",\"url\":\"https:\\\/\\\/www.pnl.ch\\\/college-reconversion\\\/\",\"name\":\"Coll\u00e8ge Reconversion\",\"description\":\"Tout pour r\u00e9ussir sa Reconversion\",\"publisher\":{\"@id\":\"https:\\\/\\\/www.pnl.ch\\\/college-reconversion\\\/#organization\"},\"potentialAction\":[{\"@type\":\"SearchAction\",\"target\":{\"@type\":\"EntryPoint\",\"urlTemplate\":\"https:\\\/\\\/www.pnl.ch\\\/college-reconversion\\\/?s={search_term_string}\"},\"query-input\":{\"@type\":\"PropertyValueSpecification\",\"valueRequired\":true,\"valueName\":\"search_term_string\"}}],\"inLanguage\":\"fr-FR\"},{\"@type\":\"Organization\",\"@id\":\"https:\\\/\\\/www.pnl.ch\\\/college-reconversion\\\/#organization\",\"name\":\"Coll\u00e8ge Romand Centre de formation d'adultes S\u00e0rl\",\"url\":\"https:\\\/\\\/www.pnl.ch\\\/college-reconversion\\\/\",\"logo\":{\"@type\":\"ImageObject\",\"inLanguage\":\"fr-FR\",\"@id\":\"https:\\\/\\\/www.pnl.ch\\\/college-reconversion\\\/#\\\/schema\\\/logo\\\/image\\\/\",\"url\":\"\",\"contentUrl\":\"\",\"caption\":\"Coll\u00e8ge Romand Centre de formation d'adultes S\u00e0rl\"},\"image\":{\"@id\":\"https:\\\/\\\/www.pnl.ch\\\/college-reconversion\\\/#\\\/schema\\\/logo\\\/image\\\/\"},\"sameAs\":[\"https:\\\/\\\/www.facebook.com\\\/college.romand\\\/\",\"https:\\\/\\\/x.com\\\/CollegeRomand\",\"https:\\\/\\\/fr.linkedin.com\\\/company\\\/coll-ge-romand-de-pnl\",\"https:\\\/\\\/www.linkedin.com\\\/school\\\/college-romand\\\/\",\"https:\\\/\\\/www.instagram.com\\\/collegeromand\\\/\"]}]}<\/script>\n<!-- \/ Yoast SEO Premium plugin. -->","yoast_head_json":{"title":"Articles exclusifs sur la reconversion - Coll\u00e8ge Reconversion","description":"Pr\u00eat\u00b7e \u00e0 franchir une nouvelle \u00e9tape dans votre parcours professionnel\u202f? D\u00e9couvrez nos articles con\u00e7us pour les futurs coachs et th\u00e9rapeutes.","robots":{"index":"index","follow":"nofollow","max-snippet":"max-snippet:-1","max-image-preview":"max-image-preview:large","max-video-preview":"max-video-preview:-1"},"canonical":"https:\/\/www.pnl.ch\/college-reconversion\/articles-exclusifs-reconversion\/","og_locale":"fr_FR","og_type":"article","og_title":"Articles exclusifs sur la reconversion","og_description":"Pr\u00eat\u00b7e \u00e0 franchir une nouvelle \u00e9tape dans votre parcours professionnel\u202f? D\u00e9couvrez nos articles con\u00e7us pour les futurs coachs et th\u00e9rapeutes.","og_url":"https:\/\/www.pnl.ch\/college-reconversion\/articles-exclusifs-reconversion\/","og_site_name":"Coll\u00e8ge Reconversion","article_publisher":"https:\/\/www.facebook.com\/college.romand\/","article_modified_time":"2024-03-10T20:52:14+00:00","og_image":[{"width":800,"height":400,"url":"https:\/\/www.pnl.ch\/college-reconversion\/wp-content\/uploads\/sites\/7\/2024\/03\/relation-aide-jpg.webp","type":"image\/jpeg"}],"twitter_card":"summary_large_image","twitter_description":"Pr\u00eat\u00b7e \u00e0 franchir une nouvelle \u00e9tape dans votre parcours professionnel\u202f? D\u00e9couvrez nos articles con\u00e7us pour les futurs coachs et th\u00e9rapeutes.","twitter_image":"https:\/\/www.pnl.ch\/college-reconversion\/wp-content\/uploads\/sites\/7\/2024\/03\/relation-aide-jpg.webp","twitter_site":"@CollegeRomand","twitter_misc":{"Dur\u00e9e de lecture estim\u00e9e":"2 minutes"},"schema":{"@context":"https:\/\/schema.org","@graph":[{"@type":"WebPage","@id":"https:\/\/www.pnl.ch\/college-reconversion\/articles-exclusifs-reconversion\/","url":"https:\/\/www.pnl.ch\/college-reconversion\/articles-exclusifs-reconversion\/","name":"Articles exclusifs sur la reconversion - Coll\u00e8ge Reconversion","isPartOf":{"@id":"https:\/\/www.pnl.ch\/college-reconversion\/#website"},"primaryImageOfPage":{"@id":"https:\/\/www.pnl.ch\/college-reconversion\/articles-exclusifs-reconversion\/#primaryimage"},"image":{"@id":"https:\/\/www.pnl.ch\/college-reconversion\/articles-exclusifs-reconversion\/#primaryimage"},"thumbnailUrl":"https:\/\/www.pnl.ch\/college-reconversion\/wp-content\/uploads\/sites\/7\/2024\/03\/relation-aide-300x300-1-jpg.webp","datePublished":"2024-03-10T20:38:58+00:00","dateModified":"2024-03-10T20:52:14+00:00","description":"Pr\u00eat\u00b7e \u00e0 franchir une nouvelle \u00e9tape dans votre parcours professionnel\u202f? D\u00e9couvrez nos articles con\u00e7us pour les futurs coachs et th\u00e9rapeutes.","breadcrumb":{"@id":"https:\/\/www.pnl.ch\/college-reconversion\/articles-exclusifs-reconversion\/#breadcrumb"},"inLanguage":"fr-FR","potentialAction":[{"@type":"ReadAction","target":["https:\/\/www.pnl.ch\/college-reconversion\/articles-exclusifs-reconversion\/"]}]},{"@type":"ImageObject","inLanguage":"fr-FR","@id":"https:\/\/www.pnl.ch\/college-reconversion\/articles-exclusifs-reconversion\/#primaryimage","url":"https:\/\/www.pnl.ch\/college-reconversion\/wp-content\/uploads\/sites\/7\/2024\/03\/relation-aide-300x300-1-jpg.webp","contentUrl":"https:\/\/www.pnl.ch\/college-reconversion\/wp-content\/uploads\/sites\/7\/2024\/03\/relation-aide-300x300-1-jpg.webp","width":300,"height":300},{"@type":"BreadcrumbList","@id":"https:\/\/www.pnl.ch\/college-reconversion\/articles-exclusifs-reconversion\/#breadcrumb","itemListElement":[{"@type":"ListItem","position":1,"name":"Accueil","item":"https:\/\/www.pnl.ch\/college-reconversion\/"},{"@type":"ListItem","position":2,"name":"Articles exclusifs sur la reconversion"}]},{"@type":"WebSite","@id":"https:\/\/www.pnl.ch\/college-reconversion\/#website","url":"https:\/\/www.pnl.ch\/college-reconversion\/","name":"Coll\u00e8ge Reconversion","description":"Tout pour r\u00e9ussir sa Reconversion","publisher":{"@id":"https:\/\/www.pnl.ch\/college-reconversion\/#organization"},"potentialAction":[{"@type":"SearchAction","target":{"@type":"EntryPoint","urlTemplate":"https:\/\/www.pnl.ch\/college-reconversion\/?s={search_term_string}"},"query-input":{"@type":"PropertyValueSpecification","valueRequired":true,"valueName":"search_term_string"}}],"inLanguage":"fr-FR"},{"@type":"Organization","@id":"https:\/\/www.pnl.ch\/college-reconversion\/#organization","name":"Coll\u00e8ge Romand Centre de formation d'adultes S\u00e0rl","url":"https:\/\/www.pnl.ch\/college-reconversion\/","logo":{"@type":"ImageObject","inLanguage":"fr-FR","@id":"https:\/\/www.pnl.ch\/college-reconversion\/#\/schema\/logo\/image\/","url":"","contentUrl":"","caption":"Coll\u00e8ge Romand Centre de formation d'adultes S\u00e0rl"},"image":{"@id":"https:\/\/www.pnl.ch\/college-reconversion\/#\/schema\/logo\/image\/"},"sameAs":["https:\/\/www.facebook.com\/college.romand\/","https:\/\/x.com\/CollegeRomand","https:\/\/fr.linkedin.com\/company\/coll-ge-romand-de-pnl","https:\/\/www.linkedin.com\/school\/college-romand\/","https:\/\/www.instagram.com\/collegeromand\/"]}]}},"_links":{"self":[{"href":"https:\/\/www.pnl.ch\/college-reconversion\/wp-json\/wp\/v2\/pages\/616","targetHints":{"allow":["GET"]}}],"collection":[{"href":"https:\/\/www.pnl.ch\/college-reconversion\/wp-json\/wp\/v2\/pages"}],"about":[{"href":"https:\/\/www.pnl.ch\/college-reconversion\/wp-json\/wp\/v2\/types\/page"}],"author":[{"embeddable":true,"href":"https:\/\/www.pnl.ch\/college-reconversion\/wp-json\/wp\/v2\/users\/1"}],"replies":[{"embeddable":true,"href":"https:\/\/www.pnl.ch\/college-reconversion\/wp-json\/wp\/v2\/comments?post=616"}],"version-history":[{"count":8,"href":"https:\/\/www.pnl.ch\/college-reconversion\/wp-json\/wp\/v2\/pages\/616\/revisions"}],"predecessor-version":[{"id":633,"href":"https:\/\/www.pnl.ch\/college-reconversion\/wp-json\/wp\/v2\/pages\/616\/revisions\/633"}],"wp:featuredmedia":[{"embeddable":true,"href":"https:\/\/www.pnl.ch\/college-reconversion\/wp-json\/wp\/v2\/media\/629"}],"wp:attachment":[{"href":"https:\/\/www.pnl.ch\/college-reconversion\/wp-json\/wp\/v2\/media?parent=616"}],"curies":[{"name":"wp","href":"https:\/\/api.w.org\/{rel}","templated":true}]}}